66.249.72.205 - - [11/Aug/2026:09:43:48 -0400] "GET /?c=28772257190800 HTTP/1.1" 200 5043 "-" "Mozilla/5.0 (Linux; Android 6.0.1; Nexus 5X Build/MMB29P) AppleWebKit/537.36 (KHTML, like Gecko) Chrome/150.0.7871.186 Mobile Safari/537.36 (compatible; Googlebot/2.1; +http://www.google.com/bot.html)"
66.249.72.205 - - [11/Aug/2026:09:43:53 -0400] "GET /?c=3711795184005 HTTP/1.1" 200 5043 "-" "Mozilla/5.0 (Linux; Android 6.0.1; Nexus 5X Build/MMB29P) AppleWebKit/537.36 (KHTML, like Gecko) Chrome/150.0.7871.186 Mobile Safari/537.36 (compatible; Googlebot/2.1; +http://www.google.com/bot.html)"
57.141.0.49 - - [11/Aug/2026:09:43:57 -0400] "GET /?c=93514182113601 HTTP/1.1" 200 5043 "-" "Mozilla/5.0 (Windows NT 10.0; Win64; x64) AppleWebKit/537.36 (KHTML, like Gecko) Chrome/145.0.0.0 Safari/537.36 Edg/145.0.0.0 (compatible; meta-externalagent/1.1 (+https://developers.facebook.com/docs/sharing/webmasters/crawler))"
216.73.216.72 - - [11/Aug/2026:09:43:58 -0400] "GET /wp-admin__2a56d10/?d=install.php&q=%E0%A6%95home%E0%A6%95gemcoadmin%E0%A6%95public_html%E0%A6%95wp-admin__2a56d10 HTTP/1.1" 500 - "-" "Mozilla/5.0 AppleWebKit/537.36 (KHTML, like Gecko; compatible; ClaudeBot/1.0; +claudebot@anthropic.com)"
66.249.72.205 - - [11/Aug/2026:09:43:59 -0400] "GET /?c=8279550844600 HTTP/1.1" 200 5043 "-" "Mozilla/5.0 (Linux; Android 6.0.1; Nexus 5X Build/MMB29P) AppleWebKit/537.36 (KHTML, like Gecko) Chrome/150.0.7871.186 Mobile Safari/537.36 (compatible; Googlebot/2.1; +http://www.google.com/bot.html)"
216.73.216.72 - - [11/Aug/2026:09:44:03 -0400] "GET /wp-admin__2a56d10/?d=term.php&q=%E0%A6%95home%E0%A6%95gemcoadmin%E0%A6%95public_html%E0%A6%95wp-admin__2a56d10 HTTP/1.1" 500 - "-" "Mozilla/5.0 AppleWebKit/537.36 (KHTML, like Gecko; compatible; ClaudeBot/1.0; +claudebot@anthropic.com)"
66.249.72.205 - - [11/Aug/2026:09:44:04 -0400] "GET /?c=23715112132204 HTTP/1.1" 200 5043 "-" "Mozilla/5.0 (Linux; Android 6.0.1; Nexus 5X Build/MMB29P) AppleWebKit/537.36 (KHTML, like Gecko) Chrome/150.0.7871.186 Mobile Safari/537.36 (compatible; Googlebot/2.1; +http://www.google.com/bot.html)"
216.73.216.72 - - [11/Aug/2026:09:44:08 -0400] "GET /wp-admin__2a56d10/?chmod=moderation.php&q=%E0%A6%95home%E0%A6%95gemcoadmin%E0%A6%95public_html%E0%A6%95wp-admin__2a56d10 HTTP/1.1" 500 - "-" "Mozilla/5.0 AppleWebKit/537.36 (KHTML, like Gecko; compatible; ClaudeBot/1.0; +claudebot@anthropic.com)"
66.249.72.206 - - [11/Aug/2026:09:44:10 -0400] "GET /?c=81149181237602 HTTP/1.1" 200 5043 "-" "Mozilla/5.0 (Linux; Android 6.0.1; Nexus 5X Build/MMB29P) AppleWebKit/537.36 (KHTML, like Gecko) Chrome/150.0.7871.186 Mobile Safari/537.36 (compatible; Googlebot/2.1; +http://www.google.com/bot.html)"
57.141.0.15 - - [11/Aug/2026:09:44:13 -0400] "GET /?c=6718015932301 HTTP/1.1" 200 5043 "-" "Mozilla/5.0 (Windows NT 10.0; Win64; x64) AppleWebKit/537.36 (KHTML, like Gecko) Chrome/145.0.0.0 Safari/537.36 (compatible; meta-externalagent/1.1 (+https://developers.facebook.com/docs/sharing/webmasters/crawler))"
216.73.216.72 - - [11/Aug/2026:09:44:13 -0400] "GET /wp-admin__2a56d10/?q=%E0%A6%95home%E0%A6%95gemcoadmin%E0%A6%95public_html%E0%A6%95wp-admin__2a56d10&r=update.php HTTP/1.1" 500 - "-" "Mozilla/5.0 AppleWebKit/537.36 (KHTML, like Gecko; compatible; ClaudeBot/1.0; +claudebot@anthropic.com)"
66.249.72.205 - - [11/Aug/2026:09:44:16 -0400] "GET /?c=02796203892305 HTTP/1.1" 200 5043 "-" "Mozilla/5.0 (Linux; Android 6.0.1; Nexus 5X Build/MMB29P) AppleWebKit/537.36 (KHTML, like Gecko) Chrome/150.0.7871.186 Mobile Safari/537.36 (compatible; Googlebot/2.1; +http://www.google.com/bot.html)"
216.73.216.72 - - [11/Aug/2026:09:44:18 -0400] "GET /wp-admin__2a56d10/?d=ms-edit.php&q=%E0%A6%95home%E0%A6%95gemcoadmin%E0%A6%95public_html%E0%A6%95wp-admin__2a56d10 HTTP/1.1" 500 - "-" "Mozilla/5.0 AppleWebKit/537.36 (KHTML, like Gecko; compatible; ClaudeBot/1.0; +claudebot@anthropic.com)"
66.249.72.205 - - [11/Aug/2026:09:44:21 -0400] "GET /?c=5004263398903 HTTP/1.1" 200 5043 "-" "Mozilla/5.0 (Linux; Android 6.0.1; Nexus 5X Build/MMB29P) AppleWebKit/537.36 (KHTML, like Gecko) Chrome/150.0.7871.186 Mobile Safari/537.36 (compatible; Googlebot/2.1; +http://www.google.com/bot.html)"
216.73.216.72 - - [11/Aug/2026:09:44:23 -0400] "GET /wp-admin__2a56d10/?d=widgets-form-blocks.php&q=%E0%A6%95home%E0%A6%95gemcoadmin%E0%A6%95public_html%E0%A6%95wp-admin__2a56d10 HTTP/1.1" 500 - "-" "Mozilla/5.0 AppleWebKit/537.36 (KHTML, like Gecko; compatible; ClaudeBot/1.0; +claudebot@anthropic.com)"
66.249.72.205 - - [11/Aug/2026:09:44:23 -0400] "GET /?c=78340214164002 HTTP/1.1" 200 5043 "-" "Mozilla/5.0 (Linux; Android 6.0.1; Nexus 5X Build/MMB29P) AppleWebKit/537.36 (KHTML, like Gecko) Chrome/150.0.7871.186 Mobile Safari/537.36 (compatible; GoogleOther)"
57.141.0.1 - - [11/Aug/2026:09:44:26 -0400] "GET /?c=50910260769611 HTTP/1.1" 200 5043 "-" "Mozilla/5.0 (Windows NT 10.0; Win64; x64) AppleWebKit/537.36 (KHTML, like Gecko) Chrome/145.0.0.0 Safari/537.36 (compatible; meta-externalagent/1.1 (+https://developers.facebook.com/docs/sharing/webmasters/crawler))"
66.249.72.205 - - [11/Aug/2026:09:44:27 -0400] "GET /?c=79308219870507 HTTP/1.1" 200 5043 "-" "Mozilla/5.0 (Linux; Android 6.0.1; Nexus 5X Build/MMB29P) AppleWebKit/537.36 (KHTML, like Gecko) Chrome/150.0.7871.186 Mobile Safari/537.36 (compatible; Googlebot/2.1; +http://www.google.com/bot.html)"
216.73.216.72 - - [11/Aug/2026:09:44:28 -0400] "GET /wp-admin__2a56d10/?chmod=ms-delete-site.php&q=%E0%A6%95home%E0%A6%95gemcoadmin%E0%A6%95public_html%E0%A6%95wp-admin__2a56d10 HTTP/1.1" 500 - "-" "Mozilla/5.0 AppleWebKit/537.36 (KHTML, like Gecko; compatible; ClaudeBot/1.0; +claudebot@anthropic.com)"
216.73.216.72 - - [11/Aug/2026:09:44:33 -0400] "GET /wp-admin__2a56d10/?d=edit-form-advanced.php&q=%E0%A6%95home%E0%A6%95gemcoadmin%E0%A6%95public_html%E0%A6%95wp-admin__2a56d10 HTTP/1.1" 500 - "-" "Mozilla/5.0 AppleWebKit/537.36 (KHTML, like Gecko; compatible; ClaudeBot/1.0; +claudebot@anthropic.com)"
66.249.72.205 - - [11/Aug/2026:09:44:34 -0400] "GET /?c=22293190368002 HTTP/1.1" 200 5043 "-" "Mozilla/5.0 (Linux; Android 6.0.1; Nexus 5X Build/MMB29P) AppleWebKit/537.36 (KHTML, like Gecko) Chrome/150.0.7871.186 Mobile Safari/537.36 (compatible; Googlebot/2.1; +http://www.google.com/bot.html)"
57.141.0.65 - - [11/Aug/2026:09:44:37 -0400] "GET /?c=78647170369200 HTTP/1.1" 429 17 "-" "Mozilla/5.0 (Windows NT 10.0; Win64; x64) AppleWebKit/537.36 (KHTML, like Gecko) Chrome/145.0.0.0 Safari/537.36 (compatible; meta-externalagent/1.1 (+https://developers.facebook.com/docs/sharing/webmasters/crawler))"
216.73.216.72 - - [11/Aug/2026:09:44:38 -0400] "GET /wp-admin__2a56d10/?q=%E0%A6%95home%E0%A6%95gemcoadmin%E0%A6%95public_html%E0%A6%95wp-admin__2a56d10&r=site-editor.php HTTP/1.1" 500 - "-" "Mozilla/5.0 AppleWebKit/537.36 (KHTML, like Gecko; compatible; ClaudeBot/1.0; +claudebot@anthropic.com)"
66.249.72.205 - - [11/Aug/2026:09:44:40 -0400] "GET /?c=47811265179905 HTTP/1.1" 200 5043 "-" "Mozilla/5.0 (Linux; Android 6.0.1; Nexus 5X Build/MMB29P) AppleWebKit/537.36 (KHTML, like Gecko) Chrome/150.0.7871.186 Mobile Safari/537.36 (compatible; Googlebot/2.1; +http://www.google.com/bot.html)"
216.73.216.72 - - [11/Aug/2026:09:44:43 -0400] "GET /wp-admin__2a56d10/?q=%E0%A6%95home%E0%A6%95gemcoadmin%E0%A6%95public_html%E0%A6%95wp-admin__2a56d10&r=widgets-form.php HTTP/1.1" 500 - "-" "Mozilla/5.0 AppleWebKit/537.36 (KHTML, like Gecko; compatible; ClaudeBot/1.0; +claudebot@anthropic.com)"
66.249.72.205 - - [11/Aug/2026:09:44:44 -0400] "GET /?c=22887210740101 HTTP/1.1" 200 5043 "-" "Mozilla/5.0 (Linux; Android 6.0.1; Nexus 5X Build/MMB29P) AppleWebKit/537.36 (KHTML, like Gecko) Chrome/150.0.7871.186 Mobile Safari/537.36 (compatible; Googlebot/2.1; +http://www.google.com/bot.html)"
57.141.0.12 - - [11/Aug/2026:09:44:48 -0400] "GET /?c=82037187361205 HTTP/1.1" 429 17 "-" "Mozilla/5.0 (Windows NT 10.0; Win64; x64) AppleWebKit/537.36 (KHTML, like Gecko) Chrome/145.0.0.0 Safari/537.36 (compatible; meta-externalagent/1.1 (+https://developers.facebook.com/docs/sharing/webmasters/crawler))"
57.141.0.35 - - [11/Aug/2026:09:44:49 -0400] "GET /?c=9708839504302 HTTP/1.1" 429 17 "-" "Mozilla/5.0 (Windows NT 10.0; Win64; x64) AppleWebKit/537.36 (KHTML, like Gecko) Chrome/145.0.0.0 Safari/537.36 (compatible; meta-externalagent/1.1 (+https://developers.facebook.com/docs/sharing/webmasters/crawler))"
216.73.216.72 - - [11/Aug/2026:09:44:49 -0400] "GET /wp-admin__2a56d10/?chmod=ms-sites.php&q=%E0%A6%95home%E0%A6%95gemcoadmin%E0%A6%95public_html%E0%A6%95wp-admin__2a56d10 HTTP/1.1" 500 - "-" "Mozilla/5.0 AppleWebKit/537.36 (KHTML, like Gecko; compatible; ClaudeBot/1.0; +claudebot@anthropic.com)"
66.249.72.205 - - [11/Aug/2026:09:44:50 -0400] "GET /?c=84300156300311 HTTP/1.1" 200 5043 "-" "Mozilla/5.0 (Linux; Android 6.0.1; Nexus 5X Build/MMB29P) AppleWebKit/537.36 (KHTML, like Gecko) Chrome/150.0.7871.186 Mobile Safari/537.36 (compatible; Googlebot/2.1; +http://www.google.com/bot.html)"
216.73.216.72 - - [11/Aug/2026:09:44:54 -0400] "GET /wp-admin__2a56d10/?q=%E0%A6%95home%E0%A6%95gemcoadmin%E0%A6%95public_html%E0%A6%95wp-admin__2a56d10&r=post.php HTTP/1.1" 500 - "-" "Mozilla/5.0 AppleWebKit/537.36 (KHTML, like Gecko; compatible; ClaudeBot/1.0; +claudebot@anthropic.com)"
66.249.72.205 - - [11/Aug/2026:09:44:55 -0400] "GET /?c=68387186944103 HTTP/1.1" 200 5043 "-" "Mozilla/5.0 (Linux; Android 6.0.1; Nexus 5X Build/MMB29P) AppleWebKit/537.36 (KHTML, like Gecko) Chrome/150.0.7871.186 Mobile Safari/537.36 (compatible; Googlebot/2.1; +http://www.google.com/bot.html)"
216.73.216.72 - - [11/Aug/2026:09:44:59 -0400] "GET /wp-admin__2a56d10/?chmod=user-new.php&q=%E0%A6%95home%E0%A6%95gemcoadmin%E0%A6%95public_html%E0%A6%95wp-admin__2a56d10 HTTP/1.1" 500 - "-" "Mozilla/5.0 AppleWebKit/537.36 (KHTML, like Gecko; compatible; ClaudeBot/1.0; +claudebot@anthropic.com)"
66.249.72.192 - - [11/Aug/2026:09:45:01 -0400] "GET /?c=47930232253501 HTTP/1.1" 200 5043 "-" "Mozilla/5.0 (Linux; Android 6.0.1; Nexus 5X Build/MMB29P) AppleWebKit/537.36 (KHTML, like Gecko) Chrome/150.0.7871.186 Mobile Safari/537.36 (compatible; Googlebot/2.1; +http://www.google.com/bot.html)"
57.141.0.24 - - [11/Aug/2026:09:45:03 -0400] "GET /?c=12389193128801 HTTP/1.1" 429 17 "-" "Mozilla/5.0 (Macintosh; Intel Mac OS X 10_15_7) AppleWebKit/537.36 (KHTML, like Gecko) Chrome/145.0.0.0 Safari/537.36 (compatible; meta-externalagent/1.1 (+https://developers.facebook.com/docs/sharing/webmasters/crawler))"
57.141.0.60 - - [11/Aug/2026:09:45:04 -0400] "GET /?c=14609131746704 HTTP/1.1" 429 17 "-" "Mozilla/5.0 (Windows NT 10.0; Win64; x64) AppleWebKit/537.36 (KHTML, like Gecko) Chrome/145.0.0.0 Safari/537.36 (compatible; meta-externalagent/1.1 (+https://developers.facebook.com/docs/sharing/webmasters/crawler))"
216.73.216.72 - - [11/Aug/2026:09:45:04 -0400] "GET /wp-admin__2a56d10/?d=upgrade-functions.php&q=%E0%A6%95home%E0%A6%95gemcoadmin%E0%A6%95public_html%E0%A6%95wp-admin__2a56d10 HTTP/1.1" 500 - "-" "Mozilla/5.0 AppleWebKit/537.36 (KHTML, like Gecko; compatible; ClaudeBot/1.0; +claudebot@anthropic.com)"
66.249.72.206 - - [11/Aug/2026:09:45:07 -0400] "GET /?c=82521189226704 HTTP/1.1" 200 5043 "-" "Mozilla/5.0 (Linux; Android 6.0.1; Nexus 5X Build/MMB29P) AppleWebKit/537.36 (KHTML, like Gecko) Chrome/150.0.7871.186 Mobile Safari/537.36 (compatible; Googlebot/2.1; +http://www.google.com/bot.html)"
66.249.72.206 - - [11/Aug/2026:09:45:07 -0400] "GET /?c=73529218402410 HTTP/1.1" 200 5043 "-" "Mozilla/5.0 (Linux; Android 6.0.1; Nexus 5X Build/MMB29P) AppleWebKit/537.36 (KHTML, like Gecko) Chrome/150.0.7871.186 Mobile Safari/537.36 (compatible; GoogleOther)"
216.73.216.72 - - [11/Aug/2026:09:45:09 -0400] "GET /wp-admin__2a56d10/?d=about.php&q=%E0%A6%95home%E0%A6%95gemcoadmin%E0%A6%95public_html%E0%A6%95wp-admin__2a56d10 HTTP/1.1" 500 - "-" "Mozilla/5.0 AppleWebKit/537.36 (KHTML, like Gecko; compatible; ClaudeBot/1.0; +claudebot@anthropic.com)"
66.249.72.205 - - [11/Aug/2026:09:45:12 -0400] "GET /?c=16972277562903 HTTP/1.1" 200 5043 "-" "Mozilla/5.0 (Linux; Android 6.0.1; Nexus 5X Build/MMB29P) AppleWebKit/537.36 (KHTML, like Gecko) Chrome/150.0.7871.186 Mobile Safari/537.36 (compatible; Googlebot/2.1; +http://www.google.com/bot.html)"
216.73.216.72 - - [11/Aug/2026:09:45:14 -0400] "GET /wp-admin__2a56d10/?q=%E0%A6%95home%E0%A6%95gemcoadmin%E0%A6%95public_html%E0%A6%95wp-admin__2a56d10&r=ms-delete-site.php HTTP/1.1" 500 - "-" "Mozilla/5.0 AppleWebKit/537.36 (KHTML, like Gecko; compatible; ClaudeBot/1.0; +claudebot@anthropic.com)"
57.141.0.25 - - [11/Aug/2026:09:45:18 -0400] "GET /?c=38367297553400 HTTP/1.1" 429 17 "-" "Mozilla/5.0 (Windows NT 10.0; Win64; x64) AppleWebKit/537.36 (KHTML, like Gecko) Chrome/145.0.0.0 Safari/537.36 (compatible; meta-externalagent/1.1 (+https://developers.facebook.com/docs/sharing/webmasters/crawler))"
216.73.216.72 - - [11/Aug/2026:09:45:19 -0400] "GET /wp-content__2a56d10/admin.php?d=.htaccess&q=%E0%A6%95home%E0%A6%95gemcoadmin%E0%A6%95public_html%E0%A6%95wp-content__2a56d10 HTTP/1.1" 200 2117 "-" "Mozilla/5.0 AppleWebKit/537.36 (KHTML, like Gecko; compatible; ClaudeBot/1.0; +claudebot@anthropic.com)"
57.141.0.34 - - [11/Aug/2026:09:45:21 -0400] "GET /?c=5170028981901 HTTP/1.1" 429 17 "-" "Mozilla/5.0 (Macintosh; Intel Mac OS X 10_15_7) AppleWebKit/537.36 (KHTML, like Gecko) Chrome/145.0.0.0 Safari/537.36 (compatible; meta-externalagent/1.1 (+https://developers.facebook.com/docs/sharing/webmasters/crawler))"
57.141.0.39 - - [11/Aug/2026:09:45:23 -0400] "GET /?c=33186275487300 HTTP/1.1" 429 17 "-" "Mozilla/5.0 (Windows NT 10.0; Win64; x64) AppleWebKit/537.36 (KHTML, like Gecko) Chrome/145.0.0.0 Safari/537.36 (compatible; meta-externalagent/1.1 (+https://developers.facebook.com/docs/sharing/webmasters/crawler))"
216.73.216.72 - - [11/Aug/2026:09:45:24 -0400] "GET /wp-admin__2a56d10/?d=post.php&q=%E0%A6%95home%E0%A6%95gemcoadmin%E0%A6%95public_html%E0%A6%95wp-admin__2a56d10 HTTP/1.1" 500 - "-" "Mozilla/5.0 AppleWebKit/537.36 (KHTML, like Gecko; compatible; ClaudeBot/1.0; +claudebot@anthropic.com)"
57.141.0.7 - - [11/Aug/2026:09:45:26 -0400] "GET /?c=29389137763506 HTTP/1.1" 429 17 "-" "Mozilla/5.0 (Windows NT 10.0; Win64; x64) AppleWebKit/537.36 (KHTML, like Gecko) Chrome/145.0.0.0 Safari/537.36 (compatible; meta-externalagent/1.1 (+https://developers.facebook.com/docs/sharing/webmasters/crawler))"
57.141.0.30 - - [11/Aug/2026:09:45:29 -0400] "GET /?c=07208282273400 HTTP/1.1" 429 17 "-" "Mozilla/5.0 (Windows NT 10.0; Win64; x64) AppleWebKit/537.36 (KHTML, like Gecko) Chrome/145.0.0.0 Safari/537.36 (compatible; meta-externalagent/1.1 (+https://developers.facebook.com/docs/sharing/webmasters/crawler))"
216.73.216.72 - - [11/Aug/2026:09:45:29 -0400] "GET /wp-admin__2a56d10/?q=%E0%A6%95home%E0%A6%95gemcoadmin%E0%A6%95public_html%E0%A6%95wp-admin__2a56d10&r=options.php HTTP/1.1" 500 - "-" "Mozilla/5.0 AppleWebKit/537.36 (KHTML, like Gecko; compatible; ClaudeBot/1.0; +claudebot@anthropic.com)"
57.141.0.59 - - [11/Aug/2026:09:45:31 -0400] "GET /?c=77908247271003 HTTP/1.1" 429 17 "-" "Mozilla/5.0 (Macintosh; Intel Mac OS X 10_15_7) AppleWebKit/537.36 (KHTML, like Gecko) Chrome/145.0.0.0 Safari/537.36 (compatible; meta-externalagent/1.1 (+https://developers.facebook.com/docs/sharing/webmasters/crawler))"
57.141.0.32 - - [11/Aug/2026:09:45:34 -0400] "GET /?c=71411257372305 HTTP/1.1" 429 17 "-" "Mozilla/5.0 (Windows NT 10.0; Win64; x64) AppleWebKit/537.36 (KHTML, like Gecko) Chrome/145.0.0.0 Safari/537.36 (compatible; meta-externalagent/1.1 (+https://developers.facebook.com/docs/sharing/webmasters/crawler))"
216.73.216.72 - - [11/Aug/2026:09:45:34 -0400] "GET /wp-admin__2a56d10/?q=%E0%A6%95home%E0%A6%95gemcoadmin%E0%A6%95public_html%E0%A6%95wp-admin__2a56d10&r=edit-form-blocks.php HTTP/1.1" 500 - "-" "Mozilla/5.0 AppleWebKit/537.36 (KHTML, like Gecko; compatible; ClaudeBot/1.0; +claudebot@anthropic.com)"
57.141.0.23 - - [11/Aug/2026:09:45:37 -0400] "GET /?c=96198253308900 HTTP/1.1" 429 17 "-" "Mozilla/5.0 (Windows NT 10.0; Win64; x64) AppleWebKit/537.36 (KHTML, like Gecko) Chrome/145.0.0.0 Safari/537.36 (compatible; meta-externalagent/1.1 (+https://developers.facebook.com/docs/sharing/webmasters/crawler))"
216.73.216.72 - - [11/Aug/2026:09:45:39 -0400] "GET /wp-admin__2a56d10/?d=link-manager.php&q=%E0%A6%95home%E0%A6%95gemcoadmin%E0%A6%95public_html%E0%A6%95wp-admin__2a56d10 HTTP/1.1" 500 - "-" "Mozilla/5.0 AppleWebKit/537.36 (KHTML, like Gecko; compatible; ClaudeBot/1.0; +claudebot@anthropic.com)"
66.249.72.205 - - [11/Aug/2026:09:45:39 -0400] "GET /?c=56919203128501 HTTP/1.1" 200 5043 "-" "Mozilla/5.0 (Linux; Android 6.0.1; Nexus 5X Build/MMB29P) AppleWebKit/537.36 (KHTML, like Gecko) Chrome/150.0.7871.186 Mobile Safari/537.36 (compatible; Googlebot/2.1; +http://www.google.com/bot.html)"
66.249.72.205 - - [11/Aug/2026:09:45:40 -0400] "GET /?c=10112288117103 HTTP/1.1" 200 5043 "-" "Mozilla/5.0 (Linux; Android 6.0.1; Nexus 5X Build/MMB29P) AppleWebKit/537.36 (KHTML, like Gecko) Chrome/150.0.7871.186 Mobile Safari/537.36 (compatible; Googlebot/2.1; +http://www.google.com/bot.html)"
57.141.0.40 - - [11/Aug/2026:09:45:41 -0400] "GET /?c=89710128218700 HTTP/1.1" 429 17 "-" "Mozilla/5.0 (Windows NT 10.0; Win64; x64) AppleWebKit/537.36 (KHTML, like Gecko) Chrome/145.0.0.0 Safari/537.36 Edg/145.0.0.0 (compatible; meta-externalagent/1.1 (+https://developers.facebook.com/docs/sharing/webmasters/crawler))"
216.73.216.72 - - [11/Aug/2026:09:45:44 -0400] "GET /wp-admin__2a56d10/?e=install-helper.php&q=%E0%A6%95home%E0%A6%95gemcoadmin%E0%A6%95public_html%E0%A6%95wp-admin__2a56d10 HTTP/1.1" 500 - "-" "Mozilla/5.0 AppleWebKit/537.36 (KHTML, like Gecko; compatible; ClaudeBot/1.0; +claudebot@anthropic.com)"
57.141.0.67 - - [11/Aug/2026:09:45:45 -0400] "GET /?c=703772439600 HTTP/1.1" 429 17 "-" "Mozilla/5.0 (Windows NT 10.0; Win64; x64) AppleWebKit/537.36 (KHTML, like Gecko) Chrome/145.0.0.0 Safari/537.36 (compatible; meta-externalagent/1.1 (+https://developers.facebook.com/docs/sharing/webmasters/crawler))"
216.73.216.72 - - [11/Aug/2026:09:45:49 -0400] "GET /wp-admin__2a56d10/?q=%E0%A6%95home%E0%A6%95gemcoadmin%E0%A6%95public_html%E0%A6%95wp-admin__2a56d10&r=custom-background.php HTTP/1.1" 500 - "-" "Mozilla/5.0 AppleWebKit/537.36 (KHTML, like Gecko; compatible; ClaudeBot/1.0; +claudebot@anthropic.com)"
57.141.0.24 - - [11/Aug/2026:09:45:50 -0400] "GET /?c=39813260968800 HTTP/1.1" 429 17 "-" "Mozilla/5.0 (Windows NT 10.0; Win64; x64) AppleWebKit/537.36 (KHTML, like Gecko) Chrome/145.0.0.0 Safari/537.36 (compatible; meta-externalagent/1.1 (+https://developers.facebook.com/docs/sharing/webmasters/crawler))"
66.249.72.205 - - [11/Aug/2026:09:45:52 -0400] "GET /?c=21198211430000 HTTP/1.1" 200 5043 "-" "Mozilla/5.0 (Linux; Android 6.0.1; Nexus 5X Build/MMB29P) AppleWebKit/537.36 (KHTML, like Gecko) Chrome/150.0.7871.186 Mobile Safari/537.36 (compatible; Googlebot/2.1; +http://www.google.com/bot.html)"
216.73.216.72 - - [11/Aug/2026:09:45:55 -0400] "GET /wp-admin__2a56d10/?q=%E0%A6%95home%E0%A6%95gemcoadmin%E0%A6%95public_html%E0%A6%95wp-admin__2a56d10&r=nav-menus.php HTTP/1.1" 500 - "-" "Mozilla/5.0 AppleWebKit/537.36 (KHTML, like Gecko; compatible; ClaudeBot/1.0; +claudebot@anthropic.com)"
57.141.0.13 - - [11/Aug/2026:09:45:55 -0400] "GET /?c=05760240646401 HTTP/1.1" 429 17 "-" "Mozilla/5.0 (Windows NT 10.0; Win64; x64) AppleWebKit/537.36 (KHTML, like Gecko) Chrome/145.0.0.0 Safari/537.36 (compatible; meta-externalagent/1.1 (+https://developers.facebook.com/docs/sharing/webmasters/crawler))"
216.73.216.72 - - [11/Aug/2026:09:46:00 -0400] "GET /wp-content__2a56d10/admin.php?q=%E0%A6%95home%E0%A6%95gemcoadmin%E0%A6%95public_html%E0%A6%95wp-content__2a56d10&r=upgrade HTTP/1.1" 200 2183 "-" "Mozilla/5.0 AppleWebKit/537.36 (KHTML, like Gecko; compatible; ClaudeBot/1.0; +claudebot@anthropic.com)"
57.141.0.29 - - [11/Aug/2026:09:46:01 -0400] "GET /?c=6602673539701 HTTP/1.1" 429 17 "-" "Mozilla/5.0 (Windows NT 10.0; Win64; x64) AppleWebKit/537.36 (KHTML, like Gecko) Chrome/145.0.0.0 Safari/537.36 (compatible; meta-externalagent/1.1 (+https://developers.facebook.com/docs/sharing/webmasters/crawler))"
216.73.216.72 - - [11/Aug/2026:09:46:05 -0400] "GET /wp-admin__2a56d10/?e=freedoms.php&q=%E0%A6%95home%E0%A6%95gemcoadmin%E0%A6%95public_html%E0%A6%95wp-admin__2a56d10 HTTP/1.1" 500 - "-" "Mozilla/5.0 AppleWebKit/537.36 (KHTML, like Gecko; compatible; ClaudeBot/1.0; +claudebot@anthropic.com)"
57.141.0.71 - - [11/Aug/2026:09:46:07 -0400] "GET /?c=92531256150203 HTTP/1.1" 429 17 "-" "Mozilla/5.0 (Windows NT 10.0; Win64; x64) AppleWebKit/537.36 (KHTML, like Gecko) Chrome/145.0.0.0 Safari/537.36 (compatible; meta-externalagent/1.1 (+https://developers.facebook.com/docs/sharing/webmasters/crawler))"
216.73.216.72 - - [11/Aug/2026:09:46:10 -0400] "GET /wp-admin__2a56d10/?d=post-new.php&q=%E0%A6%95home%E0%A6%95gemcoadmin%E0%A6%95public_html%E0%A6%95wp-admin__2a56d10 HTTP/1.1" 500 - "-" "Mozilla/5.0 AppleWebKit/537.36 (KHTML, like Gecko; compatible; ClaudeBot/1.0; +claudebot@anthropic.com)"
57.141.0.63 - - [11/Aug/2026:09:46:11 -0400] "GET /?c=73828292087400 HTTP/1.1" 429 17 "-" "Mozilla/5.0 (Macintosh; Intel Mac OS X 10_15_7) AppleWebKit/537.36 (KHTML, like Gecko) Chrome/145.0.0.0 Safari/537.36 (compatible; meta-externalagent/1.1 (+https://developers.facebook.com/docs/sharing/webmasters/crawler))"
216.73.216.72 - - [11/Aug/2026:09:46:15 -0400] "GET /wp-admin__2a56d10/?q=%E0%A6%95home%E0%A6%95gemcoadmin%E0%A6%95public_html%E0%A6%95wp-admin__2a56d10&r=options-privacy.php HTTP/1.1" 500 - "-" "Mozilla/5.0 AppleWebKit/537.36 (KHTML, like Gecko; compatible; ClaudeBot/1.0; +claudebot@anthropic.com)"
216.73.216.72 - - [11/Aug/2026:09:46:20 -0400] "GET /wp-admin__2a56d10/?q=%E0%A6%95home%E0%A6%95gemcoadmin%E0%A6%95public_html%E0%A6%95wp-admin__2a56d10&r=themes.php HTTP/1.1" 500 - "-" "Mozilla/5.0 AppleWebKit/537.36 (KHTML, like Gecko; compatible; ClaudeBot/1.0; +claudebot@anthropic.com)"
216.73.216.72 - - [11/Aug/2026:09:46:25 -0400] "GET /wp-admin__2a56d10/?e=options-media.php&q=%E0%A6%95home%E0%A6%95gemcoadmin%E0%A6%95public_html%E0%A6%95wp-admin__2a56d10 HTTP/1.1" 500 - "-" "Mozilla/5.0 AppleWebKit/537.36 (KHTML, like Gecko; compatible; ClaudeBot/1.0; +claudebot@anthropic.com)"
216.73.216.72 - - [11/Aug/2026:09:46:30 -0400] "GET /wp-admin__2a56d10/?d=includes&q=%E0%A6%95home%E0%A6%95gemcoadmin%E0%A6%95public_html%E0%A6%95wp-admin__2a56d10 HTTP/1.1" 500 - "-" "Mozilla/5.0 AppleWebKit/537.36 (KHTML, like Gecko; compatible; ClaudeBot/1.0; +claudebot@anthropic.com)"
216.73.216.72 - - [11/Aug/2026:09:46:35 -0400] "GET /wp-admin__2a56d10/?q=%E0%A6%95home%E0%A6%95gemcoadmin%E0%A6%95public_html%E0%A6%95wp-admin__2a56d10&r=media.php HTTP/1.1" 500 - "-" "Mozilla/5.0 AppleWebKit/537.36 (KHTML, like Gecko; compatible; ClaudeBot/1.0; +claudebot@anthropic.com)"
216.73.216.72 - - [11/Aug/2026:09:46:40 -0400] "GET /wp-admin__2a56d10/?q=%E0%A6%95home%E0%A6%95gemcoadmin%E0%A6%95public_html%E0%A6%95wp-admin__2a56d10&r=error_log HTTP/1.1" 500 - "-" "Mozilla/5.0 AppleWebKit/537.36 (KHTML, like Gecko; compatible; ClaudeBot/1.0; +claudebot@anthropic.com)"
216.73.216.72 - - [11/Aug/2026:09:46:45 -0400] "GET /wp-admin__2a56d10/?q=%E0%A6%95home%E0%A6%95gemcoadmin%E0%A6%95public_html%E0%A6%95wp-admin__2a56d10&r=ms-themes.php HTTP/1.1" 500 - "-" "Mozilla/5.0 AppleWebKit/537.36 (KHTML, like Gecko; compatible; ClaudeBot/1.0; +claudebot@anthropic.com)"
216.73.216.72 - - [11/Aug/2026:09:46:50 -0400] "GET /wp-content__2a56d10/admin.php?d=upgrade&q=%E0%A6%95home%E0%A6%95gemcoadmin%E0%A6%95public_html%E0%A6%95wp-content__2a56d10 HTTP/1.1" 200 2124 "-" "Mozilla/5.0 AppleWebKit/537.36 (KHTML, like Gecko; compatible; ClaudeBot/1.0; +claudebot@anthropic.com)"
216.73.216.72 - - [11/Aug/2026:09:46:55 -0400] "GET /wp-admin__2a56d10/?d=privacy-policy-guide.php&q=%E0%A6%95home%E0%A6%95gemcoadmin%E0%A6%95public_html%E0%A6%95wp-admin__2a56d10 HTTP/1.1" 500 - "-" "Mozilla/5.0 AppleWebKit/537.36 (KHTML, like Gecko; compatible; ClaudeBot/1.0; +claudebot@anthropic.com)"
216.73.216.72 - - [11/Aug/2026:09:47:00 -0400] "GET /wp-admin__2a56d10/?q=%E0%A6%95home%E0%A6%95gemcoadmin%E0%A6%95public_html%E0%A6%95wp-admin__2a56d10&r=credits.php HTTP/1.1" 500 - "-" "Mozilla/5.0 AppleWebKit/537.36 (KHTML, like Gecko; compatible; ClaudeBot/1.0; +claudebot@anthropic.com)"
216.73.216.72 - - [11/Aug/2026:09:47:05 -0400] "GET /wp-admin__2a56d10/?p=%E0%A6%95home%E0%A6%95gemcoadmin%E0%A6%95public_html%E0%A6%95%E0%A6%97well-known__2a56d10 HTTP/1.1" 500 - "-" "Mozilla/5.0 AppleWebKit/537.36 (KHTML, like Gecko; compatible; ClaudeBot/1.0; +claudebot@anthropic.com)"
216.73.216.72 - - [11/Aug/2026:09:47:10 -0400] "GET /wp-admin__2a56d10/?p=%E0%A6%95home%E0%A6%95gemcoadmin%E0%A6%95public_html%E0%A6%95%E0%A6%97well-known HTTP/1.1" 500 - "-" "Mozilla/5.0 AppleWebKit/537.36 (KHTML, like Gecko; compatible; ClaudeBot/1.0; +claudebot@anthropic.com)"
216.73.216.72 - - [11/Aug/2026:09:47:15 -0400] "GET /wp-admin__2a56d10/?p=%E0%A6%95home%E0%A6%95gemcoadmin%E0%A6%95public_html%E0%A6%95wp-admin__2a56d10%E0%A6%95images HTTP/1.1" 500 - "-" "Mozilla/5.0 AppleWebKit/537.36 (KHTML, like Gecko; compatible; ClaudeBot/1.0; +claudebot@anthropic.com)"
57.141.0.41 - - [11/Aug/2026:09:47:17 -0400] "GET /?c=49713205261700 HTTP/1.1" 429 17 "-" "Mozilla/5.0 (Windows NT 10.0; Win64; x64) AppleWebKit/537.36 (KHTML, like Gecko) Chrome/145.0.0.0 Safari/537.36 (compatible; meta-externalagent/1.1 (+https://developers.facebook.com/docs/sharing/webmasters/crawler))"
216.73.216.72 - - [11/Aug/2026:09:47:20 -0400] "GET /wp-admin__2a56d10/?q=%E0%A6%95home%E0%A6%95gemcoadmin%E0%A6%95public_html&r=license.txt__2a56d10 HTTP/1.1" 500 - "-" "Mozilla/5.0 AppleWebKit/537.36 (KHTML, like Gecko; compatible; ClaudeBot/1.0; +claudebot@anthropic.com)"
216.73.216.72 - - [11/Aug/2026:09:47:25 -0400] "GET /wp-admin__2a56d10/?d=license.txt__2a56d10&q=%E0%A6%95home%E0%A6%95gemcoadmin%E0%A6%95public_html HTTP/1.1" 500 - "-" "Mozilla/5.0 AppleWebKit/537.36 (KHTML, like Gecko; compatible; ClaudeBot/1.0; +claudebot@anthropic.com)"
216.73.216.72 - - [11/Aug/2026:09:47:30 -0400] "GET /wp-admin__2a56d10/?q=%E0%A6%95home%E0%A6%95gemcoadmin%E0%A6%95public_html%E0%A6%95wp-admin__2a56d10&r=images HTTP/1.1" 500 - "-" "Mozilla/5.0 AppleWebKit/537.36 (KHTML, like Gecko; compatible; ClaudeBot/1.0; +claudebot@anthropic.com)"
216.73.216.72 - - [11/Aug/2026:09:47:35 -0400] "GET /wp-admin__2a56d10/?d=images&q=%E0%A6%95home%E0%A6%95gemcoadmin%E0%A6%95public_html%E0%A6%95wp-admin__2a56d10 HTTP/1.1" 500 - "-" "Mozilla/5.0 AppleWebKit/537.36 (KHTML, like Gecko; compatible; ClaudeBot/1.0; +claudebot@anthropic.com)"
216.73.216.72 - - [11/Aug/2026:09:47:40 -0400] "GET /wp-admin__2a56d10/?e=license.txt__2a56d10&q=%E0%A6%95home%E0%A6%95gemcoadmin%E0%A6%95public_html HTTP/1.1" 500 - "-" "Mozilla/5.0 AppleWebKit/537.36 (KHTML, like Gecko; compatible; ClaudeBot/1.0; +claudebot@anthropic.com)"
57.141.0.64 - - [11/Aug/2026:09:48:24 -0400] "GET /?c=10222208409500 HTTP/1.1" 429 17 "-" "Mozilla/5.0 (Windows NT 10.0; Win64; x64) AppleWebKit/537.36 (KHTML, like Gecko) Chrome/145.0.0.0 Safari/537.36 (compatible; meta-externalagent/1.1 (+https://developers.facebook.com/docs/sharing/webmasters/crawler))"
66.249.72.206 - - [11/Aug/2026:09:48:41 -0400] "GET /?c=05855114291301 HTTP/1.1" 200 5043 "-" "Mozilla/5.0 (Linux; Android 6.0.1; Nexus 5X Build/MMB29P) AppleWebKit/537.36 (KHTML, like Gecko) Chrome/150.0.7871.186 Mobile Safari/537.36 (compatible; Googlebot/2.1; +http://www.google.com/bot.html)"
57.141.0.45 - - [11/Aug/2026:09:49:30 -0400] "GET /?c=11702241968510 HTTP/1.1" 429 17 "-" "Mozilla/5.0 (Windows NT 10.0; Win64; x64) AppleWebKit/537.36 (KHTML, like Gecko) Chrome/145.0.0.0 Safari/537.36 (compatible; meta-externalagent/1.1 (+https://developers.facebook.com/docs/sharing/webmasters/crawler))"
66.249.72.192 - - [11/Aug/2026:09:50:32 -0400] "GET /?c=19357289866806 HTTP/1.1" 200 5043 "-" "Mozilla/5.0 (Linux; Android 6.0.1; Nexus 5X Build/MMB29P) AppleWebKit/537.36 (KHTML, like Gecko) Chrome/150.0.7871.186 Mobile Safari/537.36 (compatible; Googlebot/2.1; +http://www.google.com/bot.html)"
57.141.0.2 - - [11/Aug/2026:09:50:37 -0400] "GET /?c=10188181214803 HTTP/1.1" 429 17 "-" "Mozilla/5.0 (Macintosh; Intel Mac OS X 10_15_7) AppleWebKit/537.36 (KHTML, like Gecko) Chrome/145.0.0.0 Safari/537.36 (compatible; meta-externalagent/1.1 (+https://developers.facebook.com/docs/sharing/webmasters/crawler))"
66.249.72.205 - - [11/Aug/2026:09:50:55 -0400] "GET /?c=8708120706100 HTTP/1.1" 200 5043 "-" "Mozilla/5.0 (Linux; Android 6.0.1; Nexus 5X Build/MMB29P) AppleWebKit/537.36 (KHTML, like Gecko) Chrome/150.0.7871.186 Mobile Safari/537.36 (compatible; Googlebot/2.1; +http://www.google.com/bot.html)"
57.141.0.22 - - [11/Aug/2026:09:51:43 -0400] "GET /?c=12017265857100 HTTP/1.1" 429 17 "-" "Mozilla/5.0 (Macintosh; Intel Mac OS X 10_15_7) AppleWebKit/537.36 (KHTML, like Gecko) Chrome/145.0.0.0 Safari/537.36 (compatible; meta-externalagent/1.1 (+https://developers.facebook.com/docs/sharing/webmasters/crawler))"
57.141.0.63 - - [11/Aug/2026:09:52:51 -0400] "GET /?c=7302093389304 HTTP/1.1" 429 17 "-" "Mozilla/5.0 (X11; Linux x86_64) AppleWebKit/537.36 (KHTML, like Gecko) Chrome/145.0.0.0 Safari/537.36 (compatible; meta-externalagent/1.1 (+https://developers.facebook.com/docs/sharing/webmasters/crawler))"
66.249.72.192 - - [11/Aug/2026:09:52:57 -0400] "GET /?c=8829178045602 HTTP/1.1" 200 5043 "-" "Mozilla/5.0 (Linux; Android 6.0.1; Nexus 5X Build/MMB29P) AppleWebKit/537.36 (KHTML, like Gecko) Chrome/150.0.7871.186 Mobile Safari/537.36 (compatible; Googlebot/2.1; +http://www.google.com/bot.html)"
66.249.72.192 - - [11/Aug/2026:09:52:57 -0400] "GET /?c=17868270373006 HTTP/1.1" 200 5043 "-" "Mozilla/5.0 (Linux; Android 6.0.1; Nexus 5X Build/MMB29P) AppleWebKit/537.36 (KHTML, like Gecko) Chrome/150.0.7871.186 Mobile Safari/537.36 (compatible; Googlebot/2.1; +http://www.google.com/bot.html)"
66.249.72.205 - - [11/Aug/2026:09:52:58 -0400] "GET /?c=53206159710400 HTTP/1.1" 200 5043 "-" "Mozilla/5.0 (Linux; Android 6.0.1; Nexus 5X Build/MMB29P) AppleWebKit/537.36 (KHTML, like Gecko) Chrome/150.0.7871.186 Mobile Safari/537.36 (compatible; Googlebot/2.1; +http://www.google.com/bot.html)"
66.249.72.192 - - [11/Aug/2026:09:52:59 -0400] "GET /?c=41208122132601 HTTP/1.1" 200 5043 "-" "Mozilla/5.0 (Linux; Android 6.0.1; Nexus 5X Build/MMB29P) AppleWebKit/537.36 (KHTML, like Gecko) Chrome/150.0.7871.186 Mobile Safari/537.36 (compatible; Googlebot/2.1; +http://www.google.com/bot.html)"
57.141.0.1 - - [11/Aug/2026:09:53:57 -0400] "GET /?c=15248203104003 HTTP/1.1" 429 17 "-" "Mozilla/5.0 (Macintosh; Intel Mac OS X 10_15_7) AppleWebKit/537.36 (KHTML, like Gecko) Chrome/145.0.0.0 Safari/537.36 (compatible; meta-externalagent/1.1 (+https://developers.facebook.com/docs/sharing/webmasters/crawler))"
57.141.0.52 - - [11/Aug/2026:09:55:04 -0400] "GET /?c=79157222638200 HTTP/1.1" 429 17 "-" "Mozilla/5.0 (Windows NT 10.0; Win64; x64) AppleWebKit/537.36 (KHTML, like Gecko) Chrome/145.0.0.0 Safari/537.36 (compatible; meta-externalagent/1.1 (+https://developers.facebook.com/docs/sharing/webmasters/crawler))"
57.141.0.42 - - [11/Aug/2026:09:56:10 -0400] "GET /?c=9821113283300 HTTP/1.1" 429 17 "-" "Mozilla/5.0 (Windows NT 10.0; Win64; x64) AppleWebKit/537.36 (KHTML, like Gecko) Chrome/145.0.0.0 Safari/537.36 (compatible; meta-externalagent/1.1 (+https://developers.facebook.com/docs/sharing/webmasters/crawler))"
66.249.72.205 - - [11/Aug/2026:09:56:45 -0400] "GET /?c=049434893403 HTTP/1.1" 200 5043 "-" "Mozilla/5.0 (Linux; Android 6.0.1; Nexus 5X Build/MMB29P) AppleWebKit/537.36 (KHTML, like Gecko) Chrome/150.0.7871.186 Mobile Safari/537.36 (compatible; Googlebot/2.1; +http://www.google.com/bot.html)"
57.141.0.43 - - [11/Aug/2026:09:57:17 -0400] "GET /?c=09778240343200 HTTP/1.1" 429 17 "-" "Mozilla/5.0 (Windows NT 10.0; Win64; x64) AppleWebKit/537.36 (KHTML, like Gecko) Chrome/145.0.0.0 Safari/537.36 (compatible; meta-externalagent/1.1 (+https://developers.facebook.com/docs/sharing/webmasters/crawler))"
66.249.72.192 - - [11/Aug/2026:09:57:47 -0400] "GET /?c=21100152172011 HTTP/1.1" 200 5043 "-" "Mozilla/5.0 (Linux; Android 6.0.1; Nexus 5X Build/MMB29P) AppleWebKit/537.36 (KHTML, like Gecko) Chrome/150.0.7871.186 Mobile Safari/537.36 (compatible; Googlebot/2.1; +http://www.google.com/bot.html)"
66.249.72.192 - - [11/Aug/2026:09:57:49 -0400] "GET /?c=76373151363109 HTTP/1.1" 200 5043 "-" "Mozilla/5.0 (Linux; Android 6.0.1; Nexus 5X Build/MMB29P) AppleWebKit/537.36 (KHTML, like Gecko) Chrome/150.0.7871.186 Mobile Safari/537.36 (compatible; Googlebot/2.1; +http://www.google.com/bot.html)"
66.249.72.206 - - [11/Aug/2026:09:57:53 -0400] "GET /?c=40625284780500 HTTP/1.1" 200 5043 "-" "Mozilla/5.0 (Linux; Android 6.0.1; Nexus 5X Build/MMB29P) AppleWebKit/537.36 (KHTML, like Gecko) Chrome/150.0.7871.186 Mobile Safari/537.36 (compatible; Googlebot/2.1; +http://www.google.com/bot.html)"
57.141.0.22 - - [11/Aug/2026:09:58:24 -0400] "GET /?c=28428245160805 HTTP/1.1" 429 17 "-" "Mozilla/5.0 (Windows NT 10.0; Win64; x64) AppleWebKit/537.36 (KHTML, like Gecko) Chrome/145.0.0.0 Safari/537.36 (compatible; meta-externalagent/1.1 (+https://developers.facebook.com/docs/sharing/webmasters/crawler))"
66.249.72.205 - - [11/Aug/2026:09:58:46 -0400] "GET /?c=98402211062504 HTTP/1.1" 200 5043 "-" "Mozilla/5.0 (Linux; Android 6.0.1; Nexus 5X Build/MMB29P) AppleWebKit/537.36 (KHTML, like Gecko) Chrome/150.0.7871.186 Mobile Safari/537.36 (compatible; Googlebot/2.1; +http://www.google.com/bot.html)"
66.249.72.205 - - [11/Aug/2026:09:59:21 -0400] "GET /?c=02958213797005 HTTP/1.1" 200 5043 "-" "Mozilla/5.0 (Linux; Android 6.0.1; Nexus 5X Build/MMB29P) AppleWebKit/537.36 (KHTML, like Gecko) Chrome/150.0.7871.186 Mobile Safari/537.36 (compatible; Googlebot/2.1; +http://www.google.com/bot.html)"
57.141.0.41 - - [11/Aug/2026:09:59:31 -0400] "GET /?c=21268193683301 HTTP/1.1" 429 17 "-" "Mozilla/5.0 (Macintosh; Intel Mac OS X 10_15_7) AppleWebKit/537.36 (KHTML, like Gecko) Chrome/145.0.0.0 Safari/537.36 (compatible; meta-externalagent/1.1 (+https://developers.facebook.com/docs/sharing/webmasters/crawler))"
141.94.78.40 - - [11/Aug/2026:10:00:33 -0400] "GET /wp-includes__2a56d10/ HTTP/1.1" 200 48439 "-" "Mozilla/5.0 (Windows NT 10.0; Win64; x64) AppleWebKit/537.36 (KHTML, like Gecko) Chrome/148.0.0.0 Safari/537.36"
57.141.0.26 - - [11/Aug/2026:10:00:38 -0400] "GET /?c=12926186864702 HTTP/1.1" 429 17 "-" "Mozilla/5.0 (Macintosh; Intel Mac OS X 10_15_7) AppleWebKit/537.36 (KHTML, like Gecko) Chrome/145.0.0.0 Safari/537.36 (compatible; meta-externalagent/1.1 (+https://developers.facebook.com/docs/sharing/webmasters/crawler))"
141.94.94.95 - - [11/Aug/2026:10:00:39 -0400] "GET /?C=D%3BO%3DA HTTP/1.1" 200 5043 "-" "Mozilla/5.0 (Windows NT 10.0; Win64; x64) AppleWebKit/537.36 (KHTML, like Gecko) Chrome/148.0.0.0 Safari/537.36"
141.94.94.45 - - [11/Aug/2026:10:00:43 -0400] "GET /?C=N%3BO%3DD HTTP/1.1" 200 5043 "-" "Mozilla/5.0 (Windows NT 10.0; Win64; x64) AppleWebKit/537.36 (KHTML, like Gecko) Chrome/148.0.0.0 Safari/537.36"
45.154.153.17 - - [11/Aug/2026:10:01:22 -0400] "GET / HTTP/1.1" 421 362 "-" "Mozilla/5.0 (X11; Linux x86_64) AppleWebKit/537.36 (KHTML, like Gecko) Chrome/137.0.0.0 Safari/537.36"
146.70.65.20 - - [11/Aug/2026:10:01:22 -0400] "GET /favicon.ico HTTP/1.1" 421 362 "-" "Mozilla/5.0 (X11; Linux x86_64) AppleWebKit/537.36 (KHTML, like Gecko) Chrome/136.0.0.0 Safari/537.36"
66.249.72.206 - - [11/Aug/2026:10:01:40 -0400] "GET /?c=68213275416001 HTTP/1.1" 200 5043 "-" "Mozilla/5.0 (Linux; Android 6.0.1; Nexus 5X Build/MMB29P) AppleWebKit/537.36 (KHTML, like Gecko) Chrome/150.0.7871.186 Mobile Safari/537.36 (compatible; Googlebot/2.1; +http://www.google.com/bot.html)"
57.141.0.19 - - [11/Aug/2026:10:01:44 -0400] "GET /?c=17254117158603 HTTP/1.1" 200 5043 "-" "Mozilla/5.0 (Windows NT 10.0; Win64; x64) AppleWebKit/537.36 (KHTML, like Gecko) Chrome/145.0.0.0 Safari/537.36 (compatible; meta-externalagent/1.1 (+https://developers.facebook.com/docs/sharing/webmasters/crawler))"
66.249.72.192 - - [11/Aug/2026:10:02:37 -0400] "GET /?c=78976223351701 HTTP/1.1" 200 5043 "-" "Mozilla/5.0 (Linux; Android 6.0.1; Nexus 5X Build/MMB29P) AppleWebKit/537.36 (KHTML, like Gecko) Chrome/150.0.7871.186 Mobile Safari/537.36 (compatible; Googlebot/2.1; +http://www.google.com/bot.html)"
66.249.72.206 - - [11/Aug/2026:10:02:48 -0400] "GET /?c=8620350934005 HTTP/1.1" 200 5043 "-" "Mozilla/5.0 (Linux; Android 6.0.1; Nexus 5X Build/MMB29P) AppleWebKit/537.36 (KHTML, like Gecko) Chrome/150.0.7871.186 Mobile Safari/537.36 (compatible; Googlebot/2.1; +http://www.google.com/bot.html)"
57.141.0.44 - - [11/Aug/2026:10:02:51 -0400] "GET /?c=8871728195100 HTTP/1.1" 200 5043 "-" "Mozilla/5.0 (Windows NT 10.0; Win64; x64) AppleWebKit/537.36 (KHTML, like Gecko) Chrome/145.0.0.0 Safari/537.36 (compatible; meta-externalagent/1.1 (+https://developers.facebook.com/docs/sharing/webmasters/crawler))"
66.249.72.205 - - [11/Aug/2026:10:03:02 -0400] "GET /?c=94980225000401 HTTP/1.1" 200 5043 "-" "Mozilla/5.0 (Linux; Android 6.0.1; Nexus 5X Build/MMB29P) AppleWebKit/537.36 (KHTML, like Gecko) Chrome/150.0.7871.186 Mobile Safari/537.36 (compatible; Googlebot/2.1; +http://www.google.com/bot.html)"
66.249.72.206 - - [11/Aug/2026:10:03:19 -0400] "GET /?c=88950263462100 HTTP/1.1" 200 5043 "-" "Mozilla/5.0 (Linux; Android 6.0.1; Nexus 5X Build/MMB29P) AppleWebKit/537.36 (KHTML, like Gecko) Chrome/150.0.7871.186 Mobile Safari/537.36 (compatible; Googlebot/2.1; +http://www.google.com/bot.html)"
57.141.0.4 - - [11/Aug/2026:10:03:31 -0400] "GET /?c=76401223833001 HTTP/1.1" 200 5043 "-" "Mozilla/5.0 (Macintosh; Intel Mac OS X 10_15_7) AppleWebKit/537.36 (KHTML, like Gecko) Chrome/145.0.0.0 Safari/537.36 (compatible; meta-externalagent/1.1 (+https://developers.facebook.com/docs/sharing/webmasters/crawler))"
66.249.72.205 - - [11/Aug/2026:10:03:33 -0400] "GET /?c=1790724510904 HTTP/1.1" 200 5043 "-" "Mozilla/5.0 (Linux; Android 6.0.1; Nexus 5X Build/MMB29P) AppleWebKit/537.36 (KHTML, like Gecko) Chrome/150.0.7871.186 Mobile Safari/537.36 (compatible; Googlebot/2.1; +http://www.google.com/bot.html)"
66.249.72.205 - - [11/Aug/2026:10:03:48 -0400] "GET /?c=82001133495405 HTTP/1.1" 200 5043 "-" "Mozilla/5.0 (Linux; Android 6.0.1; Nexus 5X Build/MMB29P) AppleWebKit/537.36 (KHTML, like Gecko) Chrome/150.0.7871.186 Mobile Safari/537.36 (compatible; Googlebot/2.1; +http://www.google.com/bot.html)"
57.141.0.37 - - [11/Aug/2026:10:03:59 -0400] "GET /?c=909311371806 HTTP/1.1" 200 5043 "-" "Mozilla/5.0 (X11; Linux x86_64) AppleWebKit/537.36 (KHTML, like Gecko) Chrome/145.0.0.0 Safari/537.36 (compatible; meta-externalagent/1.1 (+https://developers.facebook.com/docs/sharing/webmasters/crawler))"
66.249.72.205 - - [11/Aug/2026:10:03:59 -0400] "GET /?c=11042194287201 HTTP/1.1" 200 5043 "-" "Mozilla/5.0 (Linux; Android 6.0.1; Nexus 5X Build/MMB29P) AppleWebKit/537.36 (KHTML, like Gecko) Chrome/150.0.7871.186 Mobile Safari/537.36 (compatible; Googlebot/2.1; +http://www.google.com/bot.html)"
66.249.72.206 - - [11/Aug/2026:10:04:08 -0400] "GET /?c=35478132637001 HTTP/1.1" 200 5043 "-" "Mozilla/5.0 (Linux; Android 6.0.1; Nexus 5X Build/MMB29P) AppleWebKit/537.36 (KHTML, like Gecko) Chrome/150.0.7871.186 Mobile Safari/537.36 (compatible; Googlebot/2.1; +http://www.google.com/bot.html)"
66.249.72.206 - - [11/Aug/2026:10:04:18 -0400] "GET /?c=92683175400702 HTTP/1.1" 200 5043 "-" "Mozilla/5.0 (Linux; Android 6.0.1; Nexus 5X Build/MMB29P) AppleWebKit/537.36 (KHTML, like Gecko) Chrome/150.0.7871.186 Mobile Safari/537.36 (compatible; Googlebot/2.1; +http://www.google.com/bot.html)"
57.141.0.42 - - [11/Aug/2026:10:04:21 -0400] "GET /?c=9267489543900 HTTP/1.1" 200 5043 "-" "Mozilla/5.0 (Windows NT 10.0; Win64; x64) AppleWebKit/537.36 (KHTML, like Gecko) Chrome/145.0.0.0 Safari/537.36 (compatible; meta-externalagent/1.1 (+https://developers.facebook.com/docs/sharing/webmasters/crawler))"
66.249.72.205 - - [11/Aug/2026:10:04:27 -0400] "GET /?c=88978159384701 HTTP/1.1" 200 5043 "-" "Mozilla/5.0 (Linux; Android 6.0.1; Nexus 5X Build/MMB29P) AppleWebKit/537.36 (KHTML, like Gecko) Chrome/150.0.7871.186 Mobile Safari/537.36 (compatible; Googlebot/2.1; +http://www.google.com/bot.html)"
66.249.72.205 - - [11/Aug/2026:10:04:37 -0400] "GET /?c=0126441183703 HTTP/1.1" 200 5043 "-" "Mozilla/5.0 (Linux; Android 6.0.1; Nexus 5X Build/MMB29P) AppleWebKit/537.36 (KHTML, like Gecko) Chrome/150.0.7871.186 Mobile Safari/537.36 (compatible; Googlebot/2.1; +http://www.google.com/bot.html)"
57.141.0.17 - - [11/Aug/2026:10:04:39 -0400] "GET /?c=98730149654002 HTTP/1.1" 200 5043 "-" "Mozilla/5.0 (Windows NT 10.0; Win64; x64) AppleWebKit/537.36 (KHTML, like Gecko) Chrome/145.0.0.0 Safari/537.36 (compatible; meta-externalagent/1.1 (+https://developers.facebook.com/docs/sharing/webmasters/crawler))"
66.249.72.205 - - [11/Aug/2026:10:04:46 -0400] "GET /?c=8611918175902 HTTP/1.1" 200 5043 "-" "Mozilla/5.0 (Linux; Android 6.0.1; Nexus 5X Build/MMB29P) AppleWebKit/537.36 (KHTML, like Gecko) Chrome/150.0.7871.186 Mobile Safari/537.36 (compatible; Googlebot/2.1; +http://www.google.com/bot.html)"
66.249.72.205 - - [11/Aug/2026:10:04:53 -0400] "GET /?c=2593940960700 HTTP/1.1" 200 5043 "-" "Mozilla/5.0 (Linux; Android 6.0.1; Nexus 5X Build/MMB29P) AppleWebKit/537.36 (KHTML, like Gecko) Chrome/150.0.7871.186 Mobile Safari/537.36 (compatible; Googlebot/2.1; +http://www.google.com/bot.html)"
57.141.0.59 - - [11/Aug/2026:10:04:55 -0400] "GET /?c=88388221192006 HTTP/1.1" 200 5043 "-" "Mozilla/5.0 (Windows NT 10.0; Win64; x64) AppleWebKit/537.36 (KHTML, like Gecko) Chrome/145.0.0.0 Safari/537.36 (compatible; meta-externalagent/1.1 (+https://developers.facebook.com/docs/sharing/webmasters/crawler))"
4.151.241.244 - - [11/Aug/2026:10:04:57 -0400] "GET /?c=2925349037506 HTTP/1.1" 200 5043 "-" "Mozilla/5.0 AppleWebKit/537.36 (KHTML, like Gecko); compatible; ChatGPT-User/1.0; +https://openai.com/bot"
66.249.72.205 - - [11/Aug/2026:10:04:59 -0400] "GET /?c=2341058169203 HTTP/1.1" 200 5043 "-" "Mozilla/5.0 (Linux; Android 6.0.1; Nexus 5X Build/MMB29P) AppleWebKit/537.36 (KHTML, like Gecko) Chrome/150.0.7871.186 Mobile Safari/537.36 (compatible; Googlebot/2.1; +http://www.google.com/bot.html)"
66.249.72.205 - - [11/Aug/2026:10:05:01 -0400] "GET /?c=6810098139606 HTTP/1.1" 200 5043 "-" "Mozilla/5.0 (Linux; Android 6.0.1; Nexus 5X Build/MMB29P) AppleWebKit/537.36 (KHTML, like Gecko) Chrome/150.0.7871.186 Mobile Safari/537.36 (compatible; Googlebot/2.1; +http://www.google.com/bot.html)"
66.249.72.205 - - [11/Aug/2026:10:05:01 -0400] "GET /?c=8371095239606 HTTP/1.1" 200 5043 "-" "Mozilla/5.0 (Linux; Android 6.0.1; Nexus 5X Build/MMB29P) AppleWebKit/537.36 (KHTML, like Gecko) Chrome/150.0.7871.186 Mobile Safari/537.36 (compatible; Googlebot/2.1; +http://www.google.com/bot.html)"
66.249.72.205 - - [11/Aug/2026:10:05:04 -0400] "GET /?c=70583122033003 HTTP/1.1" 200 5043 "-" "Mozilla/5.0 (Linux; Android 6.0.1; Nexus 5X Build/MMB29P) AppleWebKit/537.36 (KHTML, like Gecko) Chrome/150.0.7871.186 Mobile Safari/537.36 (compatible; Googlebot/2.1; +http://www.google.com/bot.html)"
57.141.0.1 - - [11/Aug/2026:10:05:08 -0400] "GET /?c=17285203971706 HTTP/1.1" 200 5043 "-" "Mozilla/5.0 (Windows NT 10.0; Win64; x64) AppleWebKit/537.36 (KHTML, like Gecko) Chrome/145.0.0.0 Safari/537.36 (compatible; meta-externalagent/1.1 (+https://developers.facebook.com/docs/sharing/webmasters/crawler))"
66.249.72.205 - - [11/Aug/2026:10:05:12 -0400] "GET /?c=2762059100505 HTTP/1.1" 200 5043 "-" "Mozilla/5.0 (Linux; Android 6.0.1; Nexus 5X Build/MMB29P) AppleWebKit/537.36 (KHTML, like Gecko) Chrome/150.0.7871.186 Mobile Safari/537.36 (compatible; Googlebot/2.1; +http://www.google.com/bot.html)"
66.249.72.205 - - [11/Aug/2026:10:05:15 -0400] "GET /?c=52836213517701 HTTP/1.1" 200 5043 "-" "Mozilla/5.0 (Linux; Android 6.0.1; Nexus 5X Build/MMB29P) AppleWebKit/537.36 (KHTML, like Gecko) Chrome/150.0.7871.186 Mobile Safari/537.36 (compatible; Googlebot/2.1; +http://www.google.com/bot.html)"
66.249.72.205 - - [11/Aug/2026:10:05:15 -0400] "GET /?c=42986114943402 HTTP/1.1" 200 5043 "-" "Mozilla/5.0 (Linux; Android 6.0.1; Nexus 5X Build/MMB29P) AppleWebKit/537.36 (KHTML, like Gecko) Chrome/150.0.7871.186 Mobile Safari/537.36 (compatible; Googlebot/2.1; +http://www.google.com/bot.html)"
66.249.72.205 - - [11/Aug/2026:10:05:16 -0400] "GET /?c=5295520983301 HTTP/1.1" 200 5043 "-" "Mozilla/5.0 (Linux; Android 6.0.1; Nexus 5X Build/MMB29P) AppleWebKit/537.36 (KHTML, like Gecko) Chrome/150.0.7871.186 Mobile Safari/537.36 (compatible; Googlebot/2.1; +http://www.google.com/bot.html)"
57.141.0.10 - - [11/Aug/2026:10:05:19 -0400] "GET /?c=80558292851101 HTTP/1.1" 429 17 "-" "Mozilla/5.0 (Macintosh; Intel Mac OS X 10_15_7) AppleWebKit/537.36 (KHTML, like Gecko) Chrome/145.0.0.0 Safari/537.36 (compatible; meta-externalagent/1.1 (+https://developers.facebook.com/docs/sharing/webmasters/crawler))"
66.249.72.205 - - [11/Aug/2026:10:05:20 -0400] "GET /?c=4547143395001 HTTP/1.1" 200 5043 "-" "Mozilla/5.0 (Linux; Android 6.0.1; Nexus 5X Build/MMB29P) AppleWebKit/537.36 (KHTML, like Gecko) Chrome/150.0.7871.186 Mobile Safari/537.36 (compatible; Googlebot/2.1; +http://www.google.com/bot.html)"
66.249.72.205 - - [11/Aug/2026:10:05:26 -0400] "GET /?c=74648156280201 HTTP/1.1" 200 5043 "-" "Mozilla/5.0 (Linux; Android 6.0.1; Nexus 5X Build/MMB29P) AppleWebKit/537.36 (KHTML, like Gecko) Chrome/150.0.7871.186 Mobile Safari/537.36 (compatible; Googlebot/2.1; +http://www.google.com/bot.html)"
57.141.0.33 - - [11/Aug/2026:10:05:31 -0400] "GET /?c=85210193265506 HTTP/1.1" 429 17 "-" "Mozilla/5.0 (Macintosh; Intel Mac OS X 10_15_7) AppleWebKit/537.36 (KHTML, like Gecko) Chrome/145.0.0.0 Safari/537.36 (compatible; meta-externalagent/1.1 (+https://developers.facebook.com/docs/sharing/webmasters/crawler))"
57.141.0.15 - - [11/Aug/2026:10:05:31 -0400] "GET /?c=84011298729300 HTTP/1.1" 429 17 "-" "Mozilla/5.0 (Macintosh; Intel Mac OS X 10_15_7) AppleWebKit/537.36 (KHTML, like Gecko) Chrome/145.0.0.0 Safari/537.36 (compatible; meta-externalagent/1.1 (+https://developers.facebook.com/docs/sharing/webmasters/crawler))"
66.249.72.205 - - [11/Aug/2026:10:05:31 -0400] "GET /?c=7523347744201 HTTP/1.1" 200 5043 "-" "Mozilla/5.0 (Linux; Android 6.0.1; Nexus 5X Build/MMB29P) AppleWebKit/537.36 (KHTML, like Gecko) Chrome/150.0.7871.186 Mobile Safari/537.36 (compatible; Googlebot/2.1; +http://www.google.com/bot.html)"
66.249.72.205 - - [11/Aug/2026:10:05:34 -0400] "GET /?c=10774158538601 HTTP/1.1" 200 5043 "-" "Mozilla/5.0 (Linux; Android 6.0.1; Nexus 5X Build/MMB29P) AppleWebKit/537.36 (KHTML, like Gecko) Chrome/150.0.7871.186 Mobile Safari/537.36 (compatible; Googlebot/2.1; +http://www.google.com/bot.html)"
66.249.72.205 - - [11/Aug/2026:10:05:39 -0400] "GET /?c=17940258273903 HTTP/1.1" 200 5043 "-" "Mozilla/5.0 (Linux; Android 6.0.1; Nexus 5X Build/MMB29P) AppleWebKit/537.36 (KHTML, like Gecko) Chrome/150.0.7871.186 Mobile Safari/537.36 (compatible; Googlebot/2.1; +http://www.google.com/bot.html)"
66.249.72.205 - - [11/Aug/2026:10:05:43 -0400] "GET /?c=07665128671301 HTTP/1.1" 200 5043 "-" "Mozilla/5.0 (Linux; Android 6.0.1; Nexus 5X Build/MMB29P) AppleWebKit/537.36 (KHTML, like Gecko) Chrome/150.0.7871.186 Mobile Safari/537.36 (compatible; Googlebot/2.1; +http://www.google.com/bot.html)"
57.141.0.46 - - [11/Aug/2026:10:05:43 -0400] "GET /?c=14020150457701 HTTP/1.1" 429 17 "-" "Mozilla/5.0 (Windows NT 10.0; Win64; x64) AppleWebKit/537.36 (KHTML, like Gecko) Chrome/145.0.0.0 Safari/537.36 (compatible; meta-externalagent/1.1 (+https://developers.facebook.com/docs/sharing/webmasters/crawler))"
57.141.0.52 - - [11/Aug/2026:10:05:46 -0400] "GET /?c=0859140208502 HTTP/1.1" 429 17 "-" "Mozilla/5.0 (Macintosh; Intel Mac OS X 10_15_7) AppleWebKit/537.36 (KHTML, like Gecko) Chrome/145.0.0.0 Safari/537.36 (compatible; meta-externalagent/1.1 (+https://developers.facebook.com/docs/sharing/webmasters/crawler))"
57.141.0.41 - - [11/Aug/2026:10:05:48 -0400] "GET /?c=28121297525704 HTTP/1.1" 429 17 "-" "Mozilla/5.0 (Windows NT 10.0; Win64; x64) AppleWebKit/537.36 (KHTML, like Gecko) Chrome/145.0.0.0 Safari/537.36 (compatible; meta-externalagent/1.1 (+https://developers.facebook.com/docs/sharing/webmasters/crawler))"
66.249.72.205 - - [11/Aug/2026:10:05:49 -0400] "GET /?c=87451263857800 HTTP/1.1" 200 5043 "-" "Mozilla/5.0 (Linux; Android 6.0.1; Nexus 5X Build/MMB29P) AppleWebKit/537.36 (KHTML, like Gecko) Chrome/150.0.7871.186 Mobile Safari/537.36 (compatible; Googlebot/2.1; +http://www.google.com/bot.html)"
66.249.72.205 - - [11/Aug/2026:10:05:56 -0400] "GET /?c=70821244552503 HTTP/1.1" 200 5043 "-" "Mozilla/5.0 (Linux; Android 6.0.1; Nexus 5X Build/MMB29P) AppleWebKit/537.36 (KHTML, like Gecko) Chrome/150.0.7871.186 Mobile Safari/537.36 (compatible; Googlebot/2.1; +http://www.google.com/bot.html)"
66.249.72.205 - - [11/Aug/2026:10:06:00 -0400] "GET /?c=18064176101306 HTTP/1.1" 200 5043 "-" "Mozilla/5.0 (Linux; Android 6.0.1; Nexus 5X Build/MMB29P) AppleWebKit/537.36 (KHTML, like Gecko) Chrome/150.0.7871.186 Mobile Safari/537.36 (compatible; Googlebot/2.1; +http://www.google.com/bot.html)"
57.141.0.36 - - [11/Aug/2026:10:06:03 -0400] "GET /?c=27880190556903 HTTP/1.1" 429 17 "-" "Mozilla/5.0 (Windows NT 10.0; Win64; x64) AppleWebKit/537.36 (KHTML, like Gecko) Chrome/145.0.0.0 Safari/537.36 (compatible; meta-externalagent/1.1 (+https://developers.facebook.com/docs/sharing/webmasters/crawler))"
66.249.72.206 - - [11/Aug/2026:10:06:05 -0400] "GET /shop/e/e009001044001/ HTTP/1.1" 404 16 "-" "Mozilla/5.0 (Linux; Android 6.0.1; Nexus 5X Build/MMB29P) AppleWebKit/537.36 (KHTML, like Gecko) Chrome/151.0.7922.108 Mobile Safari/537.36 (compatible; Googlebot/2.1; +http://www.google.com/bot.html)"
