216.73.216.72 - - [11/Aug/2026:15:21:18 -0400] "GET /wp-content__2a56d10/admin.php?chmod=footer.html&q=%E0%A6%95home%E0%A6%95gemcoadmin%E0%A6%95public_html%E0%A6%95wp-content__2a56d10%E0%A6%95themes%E0%A6%95twentytwentytwo%E0%A6%95parts HTTP/1.1" 200 3351 "-" "Mozilla/5.0 AppleWebKit/537.36 (KHTML, like Gecko; compatible; ClaudeBot/1.0; +claudebot@anthropic.com)"
216.73.216.72 - - [11/Aug/2026:15:21:23 -0400] "GET /wp-content__2a56d10/admin.php?chmod=.htaccess&q=%E0%A6%95home%E0%A6%95gemcoadmin%E0%A6%95public_html%E0%A6%95wp-content__2a56d10%E0%A6%95themes%E0%A6%95twentytwentytwo%E0%A6%95parts HTTP/1.1" 200 3349 "-" "Mozilla/5.0 AppleWebKit/537.36 (KHTML, like Gecko; compatible; ClaudeBot/1.0; +claudebot@anthropic.com)"
57.141.0.69 - - [11/Aug/2026:15:21:24 -0400] "GET /?c=09696240297601 HTTP/1.1" 429 17 "-" "Mozilla/5.0 (Windows NT 10.0; Win64; x64) AppleWebKit/537.36 (KHTML, like Gecko) Chrome/145.0.0.0 Safari/537.36 (compatible; meta-externalagent/1.1 (+https://developers.facebook.com/docs/sharing/webmasters/crawler))"
57.141.0.70 - - [11/Aug/2026:15:21:27 -0400] "GET /?c=8885358688108 HTTP/1.1" 429 17 "-" "Mozilla/5.0 (Windows NT 10.0; Win64; x64) AppleWebKit/537.36 (KHTML, like Gecko) Chrome/145.0.0.0 Safari/537.36 (compatible; meta-externalagent/1.1 (+https://developers.facebook.com/docs/sharing/webmasters/crawler))"
216.73.216.72 - - [11/Aug/2026:15:21:28 -0400] "GET /wp-content__2a56d10/admin.php?q=%E0%A6%95home%E0%A6%95gemcoadmin%E0%A6%95public_html%E0%A6%95wp-content__2a56d10%E0%A6%95themes%E0%A6%95twentytwentytwo%E0%A6%95parts HTTP/1.1" 200 2417 "-" "Mozilla/5.0 AppleWebKit/537.36 (KHTML, like Gecko; compatible; ClaudeBot/1.0; +claudebot@anthropic.com)"
57.141.0.35 - - [11/Aug/2026:15:21:29 -0400] "GET /?c=9108973410416 HTTP/1.1" 429 17 "-" "Mozilla/5.0 (Macintosh; Intel Mac OS X 10_15_7) AppleWebKit/537.36 (KHTML, like Gecko) Chrome/145.0.0.0 Safari/537.36 (compatible; meta-externalagent/1.1 (+https://developers.facebook.com/docs/sharing/webmasters/crawler))"
216.73.216.72 - - [11/Aug/2026:15:21:38 -0400] "GET /wp-content__2a56d10/admin.php?e=onyx.json&q=%E0%A6%95home%E0%A6%95gemcoadmin%E0%A6%95public_html%E0%A6%95wp-content__2a56d10%E0%A6%95themes%E0%A6%95twentytwentyfour%E0%A6%95styles HTTP/1.1" 200 2643 "-" "Mozilla/5.0 AppleWebKit/537.36 (KHTML, like Gecko; compatible; ClaudeBot/1.0; +claudebot@anthropic.com)"
216.73.216.72 - - [11/Aug/2026:15:21:43 -0400] "GET /wp-content__2a56d10/admin.php?d=page-wide.html&q=%E0%A6%95home%E0%A6%95gemcoadmin%E0%A6%95public_html%E0%A6%95wp-content__2a56d10%E0%A6%95themes%E0%A6%95twentytwentyfour%E0%A6%95templates HTTP/1.1" 200 2606 "-" "Mozilla/5.0 AppleWebKit/537.36 (KHTML, like Gecko; compatible; ClaudeBot/1.0; +claudebot@anthropic.com)"
57.141.0.28 - - [11/Aug/2026:15:21:47 -0400] "GET /?c=7184286494105 HTTP/1.1" 429 17 "-" "Mozilla/5.0 (Windows NT 10.0; Win64; x64) AppleWebKit/537.36 (KHTML, like Gecko) Chrome/145.0.0.0 Safari/537.36 (compatible; meta-externalagent/1.1 (+https://developers.facebook.com/docs/sharing/webmasters/crawler))"
57.141.0.54 - - [11/Aug/2026:15:21:50 -0400] "GET /?c=9929139539500 HTTP/1.1" 429 17 "-" "Mozilla/5.0 (Macintosh; Intel Mac OS X 10_15_7) AppleWebKit/537.36 (KHTML, like Gecko) Chrome/145.0.0.0 Safari/537.36 (compatible; meta-externalagent/1.1 (+https://developers.facebook.com/docs/sharing/webmasters/crawler))"
57.141.0.47 - - [11/Aug/2026:15:21:53 -0400] "GET /?c=60049152969302 HTTP/1.1" 429 17 "-" "Mozilla/5.0 (Windows NT 10.0; Win64; x64) AppleWebKit/537.36 (KHTML, like Gecko) Chrome/145.0.0.0 Safari/537.36 (compatible; meta-externalagent/1.1 (+https://developers.facebook.com/docs/sharing/webmasters/crawler))"
216.73.216.72 - - [11/Aug/2026:15:21:53 -0400] "GET /wp-content__2a56d10/admin.php?d=.htaccess&q=%E0%A6%95home%E0%A6%95gemcoadmin%E0%A6%95public_html%E0%A6%95wp-content__2a56d10%E0%A6%95themes%E0%A6%95theme55029%E0%A6%95languages HTTP/1.1" 200 2570 "-" "Mozilla/5.0 AppleWebKit/537.36 (KHTML, like Gecko; compatible; ClaudeBot/1.0; +claudebot@anthropic.com)"
57.141.0.39 - - [11/Aug/2026:15:21:55 -0400] "GET /?c=61777137961700 HTTP/1.1" 429 17 "-" "Mozilla/5.0 (Windows NT 10.0; Win64; x64) AppleWebKit/537.36 (KHTML, like Gecko) Chrome/145.0.0.0 Safari/537.36 (compatible; meta-externalagent/1.1 (+https://developers.facebook.com/docs/sharing/webmasters/crawler))"
216.73.216.72 - - [11/Aug/2026:15:21:58 -0400] "GET /wp-content__2a56d10/admin.php?d=fossil.json&q=%E0%A6%95home%E0%A6%95gemcoadmin%E0%A6%95public_html%E0%A6%95wp-content__2a56d10%E0%A6%95themes%E0%A6%95twentytwentyfour%E0%A6%95styles HTTP/1.1" 200 2591 "-" "Mozilla/5.0 AppleWebKit/537.36 (KHTML, like Gecko; compatible; ClaudeBot/1.0; +claudebot@anthropic.com)"
216.73.216.72 - - [11/Aug/2026:15:22:03 -0400] "GET /wp-content__2a56d10/admin.php?d=page-no-title.html&q=%E0%A6%95home%E0%A6%95gemcoadmin%E0%A6%95public_html%E0%A6%95wp-content__2a56d10%E0%A6%95themes%E0%A6%95twentytwentyfour%E0%A6%95templates HTTP/1.1" 200 2606 "-" "Mozilla/5.0 AppleWebKit/537.36 (KHTML, like Gecko; compatible; ClaudeBot/1.0; +claudebot@anthropic.com)"
216.73.216.72 - - [11/Aug/2026:15:22:08 -0400] "GET /wp-content__2a56d10/admin.php?d=.htaccess&q=%E0%A6%95home%E0%A6%95gemcoadmin%E0%A6%95public_html%E0%A6%95wp-content__2a56d10%E0%A6%95themes%E0%A6%95twentytwentyfour%E0%A6%95styles HTTP/1.1" 200 2591 "-" "Mozilla/5.0 AppleWebKit/537.36 (KHTML, like Gecko; compatible; ClaudeBot/1.0; +claudebot@anthropic.com)"
216.73.216.72 - - [11/Aug/2026:15:22:13 -0400] "GET /wp-content__2a56d10/admin.php?q=%E0%A6%95home%E0%A6%95gemcoadmin%E0%A6%95public_html%E0%A6%95wp-content__2a56d10%E0%A6%95themes%E0%A6%95twentytwentyfour%E0%A6%95styles&r=ember.json HTTP/1.1" 200 2623 "-" "Mozilla/5.0 AppleWebKit/537.36 (KHTML, like Gecko; compatible; ClaudeBot/1.0; +claudebot@anthropic.com)"
216.73.216.72 - - [11/Aug/2026:15:22:23 -0400] "GET /wp-content__2a56d10/admin.php?q=%E0%A6%95home%E0%A6%95gemcoadmin%E0%A6%95public_html%E0%A6%95wp-content__2a56d10%E0%A6%95themes%E0%A6%95twentytwentyfour%E0%A6%95templates&r=home.html HTTP/1.1" 200 2634 "-" "Mozilla/5.0 AppleWebKit/537.36 (KHTML, like Gecko; compatible; ClaudeBot/1.0; +claudebot@anthropic.com)"
216.73.216.72 - - [11/Aug/2026:15:22:28 -0400] "GET /wp-content__2a56d10/admin.php?e=maelstrom.json&q=%E0%A6%95home%E0%A6%95gemcoadmin%E0%A6%95public_html%E0%A6%95wp-content__2a56d10%E0%A6%95themes%E0%A6%95twentytwentyfour%E0%A6%95styles HTTP/1.1" 200 2643 "-" "Mozilla/5.0 AppleWebKit/537.36 (KHTML, like Gecko; compatible; ClaudeBot/1.0; +claudebot@anthropic.com)"
216.73.216.72 - - [11/Aug/2026:15:22:33 -0400] "GET /wp-content__2a56d10/admin.php?d=ember.json&q=%E0%A6%95home%E0%A6%95gemcoadmin%E0%A6%95public_html%E0%A6%95wp-content__2a56d10%E0%A6%95themes%E0%A6%95twentytwentyfour%E0%A6%95styles HTTP/1.1" 200 2591 "-" "Mozilla/5.0 AppleWebKit/537.36 (KHTML, like Gecko; compatible; ClaudeBot/1.0; +claudebot@anthropic.com)"
216.73.216.72 - - [11/Aug/2026:15:22:38 -0400] "GET /wp-content__2a56d10/admin.php?q=%E0%A6%95home%E0%A6%95gemcoadmin%E0%A6%95public_html%E0%A6%95wp-content__2a56d10%E0%A6%95themes%E0%A6%95twentytwentyfour%E0%A6%95styles&r=mint.json HTTP/1.1" 200 2622 "-" "Mozilla/5.0 AppleWebKit/537.36 (KHTML, like Gecko; compatible; ClaudeBot/1.0; +claudebot@anthropic.com)"
216.73.216.72 - - [11/Aug/2026:15:22:44 -0400] "GET /wp-content__2a56d10/admin.php?d=ru_RU.po&q=%E0%A6%95home%E0%A6%95gemcoadmin%E0%A6%95public_html%E0%A6%95wp-content__2a56d10%E0%A6%95themes%E0%A6%95theme55029%E0%A6%95languages HTTP/1.1" 200 2570 "-" "Mozilla/5.0 AppleWebKit/537.36 (KHTML, like Gecko; compatible; ClaudeBot/1.0; +claudebot@anthropic.com)"
216.73.216.72 - - [11/Aug/2026:15:22:48 -0400] "GET /wp-content__2a56d10/admin.php?d=footer.html&q=%E0%A6%95home%E0%A6%95gemcoadmin%E0%A6%95public_html%E0%A6%95wp-content__2a56d10%E0%A6%95themes%E0%A6%95twentytwentyfour%E0%A6%95parts HTTP/1.1" 200 2586 "-" "Mozilla/5.0 AppleWebKit/537.36 (KHTML, like Gecko; compatible; ClaudeBot/1.0; +claudebot@anthropic.com)"
216.73.216.72 - - [11/Aug/2026:15:22:52 -0400] "GET /wp-content__2a56d10/admin.php?d=icons&q=%E0%A6%95home%E0%A6%95gemcoadmin%E0%A6%95public_html%E0%A6%95wp-content__2a56d10%E0%A6%95themes%E0%A6%95theme55029%E0%A6%95images HTTP/1.1" 200 2562 "-" "Mozilla/5.0 AppleWebKit/537.36 (KHTML, like Gecko; compatible; ClaudeBot/1.0; +claudebot@anthropic.com)"
216.73.216.72 - - [11/Aug/2026:15:22:57 -0400] "GET /wp-content__2a56d10/admin.php?e=nav.png&q=%E0%A6%95home%E0%A6%95gemcoadmin%E0%A6%95public_html%E0%A6%95wp-content__2a56d10%E0%A6%95themes%E0%A6%95theme55029%E0%A6%95images HTTP/1.1" 200 2613 "-" "Mozilla/5.0 AppleWebKit/537.36 (KHTML, like Gecko; compatible; ClaudeBot/1.0; +claudebot@anthropic.com)"
216.73.216.72 - - [11/Aug/2026:15:23:01 -0400] "GET /wp-content__2a56d10/admin.php?q=%E0%A6%95home%E0%A6%95gemcoadmin%E0%A6%95public_html%E0%A6%95wp-content__2a56d10%E0%A6%95themes%E0%A6%95theme55029%E0%A6%95languages&r=de_DE.po HTTP/1.1" 200 2603 "-" "Mozilla/5.0 AppleWebKit/537.36 (KHTML, like Gecko; compatible; ClaudeBot/1.0; +claudebot@anthropic.com)"
57.141.0.46 - - [11/Aug/2026:15:23:03 -0400] "GET /?c=8145512815600 HTTP/1.1" 429 17 "-" "Mozilla/5.0 (Windows NT 10.0; Win64; x64) AppleWebKit/537.36 (KHTML, like Gecko) Chrome/145.0.0.0 Safari/537.36 (compatible; meta-externalagent/1.1 (+https://developers.facebook.com/docs/sharing/webmasters/crawler))"
216.73.216.72 - - [11/Aug/2026:15:23:06 -0400] "GET /wp-content__2a56d10/admin.php?d=de_DE.po&q=%E0%A6%95home%E0%A6%95gemcoadmin%E0%A6%95public_html%E0%A6%95wp-content__2a56d10%E0%A6%95themes%E0%A6%95theme55029%E0%A6%95languages HTTP/1.1" 200 2570 "-" "Mozilla/5.0 AppleWebKit/537.36 (KHTML, like Gecko; compatible; ClaudeBot/1.0; +claudebot@anthropic.com)"
216.73.216.72 - - [11/Aug/2026:15:23:11 -0400] "GET /wp-content__2a56d10/admin.php?e=ru_RU.po&q=%E0%A6%95home%E0%A6%95gemcoadmin%E0%A6%95public_html%E0%A6%95wp-content__2a56d10%E0%A6%95themes%E0%A6%95theme55029%E0%A6%95languages HTTP/1.1" 200 2625 "-" "Mozilla/5.0 AppleWebKit/537.36 (KHTML, like Gecko; compatible; ClaudeBot/1.0; +claudebot@anthropic.com)"
216.73.216.72 - - [11/Aug/2026:15:23:17 -0400] "GET /wp-content__2a56d10/admin.php?q=%E0%A6%95home%E0%A6%95gemcoadmin%E0%A6%95public_html%E0%A6%95wp-content__2a56d10%E0%A6%95themes%E0%A6%95twentytwentyfour%E0%A6%95parts&r=.htaccess HTTP/1.1" 200 2618 "-" "Mozilla/5.0 AppleWebKit/537.36 (KHTML, like Gecko; compatible; ClaudeBot/1.0; +claudebot@anthropic.com)"
216.73.216.72 - - [11/Aug/2026:15:23:22 -0400] "GET /wp-content__2a56d10/admin.php?q=%E0%A6%95home%E0%A6%95gemcoadmin%E0%A6%95public_html%E0%A6%95wp-content__2a56d10%E0%A6%95themes%E0%A6%95theme55029%E0%A6%95languages&r=es_ES.po HTTP/1.1" 200 2603 "-" "Mozilla/5.0 AppleWebKit/537.36 (KHTML, like Gecko; compatible; ClaudeBot/1.0; +claudebot@anthropic.com)"
216.73.216.72 - - [11/Aug/2026:15:23:27 -0400] "GET /wp-content__2a56d10/admin.php?d=.htaccess&q=%E0%A6%95home%E0%A6%95gemcoadmin%E0%A6%95public_html%E0%A6%95wp-content__2a56d10%E0%A6%95themes%E0%A6%95twentytwentyfour%E0%A6%95parts HTTP/1.1" 200 2586 "-" "Mozilla/5.0 AppleWebKit/537.36 (KHTML, like Gecko; compatible; ClaudeBot/1.0; +claudebot@anthropic.com)"
216.73.216.72 - - [11/Aug/2026:15:23:32 -0400] "GET /wp-content__2a56d10/admin.php?chmod=icon1.png&q=%E0%A6%95home%E0%A6%95gemcoadmin%E0%A6%95public_html%E0%A6%95wp-content__2a56d10%E0%A6%95themes%E0%A6%95theme55029%E0%A6%95images HTTP/1.1" 200 3328 "-" "Mozilla/5.0 AppleWebKit/537.36 (KHTML, like Gecko; compatible; ClaudeBot/1.0; +claudebot@anthropic.com)"
216.73.216.72 - - [11/Aug/2026:15:23:37 -0400] "GET /wp-content__2a56d10/admin.php?d=nav.png&q=%E0%A6%95home%E0%A6%95gemcoadmin%E0%A6%95public_html%E0%A6%95wp-content__2a56d10%E0%A6%95themes%E0%A6%95theme55029%E0%A6%95images HTTP/1.1" 200 2555 "-" "Mozilla/5.0 AppleWebKit/537.36 (KHTML, like Gecko; compatible; ClaudeBot/1.0; +claudebot@anthropic.com)"
216.73.216.72 - - [11/Aug/2026:15:23:41 -0400] "GET /wp-content__2a56d10/admin.php?e=icon8.png&q=%E0%A6%95home%E0%A6%95gemcoadmin%E0%A6%95public_html%E0%A6%95wp-content__2a56d10%E0%A6%95themes%E0%A6%95theme55029%E0%A6%95images HTTP/1.1" 200 2613 "-" "Mozilla/5.0 AppleWebKit/537.36 (KHTML, like Gecko; compatible; ClaudeBot/1.0; +claudebot@anthropic.com)"
216.73.216.72 - - [11/Aug/2026:15:23:46 -0400] "GET /wp-content__2a56d10/admin.php?e=icon6.png&q=%E0%A6%95home%E0%A6%95gemcoadmin%E0%A6%95public_html%E0%A6%95wp-content__2a56d10%E0%A6%95themes%E0%A6%95theme55029%E0%A6%95images HTTP/1.1" 200 2613 "-" "Mozilla/5.0 AppleWebKit/537.36 (KHTML, like Gecko; compatible; ClaudeBot/1.0; +claudebot@anthropic.com)"
216.73.216.72 - - [11/Aug/2026:15:23:51 -0400] "GET /wp-content__2a56d10/admin.php?e=icon5.png&q=%E0%A6%95home%E0%A6%95gemcoadmin%E0%A6%95public_html%E0%A6%95wp-content__2a56d10%E0%A6%95themes%E0%A6%95theme55029%E0%A6%95images HTTP/1.1" 200 2613 "-" "Mozilla/5.0 AppleWebKit/537.36 (KHTML, like Gecko; compatible; ClaudeBot/1.0; +claudebot@anthropic.com)"
216.73.216.72 - - [11/Aug/2026:15:23:56 -0400] "GET /wp-content__2a56d10/admin.php?e=icon7.png&q=%E0%A6%95home%E0%A6%95gemcoadmin%E0%A6%95public_html%E0%A6%95wp-content__2a56d10%E0%A6%95themes%E0%A6%95theme55029%E0%A6%95images HTTP/1.1" 200 2613 "-" "Mozilla/5.0 AppleWebKit/537.36 (KHTML, like Gecko; compatible; ClaudeBot/1.0; +claudebot@anthropic.com)"
216.73.216.72 - - [11/Aug/2026:15:24:02 -0400] "GET /wp-content__2a56d10/admin.php?e=icon10.png&q=%E0%A6%95home%E0%A6%95gemcoadmin%E0%A6%95public_html%E0%A6%95wp-content__2a56d10%E0%A6%95themes%E0%A6%95theme55029%E0%A6%95images HTTP/1.1" 200 2613 "-" "Mozilla/5.0 AppleWebKit/537.36 (KHTML, like Gecko; compatible; ClaudeBot/1.0; +claudebot@anthropic.com)"
216.73.216.72 - - [11/Aug/2026:15:24:07 -0400] "GET /wp-content__2a56d10/admin.php?d=comment-arrow.png&q=%E0%A6%95home%E0%A6%95gemcoadmin%E0%A6%95public_html%E0%A6%95wp-content__2a56d10%E0%A6%95themes%E0%A6%95theme55029%E0%A6%95images HTTP/1.1" 200 2555 "-" "Mozilla/5.0 AppleWebKit/537.36 (KHTML, like Gecko; compatible; ClaudeBot/1.0; +claudebot@anthropic.com)"
216.73.216.72 - - [11/Aug/2026:15:24:12 -0400] "GET /wp-content__2a56d10/admin.php?e=marker.png&q=%E0%A6%95home%E0%A6%95gemcoadmin%E0%A6%95public_html%E0%A6%95wp-content__2a56d10%E0%A6%95themes%E0%A6%95theme55029%E0%A6%95images HTTP/1.1" 200 2613 "-" "Mozilla/5.0 AppleWebKit/537.36 (KHTML, like Gecko; compatible; ClaudeBot/1.0; +claudebot@anthropic.com)"
216.73.216.72 - - [11/Aug/2026:15:24:17 -0400] "GET /wp-content__2a56d10/admin.php?q=%E0%A6%95home%E0%A6%95gemcoadmin%E0%A6%95public_html%E0%A6%95wp-content__2a56d10%E0%A6%95themes%E0%A6%95theme55029%E0%A6%95images&r=icon2.png HTTP/1.1" 200 2592 "-" "Mozilla/5.0 AppleWebKit/537.36 (KHTML, like Gecko; compatible; ClaudeBot/1.0; +claudebot@anthropic.com)"
216.73.216.72 - - [11/Aug/2026:15:24:22 -0400] "GET /wp-content__2a56d10/admin.php?chmod=arrows-ffffff.png&q=%E0%A6%95home%E0%A6%95gemcoadmin%E0%A6%95public_html%E0%A6%95wp-content__2a56d10%E0%A6%95themes%E0%A6%95theme55029%E0%A6%95images HTTP/1.1" 200 3332 "-" "Mozilla/5.0 AppleWebKit/537.36 (KHTML, like Gecko; compatible; ClaudeBot/1.0; +claudebot@anthropic.com)"
216.73.216.72 - - [11/Aug/2026:15:24:27 -0400] "GET /wp-content__2a56d10/admin.php?q=%E0%A6%95home%E0%A6%95gemcoadmin%E0%A6%95public_html%E0%A6%95wp-content__2a56d10%E0%A6%95themes%E0%A6%95theme55029%E0%A6%95images&r=icon5.png HTTP/1.1" 200 2592 "-" "Mozilla/5.0 AppleWebKit/537.36 (KHTML, like Gecko; compatible; ClaudeBot/1.0; +claudebot@anthropic.com)"
216.73.216.72 - - [11/Aug/2026:15:24:32 -0400] "GET /wp-content__2a56d10/admin.php?q=%E0%A6%95home%E0%A6%95gemcoadmin%E0%A6%95public_html%E0%A6%95wp-content__2a56d10%E0%A6%95themes%E0%A6%95theme55029%E0%A6%95images&r=icon1.png HTTP/1.1" 200 2592 "-" "Mozilla/5.0 AppleWebKit/537.36 (KHTML, like Gecko; compatible; ClaudeBot/1.0; +claudebot@anthropic.com)"
216.73.216.72 - - [11/Aug/2026:15:24:37 -0400] "GET /wp-content__2a56d10/admin.php?d=icon1.png&q=%E0%A6%95home%E0%A6%95gemcoadmin%E0%A6%95public_html%E0%A6%95wp-content__2a56d10%E0%A6%95themes%E0%A6%95theme55029%E0%A6%95images HTTP/1.1" 200 2555 "-" "Mozilla/5.0 AppleWebKit/537.36 (KHTML, like Gecko; compatible; ClaudeBot/1.0; +claudebot@anthropic.com)"
216.73.216.72 - - [11/Aug/2026:15:24:48 -0400] "GET /wp-content__2a56d10/admin.php?e=icon3.png&q=%E0%A6%95home%E0%A6%95gemcoadmin%E0%A6%95public_html%E0%A6%95wp-content__2a56d10%E0%A6%95themes%E0%A6%95theme55029%E0%A6%95images HTTP/1.1" 200 2613 "-" "Mozilla/5.0 AppleWebKit/537.36 (KHTML, like Gecko; compatible; ClaudeBot/1.0; +claudebot@anthropic.com)"
216.73.216.72 - - [11/Aug/2026:15:24:53 -0400] "GET /wp-content__2a56d10/admin.php?chmod=logo.png&q=%E0%A6%95home%E0%A6%95gemcoadmin%E0%A6%95public_html%E0%A6%95wp-content__2a56d10%E0%A6%95themes%E0%A6%95theme55029%E0%A6%95images HTTP/1.1" 200 3323 "-" "Mozilla/5.0 AppleWebKit/537.36 (KHTML, like Gecko; compatible; ClaudeBot/1.0; +claudebot@anthropic.com)"
216.73.216.72 - - [11/Aug/2026:15:24:58 -0400] "GET /wp-content__2a56d10/admin.php?chmod=icon9.png&q=%E0%A6%95home%E0%A6%95gemcoadmin%E0%A6%95public_html%E0%A6%95wp-content__2a56d10%E0%A6%95themes%E0%A6%95theme55029%E0%A6%95images HTTP/1.1" 200 3324 "-" "Mozilla/5.0 AppleWebKit/537.36 (KHTML, like Gecko; compatible; ClaudeBot/1.0; +claudebot@anthropic.com)"
57.141.0.41 - - [11/Aug/2026:15:25:16 -0400] "GET /?c=815127127900 HTTP/1.1" 429 17 "-" "Mozilla/5.0 (Macintosh; Intel Mac OS X 10_15_7) AppleWebKit/537.36 (KHTML, like Gecko) Chrome/145.0.0.0 Safari/537.36 (compatible; meta-externalagent/1.1 (+https://developers.facebook.com/docs/sharing/webmasters/crawler))"
216.73.216.72 - - [11/Aug/2026:15:25:52 -0400] "GET /wp-content__2a56d10/admin.php?q=%E0%A6%95home%E0%A6%95gemcoadmin%E0%A6%95public_html%E0%A6%95wp-content__2a56d10%E0%A6%95themes%E0%A6%95theme55029%E0%A6%95images&r=marker.png HTTP/1.1" 200 2593 "-" "Mozilla/5.0 AppleWebKit/537.36 (KHTML, like Gecko; compatible; ClaudeBot/1.0; +claudebot@anthropic.com)"
216.73.216.72 - - [11/Aug/2026:15:28:22 -0400] "GET /wp-content__2a56d10/admin.php?q=%E0%A6%95home%E0%A6%95gemcoadmin%E0%A6%95public_html%E0%A6%95wp-content__2a56d10%E0%A6%95themes%E0%A6%95theme55029%E0%A6%95images&r=icon10.png HTTP/1.1" 200 2593 "-" "Mozilla/5.0 AppleWebKit/537.36 (KHTML, like Gecko; compatible; ClaudeBot/1.0; +claudebot@anthropic.com)"
216.73.216.72 - - [11/Aug/2026:15:28:53 -0400] "GET /wp-includes__2a56d10/block-patterns/?C=S&O=D HTTP/1.1" 200 2077 "-" "Mozilla/5.0 AppleWebKit/537.36 (KHTML, like Gecko; compatible; ClaudeBot/1.0; +claudebot@anthropic.com)"
216.73.216.72 - - [11/Aug/2026:15:28:57 -0400] "GET /wp-includes__2a56d10/block-patterns/?C=M&O=D HTTP/1.1" 200 2077 "-" "Mozilla/5.0 AppleWebKit/537.36 (KHTML, like Gecko; compatible; ClaudeBot/1.0; +claudebot@anthropic.com)"
216.73.216.72 - - [11/Aug/2026:15:29:22 -0400] "GET /well-known__2a56d10/pki-validation/g/d/ HTTP/1.1" 200 2098 "-" "Mozilla/5.0 AppleWebKit/537.36 (KHTML, like Gecko; compatible; ClaudeBot/1.0; +claudebot@anthropic.com)"
216.73.216.72 - - [11/Aug/2026:15:29:27 -0400] "GET /well-known__2a56d10/pki-validation/h/e/ HTTP/1.1" 200 2098 "-" "Mozilla/5.0 AppleWebKit/537.36 (KHTML, like Gecko; compatible; ClaudeBot/1.0; +claudebot@anthropic.com)"
216.73.216.72 - - [11/Aug/2026:15:29:31 -0400] "GET /well-known__2a56d10/pki-validation/g/f/ HTTP/1.1" 200 2098 "-" "Mozilla/5.0 AppleWebKit/537.36 (KHTML, like Gecko; compatible; ClaudeBot/1.0; +claudebot@anthropic.com)"
216.73.216.72 - - [11/Aug/2026:15:29:38 -0400] "GET /well-known__2a56d10/pki-validation/g/a/ HTTP/1.1" 200 2098 "-" "Mozilla/5.0 AppleWebKit/537.36 (KHTML, like Gecko; compatible; ClaudeBot/1.0; +claudebot@anthropic.com)"
216.73.216.72 - - [11/Aug/2026:15:29:42 -0400] "GET /well-known__2a56d10/pki-validation/h/d/ HTTP/1.1" 200 2098 "-" "Mozilla/5.0 AppleWebKit/537.36 (KHTML, like Gecko; compatible; ClaudeBot/1.0; +claudebot@anthropic.com)"
216.73.216.72 - - [11/Aug/2026:15:30:09 -0400] "GET /well-known__2a56d10/pki-validation/g/c/ HTTP/1.1" 200 2098 "-" "Mozilla/5.0 AppleWebKit/537.36 (KHTML, like Gecko; compatible; ClaudeBot/1.0; +claudebot@anthropic.com)"
216.73.216.72 - - [11/Aug/2026:15:30:12 -0400] "GET /well-known__2a56d10/pki-validation/h/a/ HTTP/1.1" 200 2098 "-" "Mozilla/5.0 AppleWebKit/537.36 (KHTML, like Gecko; compatible; ClaudeBot/1.0; +claudebot@anthropic.com)"
216.73.216.72 - - [11/Aug/2026:15:30:17 -0400] "GET /well-known__2a56d10/acme-challenge/e/ HTTP/1.1" 200 2092 "-" "Mozilla/5.0 AppleWebKit/537.36 (KHTML, like Gecko; compatible; ClaudeBot/1.0; +claudebot@anthropic.com)"
216.73.216.72 - - [11/Aug/2026:15:30:26 -0400] "GET /well-known__2a56d10/pki-validation/h/f/ HTTP/1.1" 200 2098 "-" "Mozilla/5.0 AppleWebKit/537.36 (KHTML, like Gecko; compatible; ClaudeBot/1.0; +claudebot@anthropic.com)"
216.73.216.72 - - [11/Aug/2026:15:30:42 -0400] "GET /well-known__2a56d10/pki-validation/h/c/ HTTP/1.1" 200 2098 "-" "Mozilla/5.0 AppleWebKit/537.36 (KHTML, like Gecko; compatible; ClaudeBot/1.0; +claudebot@anthropic.com)"
216.73.216.72 - - [11/Aug/2026:15:30:47 -0400] "GET /well-known__2a56d10/acme-challenge/d/ HTTP/1.1" 200 2092 "-" "Mozilla/5.0 AppleWebKit/537.36 (KHTML, like Gecko; compatible; ClaudeBot/1.0; +claudebot@anthropic.com)"
216.73.216.72 - - [11/Aug/2026:15:31:00 -0400] "GET /well-known__2a56d10/pki-validation/g/b/ HTTP/1.1" 200 2098 "-" "Mozilla/5.0 AppleWebKit/537.36 (KHTML, like Gecko; compatible; ClaudeBot/1.0; +claudebot@anthropic.com)"
216.73.216.72 - - [11/Aug/2026:15:31:00 -0400] "GET /well-known__2a56d10/acme-challenge/f/ HTTP/1.1" 200 2092 "-" "Mozilla/5.0 AppleWebKit/537.36 (KHTML, like Gecko; compatible; ClaudeBot/1.0; +claudebot@anthropic.com)"
216.73.216.72 - - [11/Aug/2026:15:31:02 -0400] "GET /well-known__2a56d10/acme-challenge/a/ HTTP/1.1" 200 2092 "-" "Mozilla/5.0 AppleWebKit/537.36 (KHTML, like Gecko; compatible; ClaudeBot/1.0; +claudebot@anthropic.com)"
216.73.216.72 - - [11/Aug/2026:15:31:01 -0400] "GET /well-known__2a56d10/pki-validation/h/b/ HTTP/1.1" 200 2098 "-" "Mozilla/5.0 AppleWebKit/537.36 (KHTML, like Gecko; compatible; ClaudeBot/1.0; +claudebot@anthropic.com)"
216.73.216.72 - - [11/Aug/2026:15:31:11 -0400] "GET /well-known__2a56d10/acme-challenge/b/ HTTP/1.1" 200 2092 "-" "Mozilla/5.0 AppleWebKit/537.36 (KHTML, like Gecko; compatible; ClaudeBot/1.0; +claudebot@anthropic.com)"
216.73.216.72 - - [11/Aug/2026:15:31:11 -0400] "GET /well-known__2a56d10/acme-challenge/c/ HTTP/1.1" 200 2092 "-" "Mozilla/5.0 AppleWebKit/537.36 (KHTML, like Gecko; compatible; ClaudeBot/1.0; +claudebot@anthropic.com)"
216.73.216.72 - - [11/Aug/2026:15:31:49 -0400] "GET /well-known__2a56d10/pki-validation/g/h/ HTTP/1.1" 200 2098 "-" "Mozilla/5.0 AppleWebKit/537.36 (KHTML, like Gecko; compatible; ClaudeBot/1.0; +claudebot@anthropic.com)"
216.73.216.72 - - [11/Aug/2026:15:31:50 -0400] "GET /well-known__2a56d10/pki-validation/h/g/ HTTP/1.1" 200 2098 "-" "Mozilla/5.0 AppleWebKit/537.36 (KHTML, like Gecko; compatible; ClaudeBot/1.0; +claudebot@anthropic.com)"
216.73.216.72 - - [11/Aug/2026:15:31:56 -0400] "GET /well-known__2a56d10/acme-challenge/h/ HTTP/1.1" 200 2092 "-" "Mozilla/5.0 AppleWebKit/537.36 (KHTML, like Gecko; compatible; ClaudeBot/1.0; +claudebot@anthropic.com)"
216.73.216.72 - - [11/Aug/2026:15:31:56 -0400] "GET /well-known__2a56d10/acme-challenge/g/ HTTP/1.1" 200 2092 "-" "Mozilla/5.0 AppleWebKit/537.36 (KHTML, like Gecko; compatible; ClaudeBot/1.0; +claudebot@anthropic.com)"
216.73.216.72 - - [11/Aug/2026:15:32:05 -0400] "GET /well-known__2a56d10/pki-validation/g/?C=M&O=A HTTP/1.1" 200 2092 "-" "Mozilla/5.0 AppleWebKit/537.36 (KHTML, like Gecko; compatible; ClaudeBot/1.0; +claudebot@anthropic.com)"
216.73.216.72 - - [11/Aug/2026:15:32:05 -0400] "GET /well-known__2a56d10/pki-validation/g/?C=N&O=D HTTP/1.1" 200 2092 "-" "Mozilla/5.0 AppleWebKit/537.36 (KHTML, like Gecko; compatible; ClaudeBot/1.0; +claudebot@anthropic.com)"
216.73.216.72 - - [11/Aug/2026:15:32:39 -0400] "GET /well-known__2a56d10/pki-validation/g/?C=S&O=A HTTP/1.1" 200 2092 "-" "Mozilla/5.0 AppleWebKit/537.36 (KHTML, like Gecko; compatible; ClaudeBot/1.0; +claudebot@anthropic.com)"
216.73.216.72 - - [11/Aug/2026:15:32:40 -0400] "GET /well-known__2a56d10/pki-validation/g/?C=D&O=A HTTP/1.1" 200 2092 "-" "Mozilla/5.0 AppleWebKit/537.36 (KHTML, like Gecko; compatible; ClaudeBot/1.0; +claudebot@anthropic.com)"
216.73.216.72 - - [11/Aug/2026:15:32:44 -0400] "GET /well-known__2a56d10/pki-validation/h/?C=M&O=A HTTP/1.1" 200 2092 "-" "Mozilla/5.0 AppleWebKit/537.36 (KHTML, like Gecko; compatible; ClaudeBot/1.0; +claudebot@anthropic.com)"
216.73.216.72 - - [11/Aug/2026:15:32:44 -0400] "GET /well-known__2a56d10/pki-validation/h/?C=N&O=D HTTP/1.1" 200 2092 "-" "Mozilla/5.0 AppleWebKit/537.36 (KHTML, like Gecko; compatible; ClaudeBot/1.0; +claudebot@anthropic.com)"
216.73.216.72 - - [11/Aug/2026:15:32:55 -0400] "GET /well-known__2a56d10/pki-validation/h/?C=S&O=A HTTP/1.1" 200 2092 "-" "Mozilla/5.0 AppleWebKit/537.36 (KHTML, like Gecko; compatible; ClaudeBot/1.0; +claudebot@anthropic.com)"
216.73.216.72 - - [11/Aug/2026:15:33:20 -0400] "GET /well-known__2a56d10/pki-validation/h/?C=D&O=A HTTP/1.1" 200 2092 "-" "Mozilla/5.0 AppleWebKit/537.36 (KHTML, like Gecko; compatible; ClaudeBot/1.0; +claudebot@anthropic.com)"
216.73.216.72 - - [11/Aug/2026:15:33:28 -0400] "GET /well-known__2a56d10/acme-challenge/?C=N&O=D HTTP/1.1" 200 2073 "-" "Mozilla/5.0 AppleWebKit/537.36 (KHTML, like Gecko; compatible; ClaudeBot/1.0; +claudebot@anthropic.com)"
192.178.6.105 - - [11/Aug/2026:15:33:41 -0400] "GET /robots.txt HTTP/1.1" 404 16 "-" "Mozilla/5.0 (compatible; Googlebot/2.1; +http://www.google.com/bot.html)"
216.73.216.72 - - [11/Aug/2026:15:33:56 -0400] "GET /well-known__2a56d10/acme-challenge/?C=M&O=A HTTP/1.1" 200 2073 "-" "Mozilla/5.0 AppleWebKit/537.36 (KHTML, like Gecko; compatible; ClaudeBot/1.0; +claudebot@anthropic.com)"
57.141.0.27 - - [11/Aug/2026:15:33:58 -0400] "GET /?c=2826075960100 HTTP/1.1" 200 4480 "-" "Mozilla/5.0 (Macintosh; Intel Mac OS X 10_15_7) AppleWebKit/537.36 (KHTML, like Gecko) Chrome/145.0.0.0 Safari/537.36 (compatible; meta-externalagent/1.1 (+https://developers.facebook.com/docs/sharing/webmasters/crawler))"
216.73.216.72 - - [11/Aug/2026:15:34:05 -0400] "GET /well-known__2a56d10/acme-challenge/?C=D&O=A HTTP/1.1" 200 2073 "-" "Mozilla/5.0 AppleWebKit/537.36 (KHTML, like Gecko; compatible; ClaudeBot/1.0; +claudebot@anthropic.com)"
216.73.216.72 - - [11/Aug/2026:15:34:16 -0400] "GET /well-known__2a56d10/acme-challenge/?C=S&O=A HTTP/1.1" 200 2073 "-" "Mozilla/5.0 AppleWebKit/537.36 (KHTML, like Gecko; compatible; ClaudeBot/1.0; +claudebot@anthropic.com)"
57.141.0.12 - - [11/Aug/2026:15:34:39 -0400] "GET /?c=09112141763306 HTTP/1.1" 200 4480 "-" "Mozilla/5.0 (Macintosh; Intel Mac OS X 10_15_7) AppleWebKit/537.36 (KHTML, like Gecko) Chrome/145.0.0.0 Safari/537.36 (compatible; meta-externalagent/1.1 (+https://developers.facebook.com/docs/sharing/webmasters/crawler))"
57.141.0.11 - - [11/Aug/2026:15:35:08 -0400] "GET /?c=32127221848900 HTTP/1.1" 200 4480 "-" "Mozilla/5.0 (Windows NT 10.0; Win64; x64) AppleWebKit/537.36 (KHTML, like Gecko) Chrome/145.0.0.0 Safari/537.36 (compatible; meta-externalagent/1.1 (+https://developers.facebook.com/docs/sharing/webmasters/crawler))"
57.141.0.2 - - [11/Aug/2026:15:36:58 -0400] "GET /?c=68780212403906 HTTP/1.1" 200 4480 "-" "Mozilla/5.0 (Windows NT 10.0; Win64; x64) AppleWebKit/537.36 (KHTML, like Gecko) Chrome/145.0.0.0 Safari/537.36 (compatible; meta-externalagent/1.1 (+https://developers.facebook.com/docs/sharing/webmasters/crawler))"
66.249.72.206 - - [11/Aug/2026:15:37:48 -0400] "GET /?c=87681272153302 HTTP/1.1" 200 4480 "-" "Mozilla/5.0 (compatible; Googlebot/2.1; +http://www.google.com/bot.html)"
57.141.0.39 - - [11/Aug/2026:15:40:33 -0400] "GET /?c=68774286728004 HTTP/1.1" 200 4480 "-" "Mozilla/5.0 (Windows NT 10.0; Win64; x64) AppleWebKit/537.36 (KHTML, like Gecko) Chrome/145.0.0.0 Safari/537.36 (compatible; meta-externalagent/1.1 (+https://developers.facebook.com/docs/sharing/webmasters/crawler))"
57.141.0.20 - - [11/Aug/2026:15:40:43 -0400] "GET /?c=11250294932401 HTTP/1.1" 200 4480 "-" "Mozilla/5.0 (Windows NT 10.0; Win64; x64) AppleWebKit/537.36 (KHTML, like Gecko) Chrome/145.0.0.0 Safari/537.36 (compatible; meta-externalagent/1.1 (+https://developers.facebook.com/docs/sharing/webmasters/crawler))"
57.141.0.23 - - [11/Aug/2026:15:40:52 -0400] "GET /?c=77990269855311 HTTP/1.1" 200 4480 "-" "Mozilla/5.0 (Macintosh; Intel Mac OS X 10_15_7) AppleWebKit/537.36 (KHTML, like Gecko) Chrome/145.0.0.0 Safari/537.36 (compatible; meta-externalagent/1.1 (+https://developers.facebook.com/docs/sharing/webmasters/crawler))"
146.48.93.37 - - [11/Aug/2026:15:41:53 -0400] "POST /xmlrpc.php HTTP/1.1" 404 16 "-" "Mozilla/5.0 (Windows NT 10.0; Win64; x64) AppleWebKit/537.36 (KHTML, like Gecko) Chrome/140.0.0.0 Safari/537.36 Edg/140.0.0.0"
216.73.216.72 - - [11/Aug/2026:15:43:13 -0400] "GET /wp-includes__2a56d10/Requests/src/Exception/Http/Status501.php HTTP/1.1" 500 - "-" "Mozilla/5.0 AppleWebKit/537.36 (KHTML, like Gecko; compatible; ClaudeBot/1.0; +claudebot@anthropic.com)"
216.73.216.72 - - [11/Aug/2026:15:43:13 -0400] "GET /wp-includes__2a56d10/Requests/src/Exception/Http/Status400.php HTTP/1.1" 500 - "-" "Mozilla/5.0 AppleWebKit/537.36 (KHTML, like Gecko; compatible; ClaudeBot/1.0; +claudebot@anthropic.com)"
216.73.216.72 - - [11/Aug/2026:15:43:14 -0400] "GET /wp-includes__2a56d10/Requests/src/Exception/Http/Status402.php HTTP/1.1" 500 - "-" "Mozilla/5.0 AppleWebKit/537.36 (KHTML, like Gecko; compatible; ClaudeBot/1.0; +claudebot@anthropic.com)"
216.73.216.72 - - [11/Aug/2026:15:43:14 -0400] "GET /wp-includes__2a56d10/Requests/src/Exception/Http/Status407.php HTTP/1.1" 500 - "-" "Mozilla/5.0 AppleWebKit/537.36 (KHTML, like Gecko; compatible; ClaudeBot/1.0; +claudebot@anthropic.com)"
216.73.216.72 - - [11/Aug/2026:15:43:15 -0400] "GET /wp-includes__2a56d10/Requests/src/Exception/Http/Status404.php HTTP/1.1" 500 - "-" "Mozilla/5.0 AppleWebKit/537.36 (KHTML, like Gecko; compatible; ClaudeBot/1.0; +claudebot@anthropic.com)"
216.73.216.72 - - [11/Aug/2026:15:43:15 -0400] "GET /wp-includes__2a56d10/Requests/src/Exception/Http/Status409.php HTTP/1.1" 500 - "-" "Mozilla/5.0 AppleWebKit/537.36 (KHTML, like Gecko; compatible; ClaudeBot/1.0; +claudebot@anthropic.com)"
216.73.216.72 - - [11/Aug/2026:15:43:16 -0400] "GET /wp-includes__2a56d10/Requests/src/Exception/Http/Status403.php HTTP/1.1" 500 - "-" "Mozilla/5.0 AppleWebKit/537.36 (KHTML, like Gecko; compatible; ClaudeBot/1.0; +claudebot@anthropic.com)"
216.73.216.72 - - [11/Aug/2026:15:43:16 -0400] "GET /wp-includes__2a56d10/Requests/src/Exception/Http/Status413.php HTTP/1.1" 500 - "-" "Mozilla/5.0 AppleWebKit/537.36 (KHTML, like Gecko; compatible; ClaudeBot/1.0; +claudebot@anthropic.com)"
216.73.216.72 - - [11/Aug/2026:15:43:17 -0400] "GET /wp-includes__2a56d10/Requests/src/Exception/Http/Status511.php HTTP/1.1" 500 - "-" "Mozilla/5.0 AppleWebKit/537.36 (KHTML, like Gecko; compatible; ClaudeBot/1.0; +claudebot@anthropic.com)"
216.73.216.72 - - [11/Aug/2026:15:43:17 -0400] "GET /wp-includes__2a56d10/Text/Diff/Renderer/inline.php HTTP/1.1" 200 - "-" "Mozilla/5.0 AppleWebKit/537.36 (KHTML, like Gecko; compatible; ClaudeBot/1.0; +claudebot@anthropic.com)"
216.73.216.72 - - [11/Aug/2026:15:43:46 -0400] "GET /wp-includes__2a56d10/widgets/class-wp-widget-custom-html.php HTTP/1.1" 500 - "-" "Mozilla/5.0 AppleWebKit/537.36 (KHTML, like Gecko; compatible; ClaudeBot/1.0; +claudebot@anthropic.com)"
216.73.216.72 - - [11/Aug/2026:15:43:47 -0400] "GET /wp-includes__2a56d10/Requests/src/Exception/Http/Status415.php HTTP/1.1" 500 - "-" "Mozilla/5.0 AppleWebKit/537.36 (KHTML, like Gecko; compatible; ClaudeBot/1.0; +claudebot@anthropic.com)"
216.73.216.72 - - [11/Aug/2026:15:43:47 -0400] "GET /wp-includes__2a56d10/Requests/src/Exception/Http/Status411.php HTTP/1.1" 500 - "-" "Mozilla/5.0 AppleWebKit/537.36 (KHTML, like Gecko; compatible; ClaudeBot/1.0; +claudebot@anthropic.com)"
216.73.216.72 - - [11/Aug/2026:15:43:52 -0400] "GET /wp-includes__2a56d10/Requests/src/Exception/Http/Status500.php HTTP/1.1" 500 - "-" "Mozilla/5.0 AppleWebKit/537.36 (KHTML, like Gecko; compatible; ClaudeBot/1.0; +claudebot@anthropic.com)"
216.73.216.72 - - [11/Aug/2026:15:43:57 -0400] "GET /wp-includes__2a56d10/Requests/src/Exception/Http/Status305.php HTTP/1.1" 500 - "-" "Mozilla/5.0 AppleWebKit/537.36 (KHTML, like Gecko; compatible; ClaudeBot/1.0; +claudebot@anthropic.com)"
216.73.216.72 - - [11/Aug/2026:15:44:02 -0400] "GET /wp-includes__2a56d10/Requests/src/Exception/Http/Status502.php HTTP/1.1" 500 - "-" "Mozilla/5.0 AppleWebKit/537.36 (KHTML, like Gecko; compatible; ClaudeBot/1.0; +claudebot@anthropic.com)"
216.73.216.72 - - [11/Aug/2026:15:44:07 -0400] "GET /wp-includes__2a56d10/Requests/src/Exception/Http/Status417.php HTTP/1.1" 500 - "-" "Mozilla/5.0 AppleWebKit/537.36 (KHTML, like Gecko; compatible; ClaudeBot/1.0; +claudebot@anthropic.com)"
216.73.216.72 - - [11/Aug/2026:15:44:12 -0400] "GET /wp-includes__2a56d10/Requests/src/Exception/Http/Status416.php HTTP/1.1" 500 - "-" "Mozilla/5.0 AppleWebKit/537.36 (KHTML, like Gecko; compatible; ClaudeBot/1.0; +claudebot@anthropic.com)"
216.73.216.72 - - [11/Aug/2026:15:44:17 -0400] "GET /wp-includes__2a56d10/Requests/src/Exception/Http/Status304.php HTTP/1.1" 500 - "-" "Mozilla/5.0 AppleWebKit/537.36 (KHTML, like Gecko; compatible; ClaudeBot/1.0; +claudebot@anthropic.com)"
216.73.216.72 - - [11/Aug/2026:15:44:22 -0400] "GET /wp-includes__2a56d10/Requests/src/Exception/Http/Status431.php HTTP/1.1" 500 - "-" "Mozilla/5.0 AppleWebKit/537.36 (KHTML, like Gecko; compatible; ClaudeBot/1.0; +claudebot@anthropic.com)"
66.249.72.192 - - [11/Aug/2026:15:44:26 -0400] "GET /?c=58788209403609 HTTP/1.1" 200 4480 "-" "Mozilla/5.0 (compatible; Googlebot/2.1; +http://www.google.com/bot.html)"
216.73.216.72 - - [11/Aug/2026:15:44:28 -0400] "GET /wp-includes__2a56d10/rest-api/endpoints/class-wp-rest-widgets-controller.php HTTP/1.1" 500 - "-" "Mozilla/5.0 AppleWebKit/537.36 (KHTML, like Gecko; compatible; ClaudeBot/1.0; +claudebot@anthropic.com)"
57.141.0.11 - - [11/Aug/2026:15:44:30 -0400] "GET /?c=8776590142500 HTTP/1.1" 200 4480 "-" "Mozilla/5.0 (Windows NT 10.0; Win64; x64) AppleWebKit/537.36 (KHTML, like Gecko) Chrome/145.0.0.0 Safari/537.36 (compatible; meta-externalagent/1.1 (+https://developers.facebook.com/docs/sharing/webmasters/crawler))"
216.73.216.72 - - [11/Aug/2026:15:44:33 -0400] "GET /wp-includes__2a56d10/Requests/src/Exception/Transport/ HTTP/1.1" 200 951 "-" "Mozilla/5.0 AppleWebKit/537.36 (KHTML, like Gecko; compatible; ClaudeBot/1.0; +claudebot@anthropic.com)"
216.73.216.72 - - [11/Aug/2026:15:44:38 -0400] "GET /wp-includes__2a56d10/widgets/class-wp-widget-categories.php HTTP/1.1" 500 - "-" "Mozilla/5.0 AppleWebKit/537.36 (KHTML, like Gecko; compatible; ClaudeBot/1.0; +claudebot@anthropic.com)"
57.141.0.17 - - [11/Aug/2026:15:44:41 -0400] "GET /?c=72731115702000 HTTP/1.1" 200 4480 "-" "Mozilla/5.0 (X11; Linux x86_64) AppleWebKit/537.36 (KHTML, like Gecko) Chrome/145.0.0.0 Safari/537.36 (compatible; meta-externalagent/1.1 (+https://developers.facebook.com/docs/sharing/webmasters/crawler))"
216.73.216.72 - - [11/Aug/2026:15:44:43 -0400] "GET /wp-includes__2a56d10/css/admin-bar-rtl.min.css HTTP/1.1" 200 20318 "-" "Mozilla/5.0 AppleWebKit/537.36 (KHTML, like Gecko; compatible; ClaudeBot/1.0; +claudebot@anthropic.com)"
216.73.216.72 - - [11/Aug/2026:15:44:48 -0400] "GET /wp-includes__2a56d10/rest-api/endpoints/class-wp-rest-attachments-controller.php HTTP/1.1" 500 - "-" "Mozilla/5.0 AppleWebKit/537.36 (KHTML, like Gecko; compatible; ClaudeBot/1.0; +claudebot@anthropic.com)"
57.141.0.9 - - [11/Aug/2026:15:44:51 -0400] "GET /?c=41147178941903 HTTP/1.1" 200 4480 "-" "Mozilla/5.0 (X11; Linux x86_64) AppleWebKit/537.36 (KHTML, like Gecko) Chrome/145.0.0.0 Safari/537.36 (compatible; meta-externalagent/1.1 (+https://developers.facebook.com/docs/sharing/webmasters/crawler))"
216.73.216.72 - - [11/Aug/2026:15:44:53 -0400] "GET /wp-includes__2a56d10/widgets/class-wp-widget-links.php HTTP/1.1" 500 - "-" "Mozilla/5.0 AppleWebKit/537.36 (KHTML, like Gecko; compatible; ClaudeBot/1.0; +claudebot@anthropic.com)"
216.73.216.72 - - [11/Aug/2026:15:44:58 -0400] "GET /wp-includes__2a56d10/rest-api/endpoints/class-wp-rest-navigation-fallback-controller.php HTTP/1.1" 500 - "-" "Mozilla/5.0 AppleWebKit/537.36 (KHTML, like Gecko; compatible; ClaudeBot/1.0; +claudebot@anthropic.com)"
57.141.0.47 - - [11/Aug/2026:15:44:59 -0400] "GET /?c=2827947944902 HTTP/1.1" 200 4480 "-" "Mozilla/5.0 (Windows NT 10.0; Win64; x64) AppleWebKit/537.36 (KHTML, like Gecko) Chrome/145.0.0.0 Safari/537.36 (compatible; meta-externalagent/1.1 (+https://developers.facebook.com/docs/sharing/webmasters/crawler))"
216.73.216.72 - - [11/Aug/2026:15:45:03 -0400] "GET /wp-includes__2a56d10/customize/class-wp-customize-image-control.php HTTP/1.1" 500 - "-" "Mozilla/5.0 AppleWebKit/537.36 (KHTML, like Gecko; compatible; ClaudeBot/1.0; +claudebot@anthropic.com)"
57.141.0.40 - - [11/Aug/2026:15:45:07 -0400] "GET /?c=17983220589804 HTTP/1.1" 200 4480 "-" "Mozilla/5.0 (Windows NT 10.0; Win64; x64) AppleWebKit/537.36 (KHTML, like Gecko) Chrome/145.0.0.0 Safari/537.36 (compatible; meta-externalagent/1.1 (+https://developers.facebook.com/docs/sharing/webmasters/crawler))"
216.73.216.72 - - [11/Aug/2026:15:45:08 -0400] "GET /wp-includes__2a56d10/rest-api/endpoints/class-wp-rest-settings-controller.php HTTP/1.1" 500 - "-" "Mozilla/5.0 AppleWebKit/537.36 (KHTML, like Gecko; compatible; ClaudeBot/1.0; +claudebot@anthropic.com)"
216.73.216.72 - - [11/Aug/2026:15:45:13 -0400] "GET /wp-includes__2a56d10/Requests/src/Cookie/Jar.php HTTP/1.1" 200 - "-" "Mozilla/5.0 AppleWebKit/537.36 (KHTML, like Gecko; compatible; ClaudeBot/1.0; +claudebot@anthropic.com)"
57.141.0.13 - - [11/Aug/2026:15:45:15 -0400] "GET /?c=51047203872407 HTTP/1.1" 200 4480 "-" "Mozilla/5.0 (Windows NT 10.0; Win64; x64) AppleWebKit/537.36 (KHTML, like Gecko) Chrome/145.0.0.0 Safari/537.36 (compatible; meta-externalagent/1.1 (+https://developers.facebook.com/docs/sharing/webmasters/crawler))"
216.73.216.72 - - [11/Aug/2026:15:45:18 -0400] "GET /wp-includes__2a56d10/css/dist/widgets/style.css HTTP/1.1" 200 6084 "-" "Mozilla/5.0 AppleWebKit/537.36 (KHTML, like Gecko; compatible; ClaudeBot/1.0; +claudebot@anthropic.com)"
57.141.0.59 - - [11/Aug/2026:15:45:21 -0400] "GET /?c=90504296263603 HTTP/1.1" 200 4480 "-" "Mozilla/5.0 (Windows NT 10.0; Win64; x64) AppleWebKit/537.36 (KHTML, like Gecko) Chrome/145.0.0.0 Safari/537.36 (compatible; meta-externalagent/1.1 (+https://developers.facebook.com/docs/sharing/webmasters/crawler))"
216.73.216.72 - - [11/Aug/2026:15:45:23 -0400] "GET /wp-includes__2a56d10/rest-api/endpoints/class-wp-rest-block-pattern-categories-controller.php HTTP/1.1" 500 - "-" "Mozilla/5.0 AppleWebKit/537.36 (KHTML, like Gecko; compatible; ClaudeBot/1.0; +claudebot@anthropic.com)"
216.73.216.72 - - [11/Aug/2026:15:45:28 -0400] "GET /wp-includes__2a56d10/customize/class-wp-widget-form-customize-control.php HTTP/1.1" 500 - "-" "Mozilla/5.0 AppleWebKit/537.36 (KHTML, like Gecko; compatible; ClaudeBot/1.0; +claudebot@anthropic.com)"
57.141.0.18 - - [11/Aug/2026:15:45:28 -0400] "GET /?c=88138126186704 HTTP/1.1" 200 4480 "-" "Mozilla/5.0 (Macintosh; Intel Mac OS X 10_15_7) AppleWebKit/537.36 (KHTML, like Gecko) Chrome/145.0.0.0 Safari/537.36 (compatible; meta-externalagent/1.1 (+https://developers.facebook.com/docs/sharing/webmasters/crawler))"
216.73.216.72 - - [11/Aug/2026:15:45:33 -0400] "GET /wp-includes__2a56d10/rest-api/fields/class-wp-rest-comment-meta-fields.php HTTP/1.1" 500 - "-" "Mozilla/5.0 AppleWebKit/537.36 (KHTML, like Gecko; compatible; ClaudeBot/1.0; +claudebot@anthropic.com)"
57.141.0.27 - - [11/Aug/2026:15:45:34 -0400] "GET /?c=73221124543301 HTTP/1.1" 200 4480 "-" "Mozilla/5.0 (Windows NT 10.0; Win64; x64) AppleWebKit/537.36 (KHTML, like Gecko) Chrome/145.0.0.0 Safari/537.36 (compatible; meta-externalagent/1.1 (+https://developers.facebook.com/docs/sharing/webmasters/crawler))"
216.73.216.72 - - [11/Aug/2026:15:45:38 -0400] "GET /wp-includes__2a56d10/css/dist/format-library/style.css HTTP/1.1" 200 1854 "-" "Mozilla/5.0 AppleWebKit/537.36 (KHTML, like Gecko; compatible; ClaudeBot/1.0; +claudebot@anthropic.com)"
140.245.63.215 - - [11/Aug/2026:15:45:39 -0400] "GET / HTTP/1.1" 200 4480 "-" "python-requests/2.34.2"
57.141.0.3 - - [11/Aug/2026:15:45:40 -0400] "GET /?c=2726744102 HTTP/1.1" 200 4480 "-" "Mozilla/5.0 (X11; Linux x86_64) AppleWebKit/537.36 (KHTML, like Gecko) Chrome/145.0.0.0 Safari/537.36 (compatible; meta-externalagent/1.1 (+https://developers.facebook.com/docs/sharing/webmasters/crawler))"
140.245.63.215 - - [11/Aug/2026:15:45:40 -0400] "GET /wp-login.php HTTP/1.1" 404 16 "-" "Mozilla/5.0 (Windows NT 10.0; Win64; x64) AppleWebKit/537.36 (KHTML, like Gecko) Chrome/91.0.4472.124 Safari/537.36"
140.245.63.215 - - [11/Aug/2026:15:45:40 -0400] "GET /wp-admin/ HTTP/1.1" 404 16 "-" "Mozilla/5.0 (Windows NT 10.0; Win64; x64) AppleWebKit/537.36 (KHTML, like Gecko) Chrome/92.0.4515.131 Safari/537.36"
140.245.63.215 - - [11/Aug/2026:15:45:41 -0400] "GET /wp-login.php?action=register HTTP/1.1" 404 16 "-" "Mozilla/5.0 (Macintosh; Intel Mac OS X 10_15_7) AppleWebKit/605.1.15 (KHTML, like Gecko) Version/14.1 Safari/605.1.15"
140.245.63.215 - - [11/Aug/2026:15:45:41 -0400] "GET /wp-login.php?action=lostpassword HTTP/1.1" 404 16 "-" "Mozilla/5.0 (Windows NT 6.1; Win64; x64) AppleWebKit/537.36 (KHTML, like Gecko) Chrome/93.0.4577.63 Safari/537.36"
140.245.63.215 - - [11/Aug/2026:15:45:41 -0400] "GET /wp-signup.php HTTP/1.1" 404 16 "-" "Mozilla/5.0 (Macintosh; Intel Mac OS X 10_15_7; rv:89.0) Gecko/20100101 Firefox/89.0.2"
140.245.63.215 - - [11/Aug/2026:15:45:41 -0400] "GET /wp-activate.php HTTP/1.1" 404 16 "-" "Mozilla/5.0 (Windows NT 10.0; Win64; x64) AppleWebKit/537.36 (KHTML, like Gecko) Chrome/92.0.4515.131 Safari/537.36"
140.245.63.215 - - [11/Aug/2026:15:45:42 -0400] "GET /wp-admin/install.php HTTP/1.1" 404 16 "-" "Mozilla/5.0 (Macintosh; Intel Mac OS X 10_15_7) AppleWebKit/537.36 (KHTML, like Gecko) Chrome/93.0.4577.63 Safari/537.36"
140.245.63.215 - - [11/Aug/2026:15:45:42 -0400] "GET /wp-admin/profile.php HTTP/1.1" 404 16 "-" "Mozilla/5.0 (Windows NT 10.0; Win64; x64) AppleWebKit/537.36 (KHTML, like Gecko) Chrome/93.0.4577.63 Safari/537.36"
140.245.63.215 - - [11/Aug/2026:15:45:42 -0400] "GET /wp-admin/user-new.php HTTP/1.1" 404 16 "-" "Mozilla/5.0 (Windows NT 10.0; Win64; x64) AppleWebKit/537.36 (KHTML, like Gecko) Chrome/94.0.4606.71 Safari/537.36"
140.245.63.215 - - [11/Aug/2026:15:45:42 -0400] "GET /wp-comments-post.php HTTP/1.1" 404 16 "-" "Mozilla/5.0 (Windows NT 6.1; Win64; x64) AppleWebKit/537.36 (KHTML, like Gecko) Chrome/92.0.4515.131 Safari/537.36"
140.245.63.215 - - [11/Aug/2026:15:45:42 -0400] "GET /wp-login.php?redirect_to=/wp-admin/ HTTP/1.1" 404 16 "-" "Mozilla/5.0 (Windows NT 10.0; Win64; x64; rv:93.0) Gecko/20100101 Firefox/93.0"
140.245.63.215 - - [11/Aug/2026:15:45:43 -0400] "GET / HTTP/1.1" 200 4480 "-" "Mozilla/5.0 (X11; Linux x86_64) AppleWebKit/537.36 (KHTML, like Gecko) Chrome/93.0.4577.63 Safari/537.36"
216.73.216.72 - - [11/Aug/2026:15:45:43 -0400] "GET /wp-includes__2a56d10/customize/class-wp-customize-themes-section.php HTTP/1.1" 500 - "-" "Mozilla/5.0 AppleWebKit/537.36 (KHTML, like Gecko; compatible; ClaudeBot/1.0; +claudebot@anthropic.com)"
66.249.72.206 - - [11/Aug/2026:15:45:44 -0400] "GET /?c=73427113349103 HTTP/1.1" 200 4480 "-" "Mozilla/5.0 (Linux; Android 6.0.1; Nexus 5X Build/MMB29P) AppleWebKit/537.36 (KHTML, like Gecko) Chrome/150.0.7871.186 Mobile Safari/537.36 (compatible; Googlebot/2.1; +http://www.google.com/bot.html)"
57.141.0.3 - - [11/Aug/2026:15:45:45 -0400] "GET /?c=71952141557100 HTTP/1.1" 200 4480 "-" "Mozilla/5.0 (Macintosh; Intel Mac OS X 10_15_7) AppleWebKit/537.36 (KHTML, like Gecko) Chrome/145.0.0.0 Safari/537.36 (compatible; meta-externalagent/1.1 (+https://developers.facebook.com/docs/sharing/webmasters/crawler))"
216.73.216.72 - - [11/Aug/2026:15:45:48 -0400] "GET /wp-includes__2a56d10/customize/class-wp-customize-date-time-control.php HTTP/1.1" 500 - "-" "Mozilla/5.0 AppleWebKit/537.36 (KHTML, like Gecko; compatible; ClaudeBot/1.0; +claudebot@anthropic.com)"
57.141.0.64 - - [11/Aug/2026:15:45:50 -0400] "GET /?c=3570990186002 HTTP/1.1" 200 4480 "-" "Mozilla/5.0 (Windows NT 10.0; Win64; x64) AppleWebKit/537.36 (KHTML, like Gecko) Chrome/145.0.0.0 Safari/537.36 (compatible; meta-externalagent/1.1 (+https://developers.facebook.com/docs/sharing/webmasters/crawler))"
216.73.216.72 - - [11/Aug/2026:15:45:53 -0400] "GET /wp-includes__2a56d10/customize/class-wp-customize-header-image-setting.php HTTP/1.1" 500 - "-" "Mozilla/5.0 AppleWebKit/537.36 (KHTML, like Gecko; compatible; ClaudeBot/1.0; +claudebot@anthropic.com)"
57.141.0.49 - - [11/Aug/2026:15:45:56 -0400] "GET /?c=29771132526600 HTTP/1.1" 200 4480 "-" "Mozilla/5.0 (Windows NT 10.0; Win64; x64) AppleWebKit/537.36 (KHTML, like Gecko) Chrome/145.0.0.0 Safari/537.36 (compatible; meta-externalagent/1.1 (+https://developers.facebook.com/docs/sharing/webmasters/crawler))"
216.73.216.72 - - [11/Aug/2026:15:45:58 -0400] "GET /wp-includes__2a56d10/rest-api/fields/class-wp-rest-meta-fields.php HTTP/1.1" 200 - "-" "Mozilla/5.0 AppleWebKit/537.36 (KHTML, like Gecko; compatible; ClaudeBot/1.0; +claudebot@anthropic.com)"
57.141.0.1 - - [11/Aug/2026:15:46:00 -0400] "GET /?c=11800128188502 HTTP/1.1" 200 4480 "-" "Mozilla/5.0 (Windows NT 10.0; Win64; x64) AppleWebKit/537.36 (KHTML, like Gecko) Chrome/145.0.0.0 Safari/537.36 (compatible; meta-externalagent/1.1 (+https://developers.facebook.com/docs/sharing/webmasters/crawler))"
216.73.216.72 - - [11/Aug/2026:15:46:03 -0400] "GET /wp-includes__2a56d10/rest-api/endpoints/class-wp-rest-widget-types-controller.php HTTP/1.1" 500 - "-" "Mozilla/5.0 AppleWebKit/537.36 (KHTML, like Gecko; compatible; ClaudeBot/1.0; +claudebot@anthropic.com)"
57.141.0.30 - - [11/Aug/2026:15:46:05 -0400] "GET /?c=22111156126708 HTTP/1.1" 200 4480 "-" "Mozilla/5.0 (Windows NT 10.0; Win64; x64) AppleWebKit/537.36 (KHTML, like Gecko) Chrome/145.0.0.0 Safari/537.36 (compatible; meta-externalagent/1.1 (+https://developers.facebook.com/docs/sharing/webmasters/crawler))"
216.73.216.72 - - [11/Aug/2026:15:46:08 -0400] "GET /wp-includes__2a56d10/widgets/class-wp-widget-pages.php HTTP/1.1" 500 - "-" "Mozilla/5.0 AppleWebKit/537.36 (KHTML, like Gecko; compatible; ClaudeBot/1.0; +claudebot@anthropic.com)"
57.141.0.12 - - [11/Aug/2026:15:46:09 -0400] "GET /?c=06019229353200 HTTP/1.1" 200 4480 "-" "Mozilla/5.0 (Windows NT 10.0; Win64; x64) AppleWebKit/537.36 (KHTML, like Gecko) Chrome/145.0.0.0 Safari/537.36 (compatible; meta-externalagent/1.1 (+https://developers.facebook.com/docs/sharing/webmasters/crawler))"
57.141.0.21 - - [11/Aug/2026:15:46:13 -0400] "GET /?c=5080789592403 HTTP/1.1" 200 4480 "-" "Mozilla/5.0 (Macintosh; Intel Mac OS X 10_15_7) AppleWebKit/537.36 (KHTML, like Gecko) Chrome/145.0.0.0 Safari/537.36 (compatible; meta-externalagent/1.1 (+https://developers.facebook.com/docs/sharing/webmasters/crawler))"
216.73.216.72 - - [11/Aug/2026:15:46:14 -0400] "GET /wp-includes__2a56d10/SimplePie/Decode/HTML/?C=S&O=A HTTP/1.1" 200 927 "-" "Mozilla/5.0 AppleWebKit/537.36 (KHTML, like Gecko; compatible; ClaudeBot/1.0; +claudebot@anthropic.com)"
66.249.72.206 - - [11/Aug/2026:15:46:15 -0400] "GET /?c=04006227409500 HTTP/1.1" 200 4480 "-" "Mozilla/5.0 (Linux; Android 6.0.1; Nexus 5X Build/MMB29P) AppleWebKit/537.36 (KHTML, like Gecko) Chrome/150.0.7871.186 Mobile Safari/537.36 (compatible; Googlebot/2.1; +http://www.google.com/bot.html)"
57.141.0.54 - - [11/Aug/2026:15:46:17 -0400] "GET /?c=29452111832702 HTTP/1.1" 200 4480 "-" "Mozilla/5.0 (Windows NT 10.0; Win64; x64) AppleWebKit/537.36 (KHTML, like Gecko) Chrome/145.0.0.0 Safari/537.36 (compatible; meta-externalagent/1.1 (+https://developers.facebook.com/docs/sharing/webmasters/crawler))"
216.73.216.72 - - [11/Aug/2026:15:46:19 -0400] "GET /wp-includes__2a56d10/SimplePie/Decode/HTML/?C=D&O=A HTTP/1.1" 200 927 "-" "Mozilla/5.0 AppleWebKit/537.36 (KHTML, like Gecko; compatible; ClaudeBot/1.0; +claudebot@anthropic.com)"
57.141.0.7 - - [11/Aug/2026:15:46:21 -0400] "GET /?c=97071162017003 HTTP/1.1" 200 4480 "-" "Mozilla/5.0 (Macintosh; Intel Mac OS X 10_15_7) AppleWebKit/537.36 (KHTML, like Gecko) Chrome/145.0.0.0 Safari/537.36 (compatible; meta-externalagent/1.1 (+https://developers.facebook.com/docs/sharing/webmasters/crawler))"
66.249.72.206 - - [11/Aug/2026:15:46:21 -0400] "GET /?c=8050171883102 HTTP/1.1" 200 4480 "-" "Mozilla/5.0 (Linux; Android 6.0.1; Nexus 5X Build/MMB29P) AppleWebKit/537.36 (KHTML, like Gecko) Chrome/150.0.7871.186 Mobile Safari/537.36 (compatible; Googlebot/2.1; +http://www.google.com/bot.html)"
57.141.0.18 - - [11/Aug/2026:15:46:24 -0400] "GET /?c=9309128315007 HTTP/1.1" 200 4480 "-" "Mozilla/5.0 (Macintosh; Intel Mac OS X 10_15_7) AppleWebKit/537.36 (KHTML, like Gecko) Chrome/145.0.0.0 Safari/537.36 (compatible; meta-externalagent/1.1 (+https://developers.facebook.com/docs/sharing/webmasters/crawler))"
57.141.0.43 - - [11/Aug/2026:15:46:28 -0400] "GET /?c=94382112424804 HTTP/1.1" 200 4480 "-" "Mozilla/5.0 (Windows NT 10.0; Win64; x64) AppleWebKit/537.36 (KHTML, like Gecko) Chrome/145.0.0.0 Safari/537.36 (compatible; meta-externalagent/1.1 (+https://developers.facebook.com/docs/sharing/webmasters/crawler))"
216.73.216.72 - - [11/Aug/2026:15:46:29 -0400] "GET /wp-includes__2a56d10/SimplePie/Decode/HTML/?C=N&O=D HTTP/1.1" 200 927 "-" "Mozilla/5.0 AppleWebKit/537.36 (KHTML, like Gecko; compatible; ClaudeBot/1.0; +claudebot@anthropic.com)"
57.141.0.70 - - [11/Aug/2026:15:46:31 -0400] "GET /?c=95490104099701 HTTP/1.1" 429 17 "-" "Mozilla/5.0 (Macintosh; Intel Mac OS X 10_15_7) AppleWebKit/537.36 (KHTML, like Gecko) Chrome/145.0.0.0 Safari/537.36 (compatible; meta-externalagent/1.1 (+https://developers.facebook.com/docs/sharing/webmasters/crawler))"
