216.73.216.72 - - [11/Aug/2026:08:42:33 -0400] "GET /wp-includes__2a56d10/css/ HTTP/1.1" 200 8397 "-" "Mozilla/5.0 AppleWebKit/537.36 (KHTML, like Gecko; compatible; ClaudeBot/1.0; +claudebot@anthropic.com)"
216.73.216.72 - - [11/Aug/2026:08:42:33 -0400] "GET /wp-includes__2a56d10/class-wpdb.php HTTP/1.1" 200 - "-" "Mozilla/5.0 AppleWebKit/537.36 (KHTML, like Gecko; compatible; ClaudeBot/1.0; +claudebot@anthropic.com)"
216.73.216.72 - - [11/Aug/2026:08:42:34 -0400] "GET /wp-includes__2a56d10/class-wp-theme.php HTTP/1.1" 200 - "-" "Mozilla/5.0 AppleWebKit/537.36 (KHTML, like Gecko; compatible; ClaudeBot/1.0; +claudebot@anthropic.com)"
216.73.216.72 - - [11/Aug/2026:08:42:34 -0400] "GET /wp-includes__2a56d10/style-engine.php HTTP/1.1" 200 - "-" "Mozilla/5.0 AppleWebKit/537.36 (KHTML, like Gecko; compatible; ClaudeBot/1.0; +claudebot@anthropic.com)"
216.73.216.72 - - [11/Aug/2026:08:42:35 -0400] "GET /wp-includes__2a56d10/comment-template.php HTTP/1.1" 200 - "-" "Mozilla/5.0 AppleWebKit/537.36 (KHTML, like Gecko; compatible; ClaudeBot/1.0; +claudebot@anthropic.com)"
57.141.0.65 - - [11/Aug/2026:08:42:35 -0400] "GET /?c=0298788768604 HTTP/1.1" 429 17 "-" "Mozilla/5.0 (Macintosh; Intel Mac OS X 10_15_7) AppleWebKit/537.36 (KHTML, like Gecko) Chrome/145.0.0.0 Safari/537.36 (compatible; meta-externalagent/1.1 (+https://developers.facebook.com/docs/sharing/webmasters/crawler))"
216.73.216.72 - - [11/Aug/2026:08:42:35 -0400] "GET /wp-includes__2a56d10/rest-api.php HTTP/1.1" 200 - "-" "Mozilla/5.0 AppleWebKit/537.36 (KHTML, like Gecko; compatible; ClaudeBot/1.0; +claudebot@anthropic.com)"
216.73.216.72 - - [11/Aug/2026:08:42:36 -0400] "GET /wp-includes__2a56d10/meta.php HTTP/1.1" 500 - "-" "Mozilla/5.0 AppleWebKit/537.36 (KHTML, like Gecko; compatible; ClaudeBot/1.0; +claudebot@anthropic.com)"
216.73.216.72 - - [11/Aug/2026:08:42:36 -0400] "GET /wp-includes__2a56d10/class-wp-object-cache.php HTTP/1.1" 200 - "-" "Mozilla/5.0 AppleWebKit/537.36 (KHTML, like Gecko; compatible; ClaudeBot/1.0; +claudebot@anthropic.com)"
216.73.216.72 - - [11/Aug/2026:08:42:37 -0400] "GET /wp-includes__2a56d10/capabilities.php HTTP/1.1" 200 - "-" "Mozilla/5.0 AppleWebKit/537.36 (KHTML, like Gecko; compatible; ClaudeBot/1.0; +claudebot@anthropic.com)"
216.73.216.72 - - [11/Aug/2026:08:42:37 -0400] "GET /wp-includes__2a56d10/option.php HTTP/1.1" 200 - "-" "Mozilla/5.0 AppleWebKit/537.36 (KHTML, like Gecko; compatible; ClaudeBot/1.0; +claudebot@anthropic.com)"
216.73.216.72 - - [11/Aug/2026:08:42:38 -0400] "GET /wp-includes__2a56d10/formatting.php HTTP/1.1" 200 - "-" "Mozilla/5.0 AppleWebKit/537.36 (KHTML, like Gecko; compatible; ClaudeBot/1.0; +claudebot@anthropic.com)"
216.73.216.72 - - [11/Aug/2026:08:42:38 -0400] "GET /wp-includes__2a56d10/SimplePie/HTTP/ HTTP/1.1" 200 904 "-" "Mozilla/5.0 AppleWebKit/537.36 (KHTML, like Gecko; compatible; ClaudeBot/1.0; +claudebot@anthropic.com)"
216.73.216.72 - - [11/Aug/2026:08:42:39 -0400] "GET /wp-includes__2a56d10/rewrite.php HTTP/1.1" 200 - "-" "Mozilla/5.0 AppleWebKit/537.36 (KHTML, like Gecko; compatible; ClaudeBot/1.0; +claudebot@anthropic.com)"
216.73.216.72 - - [11/Aug/2026:08:42:39 -0400] "GET /wp-includes__2a56d10/embed-template.php HTTP/1.1" 500 - "-" "Mozilla/5.0 AppleWebKit/537.36 (KHTML, like Gecko; compatible; ClaudeBot/1.0; +claudebot@anthropic.com)"
216.73.216.72 - - [11/Aug/2026:08:42:40 -0400] "GET /wp-includes__2a56d10/compat.php HTTP/1.1" 500 - "-" "Mozilla/5.0 AppleWebKit/537.36 (KHTML, like Gecko; compatible; ClaudeBot/1.0; +claudebot@anthropic.com)"
216.73.216.72 - - [11/Aug/2026:08:42:40 -0400] "GET /wp-includes__2a56d10/class-wp-editor.php HTTP/1.1" 200 - "-" "Mozilla/5.0 AppleWebKit/537.36 (KHTML, like Gecko; compatible; ClaudeBot/1.0; +claudebot@anthropic.com)"
216.73.216.72 - - [11/Aug/2026:08:42:41 -0400] "GET /license.txt HTTP/1.1" 404 16 "-" "Mozilla/5.0 AppleWebKit/537.36 (KHTML, like Gecko; compatible; ClaudeBot/1.0; +claudebot@anthropic.com)"
57.141.0.18 - - [11/Aug/2026:08:42:41 -0400] "GET /?c=71079138046600 HTTP/1.1" 429 17 "-" "Mozilla/5.0 (Windows NT 10.0; Win64; x64) AppleWebKit/537.36 (KHTML, like Gecko) Chrome/145.0.0.0 Safari/537.36 (compatible; meta-externalagent/1.1 (+https://developers.facebook.com/docs/sharing/webmasters/crawler))"
216.73.216.72 - - [11/Aug/2026:08:42:41 -0400] "GET /wp-includes__2a56d10/template-loader.php HTTP/1.1" 500 - "-" "Mozilla/5.0 AppleWebKit/537.36 (KHTML, like Gecko; compatible; ClaudeBot/1.0; +claudebot@anthropic.com)"
216.73.216.72 - - [11/Aug/2026:08:42:42 -0400] "GET /wp-includes__2a56d10/class-wp-error.php HTTP/1.1" 200 - "-" "Mozilla/5.0 AppleWebKit/537.36 (KHTML, like Gecko; compatible; ClaudeBot/1.0; +claudebot@anthropic.com)"
216.73.216.72 - - [11/Aug/2026:08:42:42 -0400] "GET /wp-includes__2a56d10/SimplePie/Exception.php HTTP/1.1" 200 - "-" "Mozilla/5.0 AppleWebKit/537.36 (KHTML, like Gecko; compatible; ClaudeBot/1.0; +claudebot@anthropic.com)"
216.73.216.72 - - [11/Aug/2026:08:42:43 -0400] "GET /wp-includes__2a56d10/class-json.php HTTP/1.1" 500 - "-" "Mozilla/5.0 AppleWebKit/537.36 (KHTML, like Gecko; compatible; ClaudeBot/1.0; +claudebot@anthropic.com)"
216.73.216.72 - - [11/Aug/2026:08:42:44 -0400] "GET /wp-includes__2a56d10/class-wp-http-proxy.php HTTP/1.1" 200 - "-" "Mozilla/5.0 AppleWebKit/537.36 (KHTML, like Gecko; compatible; ClaudeBot/1.0; +claudebot@anthropic.com)"
216.73.216.72 - - [11/Aug/2026:08:42:44 -0400] "GET /wp-includes__2a56d10/class-wp-http.php HTTP/1.1" 500 - "-" "Mozilla/5.0 AppleWebKit/537.36 (KHTML, like Gecko; compatible; ClaudeBot/1.0; +claudebot@anthropic.com)"
216.73.216.72 - - [11/Aug/2026:08:42:45 -0400] "GET /wp-includes__2a56d10/feed.php HTTP/1.1" 200 - "-" "Mozilla/5.0 AppleWebKit/537.36 (KHTML, like Gecko; compatible; ClaudeBot/1.0; +claudebot@anthropic.com)"
216.73.216.72 - - [11/Aug/2026:08:42:45 -0400] "GET /wp-includes__2a56d10/pluggable.php HTTP/1.1" 200 - "-" "Mozilla/5.0 AppleWebKit/537.36 (KHTML, like Gecko; compatible; ClaudeBot/1.0; +claudebot@anthropic.com)"
66.249.72.205 - - [11/Aug/2026:08:42:45 -0400] "GET /?c=24977154215704 HTTP/1.1" 200 5043 "-" "Mozilla/5.0 (Linux; Android 6.0.1; Nexus 5X Build/MMB29P) AppleWebKit/537.36 (KHTML, like Gecko) Chrome/150.0.7871.186 Mobile Safari/537.36 (compatible; Googlebot/2.1; +http://www.google.com/bot.html)"
66.249.72.205 - - [11/Aug/2026:08:42:45 -0400] "GET /?c=053856014602 HTTP/1.1" 200 5043 "-" "Mozilla/5.0 (Linux; Android 6.0.1; Nexus 5X Build/MMB29P) AppleWebKit/537.36 (KHTML, like Gecko) Chrome/150.0.7871.186 Mobile Safari/537.36 (compatible; Googlebot/2.1; +http://www.google.com/bot.html)"
216.73.216.72 - - [11/Aug/2026:08:42:45 -0400] "GET /wp-includes__2a56d10/functions.php HTTP/1.1" 500 - "-" "Mozilla/5.0 AppleWebKit/537.36 (KHTML, like Gecko; compatible; ClaudeBot/1.0; +claudebot@anthropic.com)"
216.73.216.72 - - [11/Aug/2026:08:42:46 -0400] "GET /wp-includes__2a56d10/blocks.php HTTP/1.1" 200 - "-" "Mozilla/5.0 AppleWebKit/537.36 (KHTML, like Gecko; compatible; ClaudeBot/1.0; +claudebot@anthropic.com)"
216.73.216.72 - - [11/Aug/2026:08:42:47 -0400] "GET /wp-includes__2a56d10/post.php HTTP/1.1" 200 - "-" "Mozilla/5.0 AppleWebKit/537.36 (KHTML, like Gecko; compatible; ClaudeBot/1.0; +claudebot@anthropic.com)"
66.249.72.205 - - [11/Aug/2026:08:42:47 -0400] "GET /?c=72626210635410 HTTP/1.1" 200 5043 "-" "Mozilla/5.0 (Linux; Android 6.0.1; Nexus 5X Build/MMB29P) AppleWebKit/537.36 (KHTML, like Gecko) Chrome/150.0.7871.186 Mobile Safari/537.36 (compatible; Googlebot/2.1; +http://www.google.com/bot.html)"
216.73.216.72 - - [11/Aug/2026:08:42:47 -0400] "GET /wp-includes__2a56d10/widgets.php HTTP/1.1" 200 - "-" "Mozilla/5.0 AppleWebKit/537.36 (KHTML, like Gecko; compatible; ClaudeBot/1.0; +claudebot@anthropic.com)"
57.141.0.34 - - [11/Aug/2026:08:42:48 -0400] "GET /?c=32270259875802 HTTP/1.1" 429 17 "-" "Mozilla/5.0 (Macintosh; Intel Mac OS X 10_15_7) AppleWebKit/537.36 (KHTML, like Gecko) Chrome/145.0.0.0 Safari/537.36 (compatible; meta-externalagent/1.1 (+https://developers.facebook.com/docs/sharing/webmasters/crawler))"
216.73.216.72 - - [11/Aug/2026:08:42:48 -0400] "GET /wp-includes__2a56d10/block-patterns.php HTTP/1.1" 500 - "-" "Mozilla/5.0 AppleWebKit/537.36 (KHTML, like Gecko; compatible; ClaudeBot/1.0; +claudebot@anthropic.com)"
216.73.216.72 - - [11/Aug/2026:08:42:48 -0400] "GET /wp-includes__2a56d10/SimplePie/Parser.php HTTP/1.1" 200 - "-" "Mozilla/5.0 AppleWebKit/537.36 (KHTML, like Gecko; compatible; ClaudeBot/1.0; +claudebot@anthropic.com)"
216.73.216.72 - - [11/Aug/2026:08:42:49 -0400] "GET /wp-includes__2a56d10/SimplePie/Core.php HTTP/1.1" 500 - "-" "Mozilla/5.0 AppleWebKit/537.36 (KHTML, like Gecko; compatible; ClaudeBot/1.0; +claudebot@anthropic.com)"
216.73.216.72 - - [11/Aug/2026:08:42:50 -0400] "GET /wp-includes__2a56d10/SimplePie/Source.php HTTP/1.1" 200 - "-" "Mozilla/5.0 AppleWebKit/537.36 (KHTML, like Gecko; compatible; ClaudeBot/1.0; +claudebot@anthropic.com)"
57.141.0.35 - - [11/Aug/2026:08:42:50 -0400] "GET /?c=02964292260602 HTTP/1.1" 429 17 "-" "Mozilla/5.0 (Windows NT 10.0; Win64; x64) AppleWebKit/537.36 (KHTML, like Gecko) Chrome/145.0.0.0 Safari/537.36 (compatible; meta-externalagent/1.1 (+https://developers.facebook.com/docs/sharing/webmasters/crawler))"
216.73.216.72 - - [11/Aug/2026:08:42:55 -0400] "GET /wp-includes__2a56d10/class.wp-dependencies.php HTTP/1.1" 500 - "-" "Mozilla/5.0 AppleWebKit/537.36 (KHTML, like Gecko; compatible; ClaudeBot/1.0; +claudebot@anthropic.com)"
216.73.216.72 - - [11/Aug/2026:08:43:00 -0400] "GET /wp-includes__2a56d10/revision.php HTTP/1.1" 200 - "-" "Mozilla/5.0 AppleWebKit/537.36 (KHTML, like Gecko; compatible; ClaudeBot/1.0; +claudebot@anthropic.com)"
216.73.216.72 - - [11/Aug/2026:08:43:05 -0400] "GET /wp-includes__2a56d10/block-patterns/ HTTP/1.1" 200 2077 "-" "Mozilla/5.0 AppleWebKit/537.36 (KHTML, like Gecko; compatible; ClaudeBot/1.0; +claudebot@anthropic.com)"
66.249.72.192 - - [11/Aug/2026:08:43:06 -0400] "GET /?c=78006132127501 HTTP/1.1" 200 5043 "-" "Mozilla/5.0 (Linux; Android 6.0.1; Nexus 5X Build/MMB29P) AppleWebKit/537.36 (KHTML, like Gecko) Chrome/150.0.7871.186 Mobile Safari/537.36 (compatible; Googlebot/2.1; +http://www.google.com/bot.html)"
216.73.216.72 - - [11/Aug/2026:08:43:10 -0400] "GET /wp-includes__2a56d10/class-wp-application-passwords.php HTTP/1.1" 200 - "-" "Mozilla/5.0 AppleWebKit/537.36 (KHTML, like Gecko; compatible; ClaudeBot/1.0; +claudebot@anthropic.com)"
66.249.72.205 - - [11/Aug/2026:08:43:13 -0400] "GET /?c=91341267844207 HTTP/1.1" 200 5043 "-" "Mozilla/5.0 (Linux; Android 6.0.1; Nexus 5X Build/MMB29P) AppleWebKit/537.36 (KHTML, like Gecko) Chrome/150.0.7871.186 Mobile Safari/537.36 (compatible; Googlebot/2.1; +http://www.google.com/bot.html)"
216.73.216.72 - - [11/Aug/2026:08:43:15 -0400] "GET /wp-includes__2a56d10/theme-compat/ HTTP/1.1" 200 2338 "-" "Mozilla/5.0 AppleWebKit/537.36 (KHTML, like Gecko; compatible; ClaudeBot/1.0; +claudebot@anthropic.com)"
216.73.216.72 - - [11/Aug/2026:08:43:20 -0400] "GET /wp-includes__2a56d10/class-wp-meta-query.php HTTP/1.1" 200 - "-" "Mozilla/5.0 AppleWebKit/537.36 (KHTML, like Gecko; compatible; ClaudeBot/1.0; +claudebot@anthropic.com)"
66.249.72.205 - - [11/Aug/2026:08:43:22 -0400] "GET /?c=0354734163505 HTTP/1.1" 200 5043 "-" "Mozilla/5.0 (Linux; Android 6.0.1; Nexus 5X Build/MMB29P) AppleWebKit/537.36 (KHTML, like Gecko) Chrome/150.0.7871.186 Mobile Safari/537.36 (compatible; Googlebot/2.1; +http://www.google.com/bot.html)"
66.249.72.205 - - [11/Aug/2026:08:43:30 -0400] "GET /?c=09741224115708 HTTP/1.1" 200 5043 "-" "Mozilla/5.0 (Linux; Android 6.0.1; Nexus 5X Build/MMB29P) AppleWebKit/537.36 (KHTML, like Gecko) Chrome/150.0.7871.186 Mobile Safari/537.36 (compatible; Googlebot/2.1; +http://www.google.com/bot.html)"
216.73.216.72 - - [11/Aug/2026:08:43:30 -0400] "GET /wp-includes__2a56d10/SimplePie/Content/ HTTP/1.1" 200 905 "-" "Mozilla/5.0 AppleWebKit/537.36 (KHTML, like Gecko; compatible; ClaudeBot/1.0; +claudebot@anthropic.com)"
216.73.216.72 - - [11/Aug/2026:08:43:35 -0400] "GET /wp-content__2a56d10/uploads/ HTTP/1.1" 200 1942 "-" "Mozilla/5.0 AppleWebKit/537.36 (KHTML, like Gecko; compatible; ClaudeBot/1.0; +claudebot@anthropic.com)"
66.249.72.205 - - [11/Aug/2026:08:43:39 -0400] "GET /?c=93910218882801 HTTP/1.1" 200 5043 "-" "Mozilla/5.0 (Linux; Android 6.0.1; Nexus 5X Build/MMB29P) AppleWebKit/537.36 (KHTML, like Gecko) Chrome/150.0.7871.186 Mobile Safari/537.36 (compatible; Googlebot/2.1; +http://www.google.com/bot.html)"
216.73.216.72 - - [11/Aug/2026:08:43:40 -0400] "GET /wp-includes__2a56d10/class-wp-list-util.php HTTP/1.1" 200 - "-" "Mozilla/5.0 AppleWebKit/537.36 (KHTML, like Gecko; compatible; ClaudeBot/1.0; +claudebot@anthropic.com)"
216.73.216.72 - - [11/Aug/2026:08:43:45 -0400] "GET /wp-includes__2a56d10/class-wp-block-list.php HTTP/1.1" 200 - "-" "Mozilla/5.0 AppleWebKit/537.36 (KHTML, like Gecko; compatible; ClaudeBot/1.0; +claudebot@anthropic.com)"
66.249.72.205 - - [11/Aug/2026:08:43:47 -0400] "GET /?c=88393284704812 HTTP/1.1" 200 5043 "-" "Mozilla/5.0 (Linux; Android 6.0.1; Nexus 5X Build/MMB29P) AppleWebKit/537.36 (KHTML, like Gecko) Chrome/150.0.7871.186 Mobile Safari/537.36 (compatible; Googlebot/2.1; +http://www.google.com/bot.html)"
216.73.216.72 - - [11/Aug/2026:08:43:50 -0400] "GET /wp-includes__2a56d10/class-wp-http-requests-hooks.php HTTP/1.1" 500 - "-" "Mozilla/5.0 AppleWebKit/537.36 (KHTML, like Gecko; compatible; ClaudeBot/1.0; +claudebot@anthropic.com)"
66.249.72.205 - - [11/Aug/2026:08:43:54 -0400] "GET /?c=98740182415105 HTTP/1.1" 200 5043 "-" "Mozilla/5.0 (Linux; Android 6.0.1; Nexus 5X Build/MMB29P) AppleWebKit/537.36 (KHTML, like Gecko) Chrome/150.0.7871.186 Mobile Safari/537.36 (compatible; Googlebot/2.1; +http://www.google.com/bot.html)"
216.73.216.72 - - [11/Aug/2026:08:43:55 -0400] "GET /wp-includes__2a56d10/class-wp-roles.php HTTP/1.1" 200 - "-" "Mozilla/5.0 AppleWebKit/537.36 (KHTML, like Gecko; compatible; ClaudeBot/1.0; +claudebot@anthropic.com)"
57.141.0.23 - - [11/Aug/2026:08:43:57 -0400] "GET /?c=3296039535202 HTTP/1.1" 429 17 "-" "Mozilla/5.0 (X11; Linux x86_64) AppleWebKit/537.36 (KHTML, like Gecko) Chrome/145.0.0.0 Safari/537.36 (compatible; meta-externalagent/1.1 (+https://developers.facebook.com/docs/sharing/webmasters/crawler))"
216.73.216.72 - - [11/Aug/2026:08:44:00 -0400] "GET /wp-includes__2a56d10/class-wp-simplepie-file.php HTTP/1.1" 500 - "-" "Mozilla/5.0 AppleWebKit/537.36 (KHTML, like Gecko; compatible; ClaudeBot/1.0; +claudebot@anthropic.com)"
66.249.72.205 - - [11/Aug/2026:08:44:02 -0400] "GET /?c=21909137954102 HTTP/1.1" 200 5043 "-" "Mozilla/5.0 (Linux; Android 6.0.1; Nexus 5X Build/MMB29P) AppleWebKit/537.36 (KHTML, like Gecko) Chrome/150.0.7871.186 Mobile Safari/537.36 (compatible; Googlebot/2.1; +http://www.google.com/bot.html)"
35.245.175.247 - - [11/Aug/2026:08:44:05 -0400] "GET / HTTP/1.1" 401 53 "-" "Mozilla/5.0 (Linux; Android 10; K) AppleWebKit/537.36 (KHTML, like Gecko) Chrome/152.0.0.0 Mobile Safari/537.36 OPR/117.0.0.0"
35.245.175.247 - - [11/Aug/2026:08:44:05 -0400] "GET /rclone.conf HTTP/1.1" 401 53 "-" "Mozilla/5.0 AppleWebKit/537.36 (KHTML, like Gecko); compatible; MistralAI-User/1.0"
35.245.175.247 - - [11/Aug/2026:08:44:05 -0400] "GET /.git/HEAD HTTP/1.1" 401 53 "-" "Mozilla/5.0 AppleWebKit/537.36 (KHTML, like Gecko); compatible; MistralAI-User/1.0"
35.245.175.247 - - [11/Aug/2026:08:44:05 -0400] "GET /z9x8c7v6b5-debug-trigger-cpcontacts.gemcovirtual.com HTTP/1.1" 401 53 "-" "Mozilla/5.0 AppleWebKit/537.36 (KHTML, like Gecko); compatible; MistralAI-User/1.0"
216.73.216.72 - - [11/Aug/2026:08:44:05 -0400] "GET /wp-includes__2a56d10/class-wp-taxonomy.php HTTP/1.1" 200 - "-" "Mozilla/5.0 AppleWebKit/537.36 (KHTML, like Gecko; compatible; ClaudeBot/1.0; +claudebot@anthropic.com)"
35.245.175.247 - - [11/Aug/2026:08:44:05 -0400] "GET /.aws/credentials HTTP/1.1" 401 53 "-" "Mozilla/5.0 AppleWebKit/537.36 (KHTML, like Gecko); compatible; MistralAI-User/1.0"
35.245.175.247 - - [11/Aug/2026:08:44:05 -0400] "GET /.aws/config HTTP/1.1" 401 53 "-" "Mozilla/5.0 AppleWebKit/537.36 (KHTML, like Gecko); compatible; MistralAI-User/1.0"
52.54.15.103 - - [11/Aug/2026:08:44:06 -0400] "GET /robots.txt HTTP/1.1" 404 16 "-" "Mozilla/5.0 AppleWebKit/537.36 (KHTML, like Gecko; compatible; Amazonbot/0.1; +https://developer.amazon.com/support/amazonbot) Chrome/119.0.6045.214 Safari/537.36"
35.245.175.247 - - [11/Aug/2026:08:44:06 -0400] "GET /.git/config HTTP/1.1" 401 53 "-" "Mozilla/5.0 AppleWebKit/537.36 (KHTML, like Gecko); compatible; MistralAI-User/1.0"
35.245.175.247 - - [11/Aug/2026:08:44:06 -0400] "POST /graphql HTTP/1.1" 401 53 "https://cpcontacts.gemcovirtual.com" "Mozilla/5.0 (Linux; Android 10; K) AppleWebKit/537.36 (KHTML, like Gecko) Chrome/152.0.0.0 Mobile Safari/537.36 OPR/117.0.0.0"
3.208.146.193 - - [11/Aug/2026:08:44:06 -0400] "GET /wp-json/oembed/1.0/embed?format=xml&url=https://www.gemcovirtual.com/about-us/ HTTP/1.1" 404 16 "-" "Mozilla/5.0 AppleWebKit/537.36 (KHTML, like Gecko; compatible; Amazonbot/0.1; +https://developer.amazon.com/support/amazonbot) Chrome/119.0.6045.214 Safari/537.36"
35.245.175.247 - - [11/Aug/2026:08:44:06 -0400] "GET /.gitconfig HTTP/1.1" 401 53 "-" "Mozilla/5.0 AppleWebKit/537.36 (KHTML, like Gecko); compatible; MistralAI-User/1.0"
35.245.175.247 - - [11/Aug/2026:08:44:06 -0400] "GET /.gitlab-ci.yml HTTP/1.1" 401 53 "-" "Mozilla/5.0 AppleWebKit/537.36 (KHTML, like Gecko); compatible; MistralAI-User/1.0"
35.245.175.247 - - [11/Aug/2026:08:44:06 -0400] "GET /.git-credentials HTTP/1.1" 401 53 "-" "Mozilla/5.0 AppleWebKit/537.36 (KHTML, like Gecko); compatible; MistralAI-User/1.0"
35.245.175.247 - - [11/Aug/2026:08:44:06 -0400] "GET /.env.example HTTP/1.1" 401 53 "-" "Mozilla/5.0 AppleWebKit/537.36 (KHTML, like Gecko); compatible; MistralAI-User/1.0"
35.245.175.247 - - [11/Aug/2026:08:44:06 -0400] "GET /.github/workflows/deploy.yml HTTP/1.1" 401 53 "-" "Mozilla/5.0 AppleWebKit/537.36 (KHTML, like Gecko); compatible; MistralAI-User/1.0"
35.245.175.247 - - [11/Aug/2026:08:44:06 -0400] "GET /.env HTTP/1.1" 401 53 "-" "Mozilla/5.0 AppleWebKit/537.36 (KHTML, like Gecko); compatible; MistralAI-User/1.0"
35.245.175.247 - - [11/Aug/2026:08:44:06 -0400] "POST /api/graphql HTTP/1.1" 401 53 "https://cpcontacts.gemcovirtual.com" "Mozilla/5.0 (Linux; Android 10; K) AppleWebKit/537.36 (KHTML, like Gecko) Chrome/152.0.0.0 Mobile Safari/537.36 OPR/117.0.0.0"
35.245.175.247 - - [11/Aug/2026:08:44:06 -0400] "GET /.env.local HTTP/1.1" 401 53 "-" "Mozilla/5.0 AppleWebKit/537.36 (KHTML, like Gecko); compatible; MistralAI-User/1.0"
35.245.175.247 - - [11/Aug/2026:08:44:06 -0400] "GET /api/.env HTTP/1.1" 401 53 "-" "Mozilla/5.0 AppleWebKit/537.36 (KHTML, like Gecko); compatible; MistralAI-User/1.0"
35.245.175.247 - - [11/Aug/2026:08:44:06 -0400] "GET /.env.old HTTP/1.1" 401 53 "-" "Mozilla/5.0 AppleWebKit/537.36 (KHTML, like Gecko); compatible; MistralAI-User/1.0"
35.245.175.247 - - [11/Aug/2026:08:44:06 -0400] "POST /v1/graphql HTTP/1.1" 401 53 "https://cpcontacts.gemcovirtual.com" "Mozilla/5.0 (Linux; Android 10; K) AppleWebKit/537.36 (KHTML, like Gecko) Chrome/152.0.0.0 Mobile Safari/537.36 OPR/117.0.0.0"
35.245.175.247 - - [11/Aug/2026:08:44:06 -0400] "GET /.env.backup HTTP/1.1" 401 53 "-" "Mozilla/5.0 AppleWebKit/537.36 (KHTML, like Gecko); compatible; MistralAI-User/1.0"
35.245.175.247 - - [11/Aug/2026:08:44:06 -0400] "GET /.env.production HTTP/1.1" 401 53 "-" "Mozilla/5.0 AppleWebKit/537.36 (KHTML, like Gecko); compatible; MistralAI-User/1.0"
35.245.175.247 - - [11/Aug/2026:08:44:06 -0400] "GET /.env.bak HTTP/1.1" 401 53 "-" "Mozilla/5.0 AppleWebKit/537.36 (KHTML, like Gecko); compatible; MistralAI-User/1.0"
35.245.175.247 - - [11/Aug/2026:08:44:06 -0400] "GET /admin/.env HTTP/1.1" 401 53 "-" "Mozilla/5.0 AppleWebKit/537.36 (KHTML, like Gecko); compatible; MistralAI-User/1.0"
35.245.175.247 - - [11/Aug/2026:08:44:07 -0400] "GET /config/.env HTTP/1.1" 401 53 "-" "Mozilla/5.0 AppleWebKit/537.36 (KHTML, like Gecko); compatible; MistralAI-User/1.0"
35.245.175.247 - - [11/Aug/2026:08:44:07 -0400] "GET /secrets.yml HTTP/1.1" 401 53 "-" "Mozilla/5.0 AppleWebKit/537.36 (KHTML, like Gecko); compatible; MistralAI-User/1.0"
35.245.175.247 - - [11/Aug/2026:08:44:07 -0400] "GET /service-account.json HTTP/1.1" 401 53 "-" "Mozilla/5.0 AppleWebKit/537.36 (KHTML, like Gecko); compatible; MistralAI-User/1.0"
35.245.175.247 - - [11/Aug/2026:08:44:07 -0400] "GET /backend/.env HTTP/1.1" 401 53 "-" "Mozilla/5.0 AppleWebKit/537.36 (KHTML, like Gecko); compatible; MistralAI-User/1.0"
35.245.175.247 - - [11/Aug/2026:08:44:07 -0400] "GET /secrets.json HTTP/1.1" 401 53 "-" "Mozilla/5.0 AppleWebKit/537.36 (KHTML, like Gecko); compatible; MistralAI-User/1.0"
35.245.175.247 - - [11/Aug/2026:08:44:07 -0400] "GET /serviceAccountKey.json HTTP/1.1" 401 53 "-" "Mozilla/5.0 AppleWebKit/537.36 (KHTML, like Gecko); compatible; MistralAI-User/1.0"
35.245.175.247 - - [11/Aug/2026:08:44:07 -0400] "GET /key.json HTTP/1.1" 401 53 "-" "Mozilla/5.0 AppleWebKit/537.36 (KHTML, like Gecko); compatible; MistralAI-User/1.0"
35.245.175.247 - - [11/Aug/2026:08:44:07 -0400] "GET /credentials.json HTTP/1.1" 401 53 "-" "Mozilla/5.0 AppleWebKit/537.36 (KHTML, like Gecko); compatible; MistralAI-User/1.0"
35.245.175.247 - - [11/Aug/2026:08:44:07 -0400] "GET /service_account.json HTTP/1.1" 401 53 "-" "Mozilla/5.0 AppleWebKit/537.36 (KHTML, like Gecko); compatible; MistralAI-User/1.0"
35.245.175.247 - - [11/Aug/2026:08:44:07 -0400] "GET /Dockerfile HTTP/1.1" 401 53 "-" "Mozilla/5.0 AppleWebKit/537.36 (KHTML, like Gecko); compatible; MistralAI-User/1.0"
35.245.175.247 - - [11/Aug/2026:08:44:07 -0400] "GET /firebase-service-account.json HTTP/1.1" 401 53 "-" "Mozilla/5.0 AppleWebKit/537.36 (KHTML, like Gecko); compatible; MistralAI-User/1.0"
35.245.175.247 - - [11/Aug/2026:08:44:07 -0400] "GET /.github/.env HTTP/1.1" 401 53 "-" "Mozilla/5.0 AppleWebKit/537.36 (KHTML, like Gecko); compatible; MistralAI-User/1.0"
35.245.175.247 - - [11/Aug/2026:08:44:07 -0400] "GET /.docker/config.json HTTP/1.1" 401 53 "-" "Mozilla/5.0 AppleWebKit/537.36 (KHTML, like Gecko); compatible; MistralAI-User/1.0"
35.245.175.247 - - [11/Aug/2026:08:44:07 -0400] "GET /.npmrc HTTP/1.1" 401 53 "-" "Mozilla/5.0 AppleWebKit/537.36 (KHTML, like Gecko); compatible; MistralAI-User/1.0"
35.245.175.247 - - [11/Aug/2026:08:44:07 -0400] "GET /.s3cfg HTTP/1.1" 401 53 "-" "Mozilla/5.0 AppleWebKit/537.36 (KHTML, like Gecko); compatible; MistralAI-User/1.0"
35.245.175.247 - - [11/Aug/2026:08:44:07 -0400] "GET /.svn/entries HTTP/1.1" 401 53 "-" "Mozilla/5.0 AppleWebKit/537.36 (KHTML, like Gecko); compatible; MistralAI-User/1.0"
35.245.175.247 - - [11/Aug/2026:08:44:07 -0400] "GET /terraform.tfstate HTTP/1.1" 401 53 "-" "Mozilla/5.0 AppleWebKit/537.36 (KHTML, like Gecko); compatible; MistralAI-User/1.0"
35.245.175.247 - - [11/Aug/2026:08:44:07 -0400] "GET /firebase-adminsdk.json HTTP/1.1" 401 53 "-" "Mozilla/5.0 AppleWebKit/537.36 (KHTML, like Gecko); compatible; MistralAI-User/1.0"
35.245.175.247 - - [11/Aug/2026:08:44:07 -0400] "GET /.htpasswd HTTP/1.1" 401 53 "-" "Mozilla/5.0 AppleWebKit/537.36 (KHTML, like Gecko); compatible; MistralAI-User/1.0"
35.245.175.247 - - [11/Aug/2026:08:44:07 -0400] "GET /docker-compose.yaml HTTP/1.1" 401 53 "-" "Mozilla/5.0 AppleWebKit/537.36 (KHTML, like Gecko); compatible; MistralAI-User/1.0"
35.245.175.247 - - [11/Aug/2026:08:44:08 -0400] "GET /.ssh/id_rsa HTTP/1.1" 401 53 "-" "Mozilla/5.0 AppleWebKit/537.36 (KHTML, like Gecko); compatible; MistralAI-User/1.0"
35.245.175.247 - - [11/Aug/2026:08:44:08 -0400] "GET /.vscode/launch.json HTTP/1.1" 401 53 "-" "Mozilla/5.0 AppleWebKit/537.36 (KHTML, like Gecko); compatible; MistralAI-User/1.0"
35.245.175.247 - - [11/Aug/2026:08:44:08 -0400] "GET /.ssh/id_ed25519 HTTP/1.1" 401 53 "-" "Mozilla/5.0 AppleWebKit/537.36 (KHTML, like Gecko); compatible; MistralAI-User/1.0"
35.245.175.247 - - [11/Aug/2026:08:44:08 -0400] "GET /.ssh/id_ecdsa HTTP/1.1" 401 53 "-" "Mozilla/5.0 AppleWebKit/537.36 (KHTML, like Gecko); compatible; MistralAI-User/1.0"
35.245.175.247 - - [11/Aug/2026:08:44:08 -0400] "GET /.ssh/authorized_keys HTTP/1.1" 401 53 "-" "Mozilla/5.0 AppleWebKit/537.36 (KHTML, like Gecko); compatible; MistralAI-User/1.0"
35.245.175.247 - - [11/Aug/2026:08:44:08 -0400] "GET /.ssh/id_dsa HTTP/1.1" 401 53 "-" "Mozilla/5.0 AppleWebKit/537.36 (KHTML, like Gecko); compatible; MistralAI-User/1.0"
35.245.175.247 - - [11/Aug/2026:08:44:08 -0400] "GET /.ssh/config HTTP/1.1" 401 53 "-" "Mozilla/5.0 AppleWebKit/537.36 (KHTML, like Gecko); compatible; MistralAI-User/1.0"
35.245.175.247 - - [11/Aug/2026:08:44:08 -0400] "GET /.ssh/known_hosts HTTP/1.1" 401 53 "-" "Mozilla/5.0 AppleWebKit/537.36 (KHTML, like Gecko); compatible; MistralAI-User/1.0"
35.245.175.247 - - [11/Aug/2026:08:44:08 -0400] "GET /.boto HTTP/1.1" 401 53 "-" "Mozilla/5.0 AppleWebKit/537.36 (KHTML, like Gecko); compatible; MistralAI-User/1.0"
35.245.175.247 - - [11/Aug/2026:08:44:08 -0400] "GET /id_rsa HTTP/1.1" 401 53 "-" "Mozilla/5.0 AppleWebKit/537.36 (KHTML, like Gecko); compatible; MistralAI-User/1.0"
35.245.175.247 - - [11/Aug/2026:08:44:08 -0400] "GET /id_dsa HTTP/1.1" 401 53 "-" "Mozilla/5.0 AppleWebKit/537.36 (KHTML, like Gecko); compatible; MistralAI-User/1.0"
35.245.175.247 - - [11/Aug/2026:08:44:08 -0400] "GET /id_ecdsa HTTP/1.1" 401 53 "-" "Mozilla/5.0 AppleWebKit/537.36 (KHTML, like Gecko); compatible; MistralAI-User/1.0"
35.245.175.247 - - [11/Aug/2026:08:44:08 -0400] "GET /id_ed25519 HTTP/1.1" 401 53 "-" "Mozilla/5.0 AppleWebKit/537.36 (KHTML, like Gecko); compatible; MistralAI-User/1.0"
35.245.175.247 - - [11/Aug/2026:08:44:08 -0400] "GET /server.key HTTP/1.1" 401 53 "-" "Mozilla/5.0 AppleWebKit/537.36 (KHTML, like Gecko); compatible; MistralAI-User/1.0"
35.245.175.247 - - [11/Aug/2026:08:44:08 -0400] "GET /privatekey.key HTTP/1.1" 401 53 "-" "Mozilla/5.0 AppleWebKit/537.36 (KHTML, like Gecko); compatible; MistralAI-User/1.0"
35.245.175.247 - - [11/Aug/2026:08:44:08 -0400] "GET /key.pem HTTP/1.1" 401 53 "-" "Mozilla/5.0 AppleWebKit/537.36 (KHTML, like Gecko); compatible; MistralAI-User/1.0"
35.245.175.247 - - [11/Aug/2026:08:44:08 -0400] "GET /private-key HTTP/1.1" 401 53 "-" "Mozilla/5.0 AppleWebKit/537.36 (KHTML, like Gecko); compatible; MistralAI-User/1.0"
35.245.175.247 - - [11/Aug/2026:08:44:08 -0400] "GET /ssl/server.key HTTP/1.1" 401 53 "-" "Mozilla/5.0 AppleWebKit/537.36 (KHTML, like Gecko); compatible; MistralAI-User/1.0"
35.245.175.247 - - [11/Aug/2026:08:44:08 -0400] "GET /host.key HTTP/1.1" 401 53 "-" "Mozilla/5.0 AppleWebKit/537.36 (KHTML, like Gecko); compatible; MistralAI-User/1.0"
35.245.175.247 - - [11/Aug/2026:08:44:08 -0400] "GET /ssl/localhost.key HTTP/1.1" 401 53 "-" "Mozilla/5.0 AppleWebKit/537.36 (KHTML, like Gecko); compatible; MistralAI-User/1.0"
35.245.175.247 - - [11/Aug/2026:08:44:08 -0400] "GET /localhost.key HTTP/1.1" 401 53 "-" "Mozilla/5.0 AppleWebKit/537.36 (KHTML, like Gecko); compatible; MistralAI-User/1.0"
35.245.175.247 - - [11/Aug/2026:08:44:08 -0400] "GET /.openclaw/.env HTTP/1.1" 401 53 "-" "Mozilla/5.0 AppleWebKit/537.36 (KHTML, like Gecko); compatible; MistralAI-User/1.0"
35.245.175.247 - - [11/Aug/2026:08:44:09 -0400] "GET /.codex/config.toml HTTP/1.1" 401 53 "-" "Mozilla/5.0 AppleWebKit/537.36 (KHTML, like Gecko); compatible; MistralAI-User/1.0"
35.245.175.247 - - [11/Aug/2026:08:44:09 -0400] "GET /.openclaw/openclaw.json HTTP/1.1" 401 53 "-" "Mozilla/5.0 AppleWebKit/537.36 (KHTML, like Gecko); compatible; MistralAI-User/1.0"
35.245.175.247 - - [11/Aug/2026:08:44:09 -0400] "GET /.hermes/.env HTTP/1.1" 401 53 "-" "Mozilla/5.0 AppleWebKit/537.36 (KHTML, like Gecko); compatible; MistralAI-User/1.0"
35.245.175.247 - - [11/Aug/2026:08:44:09 -0400] "GET /.aider.conf.yml HTTP/1.1" 401 53 "-" "Mozilla/5.0 AppleWebKit/537.36 (KHTML, like Gecko); compatible; MistralAI-User/1.0"
35.245.175.247 - - [11/Aug/2026:08:44:09 -0400] "GET /.cursor/mcp.json HTTP/1.1" 401 53 "-" "Mozilla/5.0 AppleWebKit/537.36 (KHTML, like Gecko); compatible; MistralAI-User/1.0"
35.245.175.247 - - [11/Aug/2026:08:44:09 -0400] "GET /.continue/config.json HTTP/1.1" 401 53 "-" "Mozilla/5.0 AppleWebKit/537.36 (KHTML, like Gecko); compatible; MistralAI-User/1.0"
35.245.175.247 - - [11/Aug/2026:08:44:09 -0400] "GET /.hermes/config.yaml HTTP/1.1" 401 53 "-" "Mozilla/5.0 AppleWebKit/537.36 (KHTML, like Gecko); compatible; MistralAI-User/1.0"
35.245.175.247 - - [11/Aug/2026:08:44:09 -0400] "GET /.hermes/auth.json HTTP/1.1" 401 53 "-" "Mozilla/5.0 AppleWebKit/537.36 (KHTML, like Gecko); compatible; MistralAI-User/1.0"
35.245.175.247 - - [11/Aug/2026:08:44:09 -0400] "GET /.claude.json HTTP/1.1" 401 53 "-" "Mozilla/5.0 AppleWebKit/537.36 (KHTML, like Gecko); compatible; MistralAI-User/1.0"
35.245.175.247 - - [11/Aug/2026:08:44:09 -0400] "GET /.claude/settings.json HTTP/1.1" 401 53 "-" "Mozilla/5.0 AppleWebKit/537.36 (KHTML, like Gecko); compatible; MistralAI-User/1.0"
35.245.175.247 - - [11/Aug/2026:08:44:09 -0400] "GET /.bashrc HTTP/1.1" 401 53 "-" "Mozilla/5.0 AppleWebKit/537.36 (KHTML, like Gecko); compatible; MistralAI-User/1.0"
35.245.175.247 - - [11/Aug/2026:08:44:09 -0400] "GET /.config/anthropic/credentials/default.json HTTP/1.1" 401 53 "-" "Mozilla/5.0 AppleWebKit/537.36 (KHTML, like Gecko); compatible; MistralAI-User/1.0"
35.245.175.247 - - [11/Aug/2026:08:44:09 -0400] "GET /.mcp.json HTTP/1.1" 401 53 "-" "Mozilla/5.0 AppleWebKit/537.36 (KHTML, like Gecko); compatible; MistralAI-User/1.0"
35.245.175.247 - - [11/Aug/2026:08:44:09 -0400] "GET /.zshrc HTTP/1.1" 401 53 "-" "Mozilla/5.0 AppleWebKit/537.36 (KHTML, like Gecko); compatible; MistralAI-User/1.0"
35.245.175.247 - - [11/Aug/2026:08:44:09 -0400] "GET /.profile HTTP/1.1" 401 53 "-" "Mozilla/5.0 AppleWebKit/537.36 (KHTML, like Gecko); compatible; MistralAI-User/1.0"
35.245.175.247 - - [11/Aug/2026:08:44:09 -0400] "GET /wp-config.php.old HTTP/1.1" 401 53 "-" "Mozilla/5.0 AppleWebKit/537.36 (KHTML, like Gecko); compatible; MistralAI-User/1.0"
35.245.175.247 - - [11/Aug/2026:08:44:09 -0400] "GET /storage/logs/laravel.log HTTP/1.1" 401 53 "-" "Mozilla/5.0 AppleWebKit/537.36 (KHTML, like Gecko); compatible; MistralAI-User/1.0"
35.245.175.247 - - [11/Aug/2026:08:44:09 -0400] "GET /.bash_profile HTTP/1.1" 401 53 "-" "Mozilla/5.0 AppleWebKit/537.36 (KHTML, like Gecko); compatible; MistralAI-User/1.0"
35.245.175.247 - - [11/Aug/2026:08:44:09 -0400] "GET /wp-config.php.bak HTTP/1.1" 401 53 "-" "Mozilla/5.0 AppleWebKit/537.36 (KHTML, like Gecko); compatible; MistralAI-User/1.0"
35.245.175.247 - - [11/Aug/2026:08:44:09 -0400] "GET /laravel/.env HTTP/1.1" 401 53 "-" "Mozilla/5.0 AppleWebKit/537.36 (KHTML, like Gecko); compatible; MistralAI-User/1.0"
35.245.175.247 - - [11/Aug/2026:08:44:09 -0400] "GET /.env.php.bak HTTP/1.1" 401 53 "-" "Mozilla/5.0 AppleWebKit/537.36 (KHTML, like Gecko); compatible; MistralAI-User/1.0"
35.245.175.247 - - [11/Aug/2026:08:44:09 -0400] "GET /config/.env.php HTTP/1.1" 401 53 "-" "Mozilla/5.0 AppleWebKit/537.36 (KHTML, like Gecko); compatible; MistralAI-User/1.0"
35.245.175.247 - - [11/Aug/2026:08:44:09 -0400] "GET /auth.json HTTP/1.1" 401 53 "-" "Mozilla/5.0 AppleWebKit/537.36 (KHTML, like Gecko); compatible; MistralAI-User/1.0"
35.245.175.247 - - [11/Aug/2026:08:44:09 -0400] "GET /core/.env HTTP/1.1" 401 53 "-" "Mozilla/5.0 AppleWebKit/537.36 (KHTML, like Gecko); compatible; MistralAI-User/1.0"
35.245.175.247 - - [11/Aug/2026:08:44:09 -0400] "GET /config.php.bak HTTP/1.1" 401 53 "-" "Mozilla/5.0 AppleWebKit/537.36 (KHTML, like Gecko); compatible; MistralAI-User/1.0"
35.245.175.247 - - [11/Aug/2026:08:44:09 -0400] "GET /public/.env HTTP/1.1" 401 53 "-" "Mozilla/5.0 AppleWebKit/537.36 (KHTML, like Gecko); compatible; MistralAI-User/1.0"
35.245.175.247 - - [11/Aug/2026:08:44:09 -0400] "GET /web/.env HTTP/1.1" 401 53 "-" "Mozilla/5.0 AppleWebKit/537.36 (KHTML, like Gecko); compatible; MistralAI-User/1.0"
35.245.175.247 - - [11/Aug/2026:08:44:09 -0400] "GET /.env.swp HTTP/1.1" 401 53 "-" "Mozilla/5.0 AppleWebKit/537.36 (KHTML, like Gecko); compatible; MistralAI-User/1.0"
35.245.175.247 - - [11/Aug/2026:08:44:09 -0400] "GET /.env.dev HTTP/1.1" 401 53 "-" "Mozilla/5.0 AppleWebKit/537.36 (KHTML, like Gecko); compatible; MistralAI-User/1.0"
66.249.72.205 - - [11/Aug/2026:08:44:09 -0400] "GET /?c=40810202177401 HTTP/1.1" 200 5043 "-" "Mozilla/5.0 (Linux; Android 6.0.1; Nexus 5X Build/MMB29P) AppleWebKit/537.36 (KHTML, like Gecko) Chrome/150.0.7871.186 Mobile Safari/537.36 (compatible; Googlebot/2.1; +http://www.google.com/bot.html)"
35.245.175.247 - - [11/Aug/2026:08:44:10 -0400] "GET /configuration.php.bak HTTP/1.1" 401 53 "-" "Mozilla/5.0 AppleWebKit/537.36 (KHTML, like Gecko); compatible; MistralAI-User/1.0"
35.245.175.247 - - [11/Aug/2026:08:44:10 -0400] "GET /application.properties HTTP/1.1" 401 53 "-" "Mozilla/5.0 AppleWebKit/537.36 (KHTML, like Gecko); compatible; MistralAI-User/1.0"
35.245.175.247 - - [11/Aug/2026:08:44:10 -0400] "GET /application.yml HTTP/1.1" 401 53 "-" "Mozilla/5.0 AppleWebKit/537.36 (KHTML, like Gecko); compatible; MistralAI-User/1.0"
35.245.175.247 - - [11/Aug/2026:08:44:10 -0400] "GET /config/secrets.yml HTTP/1.1" 401 53 "-" "Mozilla/5.0 AppleWebKit/537.36 (KHTML, like Gecko); compatible; MistralAI-User/1.0"
35.245.175.247 - - [11/Aug/2026:08:44:10 -0400] "GET /bootstrap.yml HTTP/1.1" 401 53 "-" "Mozilla/5.0 AppleWebKit/537.36 (KHTML, like Gecko); compatible; MistralAI-User/1.0"
35.245.175.247 - - [11/Aug/2026:08:44:10 -0400] "GET /config/application.properties HTTP/1.1" 401 53 "-" "Mozilla/5.0 AppleWebKit/537.36 (KHTML, like Gecko); compatible; MistralAI-User/1.0"
35.245.175.247 - - [11/Aug/2026:08:44:10 -0400] "GET /appsettings.json HTTP/1.1" 401 53 "-" "Mozilla/5.0 AppleWebKit/537.36 (KHTML, like Gecko); compatible; MistralAI-User/1.0"
35.245.175.247 - - [11/Aug/2026:08:44:10 -0400] "GET /bootstrap.properties HTTP/1.1" 401 53 "-" "Mozilla/5.0 AppleWebKit/537.36 (KHTML, like Gecko); compatible; MistralAI-User/1.0"
35.245.175.247 - - [11/Aug/2026:08:44:10 -0400] "GET /gradle.properties HTTP/1.1" 401 53 "-" "Mozilla/5.0 AppleWebKit/537.36 (KHTML, like Gecko); compatible; MistralAI-User/1.0"
35.245.175.247 - - [11/Aug/2026:08:44:10 -0400] "GET /appsettings.Development.json HTTP/1.1" 401 53 "-" "Mozilla/5.0 AppleWebKit/537.36 (KHTML, like Gecko); compatible; MistralAI-User/1.0"
35.245.175.247 - - [11/Aug/2026:08:44:10 -0400] "GET /appsettings.Production.json HTTP/1.1" 401 53 "-" "Mozilla/5.0 AppleWebKit/537.36 (KHTML, like Gecko); compatible; MistralAI-User/1.0"
35.245.175.247 - - [11/Aug/2026:08:44:10 -0400] "GET /actuator/env HTTP/1.1" 401 53 "-" "Mozilla/5.0 AppleWebKit/537.36 (KHTML, like Gecko); compatible; MistralAI-User/1.0"
35.245.175.247 - - [11/Aug/2026:08:44:10 -0400] "GET /web.config HTTP/1.1" 401 53 "-" "Mozilla/5.0 AppleWebKit/537.36 (KHTML, like Gecko); compatible; MistralAI-User/1.0"
35.245.175.247 - - [11/Aug/2026:08:44:10 -0400] "GET /local.settings.json HTTP/1.1" 401 53 "-" "Mozilla/5.0 AppleWebKit/537.36 (KHTML, like Gecko); compatible; MistralAI-User/1.0"
35.245.175.247 - - [11/Aug/2026:08:44:10 -0400] "GET /config/database.yml HTTP/1.1" 401 53 "-" "Mozilla/5.0 AppleWebKit/537.36 (KHTML, like Gecko); compatible; MistralAI-User/1.0"
35.245.175.247 - - [11/Aug/2026:08:44:10 -0400] "GET /.pypirc HTTP/1.1" 401 53 "-" "Mozilla/5.0 AppleWebKit/537.36 (KHTML, like Gecko); compatible; MistralAI-User/1.0"
35.245.175.247 - - [11/Aug/2026:08:44:10 -0400] "GET /config/master.key HTTP/1.1" 401 53 "-" "Mozilla/5.0 AppleWebKit/537.36 (KHTML, like Gecko); compatible; MistralAI-User/1.0"
35.245.175.247 - - [11/Aug/2026:08:44:10 -0400] "GET /.streamlit/secrets.toml HTTP/1.1" 401 53 "-" "Mozilla/5.0 AppleWebKit/537.36 (KHTML, like Gecko); compatible; MistralAI-User/1.0"
35.245.175.247 - - [11/Aug/2026:08:44:10 -0400] "GET /config/storage.yml HTTP/1.1" 401 53 "-" "Mozilla/5.0 AppleWebKit/537.36 (KHTML, like Gecko); compatible; MistralAI-User/1.0"
216.73.216.72 - - [11/Aug/2026:08:44:10 -0400] "GET /wp-includes__2a56d10/post-thumbnail-template.php HTTP/1.1" 200 - "-" "Mozilla/5.0 AppleWebKit/537.36 (KHTML, like Gecko; compatible; ClaudeBot/1.0; +claudebot@anthropic.com)"
35.245.175.247 - - [11/Aug/2026:08:44:10 -0400] "GET /config/settings.py HTTP/1.1" 401 53 "-" "Mozilla/5.0 AppleWebKit/537.36 (KHTML, like Gecko); compatible; MistralAI-User/1.0"
35.245.175.247 - - [11/Aug/2026:08:44:10 -0400] "GET /settings.py HTTP/1.1" 401 53 "-" "Mozilla/5.0 AppleWebKit/537.36 (KHTML, like Gecko); compatible; MistralAI-User/1.0"
35.245.175.247 - - [11/Aug/2026:08:44:10 -0400] "GET /core/settings.py HTTP/1.1" 401 53 "-" "Mozilla/5.0 AppleWebKit/537.36 (KHTML, like Gecko); compatible; MistralAI-User/1.0"
35.245.175.247 - - [11/Aug/2026:08:44:10 -0400] "GET /app/settings.py HTTP/1.1" 401 53 "-" "Mozilla/5.0 AppleWebKit/537.36 (KHTML, like Gecko); compatible; MistralAI-User/1.0"
35.245.175.247 - - [11/Aug/2026:08:44:11 -0400] "GET /config.py HTTP/1.1" 401 53 "-" "Mozilla/5.0 AppleWebKit/537.36 (KHTML, like Gecko); compatible; MistralAI-User/1.0"
35.245.175.247 - - [11/Aug/2026:08:44:11 -0400] "GET /instance/config.py HTTP/1.1" 401 53 "-" "Mozilla/5.0 AppleWebKit/537.36 (KHTML, like Gecko); compatible; MistralAI-User/1.0"
35.245.175.247 - - [11/Aug/2026:08:44:11 -0400] "GET /backend/settings.py HTTP/1.1" 401 53 "-" "Mozilla/5.0 AppleWebKit/537.36 (KHTML, like Gecko); compatible; MistralAI-User/1.0"
35.245.175.247 - - [11/Aug/2026:08:44:11 -0400] "GET /.env.development HTTP/1.1" 401 53 "-" "Mozilla/5.0 AppleWebKit/537.36 (KHTML, like Gecko); compatible; MistralAI-User/1.0"
35.245.175.247 - - [11/Aug/2026:08:44:11 -0400] "GET /.env.staging HTTP/1.1" 401 53 "-" "Mozilla/5.0 AppleWebKit/537.36 (KHTML, like Gecko); compatible; MistralAI-User/1.0"
35.245.175.247 - - [11/Aug/2026:08:44:11 -0400] "GET /.env.test HTTP/1.1" 401 53 "-" "Mozilla/5.0 AppleWebKit/537.36 (KHTML, like Gecko); compatible; MistralAI-User/1.0"
35.245.175.247 - - [11/Aug/2026:08:44:11 -0400] "GET /sendgrid.env HTTP/1.1" 401 53 "-" "Mozilla/5.0 AppleWebKit/537.36 (KHTML, like Gecko); compatible; MistralAI-User/1.0"
35.245.175.247 - - [11/Aug/2026:08:44:11 -0400] "GET /app/.env HTTP/1.1" 401 53 "-" "Mozilla/5.0 AppleWebKit/537.36 (KHTML, like Gecko); compatible; MistralAI-User/1.0"
35.245.175.247 - - [11/Aug/2026:08:44:11 -0400] "GET /config.env HTTP/1.1" 401 53 "-" "Mozilla/5.0 AppleWebKit/537.36 (KHTML, like Gecko); compatible; MistralAI-User/1.0"
35.245.175.247 - - [11/Aug/2026:08:44:11 -0400] "GET /src/.env HTTP/1.1" 401 53 "-" "Mozilla/5.0 AppleWebKit/537.36 (KHTML, like Gecko); compatible; MistralAI-User/1.0"
35.245.175.247 - - [11/Aug/2026:08:44:11 -0400] "GET /server/.env HTTP/1.1" 401 53 "-" "Mozilla/5.0 AppleWebKit/537.36 (KHTML, like Gecko); compatible; MistralAI-User/1.0"
35.245.175.247 - - [11/Aug/2026:08:44:11 -0400] "GET /frontend/.env HTTP/1.1" 401 53 "-" "Mozilla/5.0 AppleWebKit/537.36 (KHTML, like Gecko); compatible; MistralAI-User/1.0"
35.245.175.247 - - [11/Aug/2026:08:44:11 -0400] "GET /dev/.env HTTP/1.1" 401 53 "-" "Mozilla/5.0 AppleWebKit/537.36 (KHTML, like Gecko); compatible; MistralAI-User/1.0"
35.245.175.247 - - [11/Aug/2026:08:44:11 -0400] "GET /production/.env HTTP/1.1" 401 53 "-" "Mozilla/5.0 AppleWebKit/537.36 (KHTML, like Gecko); compatible; MistralAI-User/1.0"
35.245.175.247 - - [11/Aug/2026:08:44:11 -0400] "GET /docker/.env HTTP/1.1" 401 53 "-" "Mozilla/5.0 AppleWebKit/537.36 (KHTML, like Gecko); compatible; MistralAI-User/1.0"
35.245.175.247 - - [11/Aug/2026:08:44:12 -0400] "GET /@fs/.env?raw?? HTTP/1.1" 401 53 "-" "Mozilla/5.0 AppleWebKit/537.36 (KHTML, like Gecko); compatible; MistralAI-User/1.0"
35.245.175.247 - - [11/Aug/2026:08:44:12 -0400] "GET /.env.docker HTTP/1.1" 401 53 "-" "Mozilla/5.0 AppleWebKit/537.36 (KHTML, like Gecko); compatible; MistralAI-User/1.0"
35.245.175.247 - - [11/Aug/2026:08:44:12 -0400] "GET /@fs/root/.env?raw?? HTTP/1.1" 401 53 "-" "Mozilla/5.0 AppleWebKit/537.36 (KHTML, like Gecko); compatible; MistralAI-User/1.0"
35.245.175.247 - - [11/Aug/2026:08:44:12 -0400] "GET /staging/.env HTTP/1.1" 401 53 "-" "Mozilla/5.0 AppleWebKit/537.36 (KHTML, like Gecko); compatible; MistralAI-User/1.0"
35.245.175.247 - - [11/Aug/2026:08:44:12 -0400] "GET /@fs/proc/self/environ?import&raw?? HTTP/1.1" 401 53 "-" "Mozilla/5.0 AppleWebKit/537.36 (KHTML, like Gecko); compatible; MistralAI-User/1.0"
35.245.175.247 - - [11/Aug/2026:08:44:12 -0400] "GET /.env.production.bak HTTP/1.1" 401 53 "-" "Mozilla/5.0 AppleWebKit/537.36 (KHTML, like Gecko); compatible; MistralAI-User/1.0"
35.245.175.247 - - [11/Aug/2026:08:44:12 -0400] "GET /.env.prod.bak HTTP/1.1" 401 53 "-" "Mozilla/5.0 AppleWebKit/537.36 (KHTML, like Gecko); compatible; MistralAI-User/1.0"
35.245.175.247 - - [11/Aug/2026:08:44:12 -0400] "GET /google-credentials.json HTTP/1.1" 401 53 "-" "Mozilla/5.0 AppleWebKit/537.36 (KHTML, like Gecko); compatible; MistralAI-User/1.0"
35.245.175.247 - - [11/Aug/2026:08:44:12 -0400] "GET /sa.json HTTP/1.1" 401 53 "-" "Mozilla/5.0 AppleWebKit/537.36 (KHTML, like Gecko); compatible; MistralAI-User/1.0"
35.245.175.247 - - [11/Aug/2026:08:44:12 -0400] "GET /firebase-credentials.json HTTP/1.1" 401 53 "-" "Mozilla/5.0 AppleWebKit/537.36 (KHTML, like Gecko); compatible; MistralAI-User/1.0"
35.245.175.247 - - [11/Aug/2026:08:44:12 -0400] "GET /gcp-key.json HTTP/1.1" 401 53 "-" "Mozilla/5.0 AppleWebKit/537.36 (KHTML, like Gecko); compatible; MistralAI-User/1.0"
35.245.175.247 - - [11/Aug/2026:08:44:12 -0400] "GET /gcp-credentials.json HTTP/1.1" 401 53 "-" "Mozilla/5.0 AppleWebKit/537.36 (KHTML, like Gecko); compatible; MistralAI-User/1.0"
35.245.175.247 - - [11/Aug/2026:08:44:12 -0400] "GET /keys/service-account.json HTTP/1.1" 401 53 "-" "Mozilla/5.0 AppleWebKit/537.36 (KHTML, like Gecko); compatible; MistralAI-User/1.0"
35.245.175.247 - - [11/Aug/2026:08:44:12 -0400] "GET /firebase-admin.json HTTP/1.1" 401 53 "-" "Mozilla/5.0 AppleWebKit/537.36 (KHTML, like Gecko); compatible; MistralAI-User/1.0"
35.245.175.247 - - [11/Aug/2026:08:44:12 -0400] "GET /public/admin.json HTTP/1.1" 401 53 "-" "Mozilla/5.0 AppleWebKit/537.36 (KHTML, like Gecko); compatible; MistralAI-User/1.0"
35.245.175.247 - - [11/Aug/2026:08:44:12 -0400] "GET /config/gcp-credentials.json HTTP/1.1" 401 53 "-" "Mozilla/5.0 AppleWebKit/537.36 (KHTML, like Gecko); compatible; MistralAI-User/1.0"
35.245.175.247 - - [11/Aug/2026:08:44:12 -0400] "GET /config/firebase-admin.json HTTP/1.1" 401 53 "-" "Mozilla/5.0 AppleWebKit/537.36 (KHTML, like Gecko); compatible; MistralAI-User/1.0"
35.245.175.247 - - [11/Aug/2026:08:44:13 -0400] "GET /google-service-account.json HTTP/1.1" 401 53 "-" "Mozilla/5.0 AppleWebKit/537.36 (KHTML, like Gecko); compatible; MistralAI-User/1.0"
35.245.175.247 - - [11/Aug/2026:08:44:13 -0400] "GET /push_config.json HTTP/1.1" 401 53 "-" "Mozilla/5.0 AppleWebKit/537.36 (KHTML, like Gecko); compatible; MistralAI-User/1.0"
35.245.175.247 - - [11/Aug/2026:08:44:13 -0400] "GET /firebase.json HTTP/1.1" 401 53 "-" "Mozilla/5.0 AppleWebKit/537.36 (KHTML, like Gecko); compatible; MistralAI-User/1.0"
35.245.175.247 - - [11/Aug/2026:08:44:13 -0400] "GET /gcp-service.json HTTP/1.1" 401 53 "-" "Mozilla/5.0 AppleWebKit/537.36 (KHTML, like Gecko); compatible; MistralAI-User/1.0"
35.245.175.247 - - [11/Aug/2026:08:44:13 -0400] "GET /debug/pprof/ HTTP/1.1" 401 53 "-" "Mozilla/5.0 AppleWebKit/537.36 (KHTML, like Gecko); compatible; MistralAI-User/1.0"
35.245.175.247 - - [11/Aug/2026:08:44:13 -0400] "GET /debug/pprof/cmdline HTTP/1.1" 401 53 "-" "Mozilla/5.0 AppleWebKit/537.36 (KHTML, like Gecko); compatible; MistralAI-User/1.0"
35.245.175.247 - - [11/Aug/2026:08:44:13 -0400] "GET /google-services.json HTTP/1.1" 401 53 "-" "Mozilla/5.0 AppleWebKit/537.36 (KHTML, like Gecko); compatible; MistralAI-User/1.0"
35.245.175.247 - - [11/Aug/2026:08:44:13 -0400] "GET /debug/vars HTTP/1.1" 401 53 "-" "Mozilla/5.0 AppleWebKit/537.36 (KHTML, like Gecko); compatible; MistralAI-User/1.0"
35.245.175.247 - - [11/Aug/2026:08:44:13 -0400] "GET /metrics HTTP/1.1" 401 53 "-" "Mozilla/5.0 AppleWebKit/537.36 (KHTML, like Gecko); compatible; MistralAI-User/1.0"
35.245.175.247 - - [11/Aug/2026:08:44:13 -0400] "GET /gc-service.json HTTP/1.1" 401 53 "-" "Mozilla/5.0 AppleWebKit/537.36 (KHTML, like Gecko); compatible; MistralAI-User/1.0"
35.245.175.247 - - [11/Aug/2026:08:44:13 -0400] "GET /config.yaml HTTP/1.1" 401 53 "-" "Mozilla/5.0 AppleWebKit/537.36 (KHTML, like Gecko); compatible; MistralAI-User/1.0"
35.245.175.247 - - [11/Aug/2026:08:44:13 -0400] "GET /config.toml HTTP/1.1" 401 53 "-" "Mozilla/5.0 AppleWebKit/537.36 (KHTML, like Gecko); compatible; MistralAI-User/1.0"
35.245.175.247 - - [11/Aug/2026:08:44:13 -0400] "GET /info HTTP/1.1" 401 53 "-" "Mozilla/5.0 AppleWebKit/537.36 (KHTML, like Gecko); compatible; MistralAI-User/1.0"
35.245.175.247 - - [11/Aug/2026:08:44:13 -0400] "GET /dashboard HTTP/1.1" 401 53 "-" "Mozilla/5.0 AppleWebKit/537.36 (KHTML, like Gecko); compatible; MistralAI-User/1.0"
35.245.175.247 - - [11/Aug/2026:08:44:13 -0400] "GET /_health HTTP/1.1" 401 53 "-" "Mozilla/5.0 AppleWebKit/537.36 (KHTML, like Gecko); compatible; MistralAI-User/1.0"
35.245.175.247 - - [11/Aug/2026:08:44:13 -0400] "GET /config/runtime.exs HTTP/1.1" 401 53 "-" "Mozilla/5.0 AppleWebKit/537.36 (KHTML, like Gecko); compatible; MistralAI-User/1.0"
35.245.175.247 - - [11/Aug/2026:08:44:13 -0400] "GET /config/prod.exs HTTP/1.1" 401 53 "-" "Mozilla/5.0 AppleWebKit/537.36 (KHTML, like Gecko); compatible; MistralAI-User/1.0"
35.245.175.247 - - [11/Aug/2026:08:44:13 -0400] "GET /aws-exports.js HTTP/1.1" 401 53 "-" "Mozilla/5.0 AppleWebKit/537.36 (KHTML, like Gecko); compatible; MistralAI-User/1.0"
35.245.175.247 - - [11/Aug/2026:08:44:13 -0400] "GET /aws-config.js HTTP/1.1" 401 53 "-" "Mozilla/5.0 AppleWebKit/537.36 (KHTML, like Gecko); compatible; MistralAI-User/1.0"
35.245.175.247 - - [11/Aug/2026:08:44:13 -0400] "GET /values.yaml HTTP/1.1" 401 53 "-" "Mozilla/5.0 AppleWebKit/537.36 (KHTML, like Gecko); compatible; MistralAI-User/1.0"
35.245.175.247 - - [11/Aug/2026:08:44:13 -0400] "GET /amplifyconfiguration.json HTTP/1.1" 401 53 "-" "Mozilla/5.0 AppleWebKit/537.36 (KHTML, like Gecko); compatible; MistralAI-User/1.0"
35.245.175.247 - - [11/Aug/2026:08:44:13 -0400] "GET /wp-json HTTP/1.1" 401 53 "-" "Mozilla/5.0 AppleWebKit/537.36 (KHTML, like Gecko); compatible; MistralAI-User/1.0"
35.245.175.247 - - [11/Aug/2026:08:44:14 -0400] "GET /api/settings HTTP/1.1" 401 53 "-" "Mozilla/5.0 AppleWebKit/537.36 (KHTML, like Gecko); compatible; MistralAI-User/1.0"
35.245.175.247 - - [11/Aug/2026:08:44:14 -0400] "GET /config.js HTTP/1.1" 401 53 "-" "Mozilla/5.0 AppleWebKit/537.36 (KHTML, like Gecko); compatible; MistralAI-User/1.0"
35.245.175.247 - - [11/Aug/2026:08:44:14 -0400] "GET /config.json HTTP/1.1" 401 53 "-" "Mozilla/5.0 AppleWebKit/537.36 (KHTML, like Gecko); compatible; MistralAI-User/1.0"
35.245.175.247 - - [11/Aug/2026:08:44:14 -0400] "GET /api/config HTTP/1.1" 401 53 "-" "Mozilla/5.0 AppleWebKit/537.36 (KHTML, like Gecko); compatible; MistralAI-User/1.0"
35.245.175.247 - - [11/Aug/2026:08:44:14 -0400] "GET /api/v1/settings HTTP/1.1" 401 53 "-" "Mozilla/5.0 AppleWebKit/537.36 (KHTML, like Gecko); compatible; MistralAI-User/1.0"
35.245.175.247 - - [11/Aug/2026:08:44:14 -0400] "GET /__/firebase/init.json HTTP/1.1" 401 53 "-" "Mozilla/5.0 AppleWebKit/537.36 (KHTML, like Gecko); compatible; MistralAI-User/1.0"
35.245.175.247 - - [11/Aug/2026:08:44:14 -0400] "GET /env.json HTTP/1.1" 401 53 "-" "Mozilla/5.0 AppleWebKit/537.36 (KHTML, like Gecko); compatible; MistralAI-User/1.0"
35.245.175.247 - - [11/Aug/2026:08:44:14 -0400] "GET /settings.json HTTP/1.1" 401 53 "-" "Mozilla/5.0 AppleWebKit/537.36 (KHTML, like Gecko); compatible; MistralAI-User/1.0"
35.245.175.247 - - [11/Aug/2026:08:44:14 -0400] "GET /env.js HTTP/1.1" 401 53 "-" "Mozilla/5.0 AppleWebKit/537.36 (KHTML, like Gecko); compatible; MistralAI-User/1.0"
35.245.175.247 - - [11/Aug/2026:08:44:14 -0400] "GET /firebase-config.json HTTP/1.1" 401 53 "-" "Mozilla/5.0 AppleWebKit/537.36 (KHTML, like Gecko); compatible; MistralAI-User/1.0"
35.245.175.247 - - [11/Aug/2026:08:44:14 -0400] "GET /api/v2/config HTTP/1.1" 401 53 "-" "Mozilla/5.0 AppleWebKit/537.36 (KHTML, like Gecko); compatible; MistralAI-User/1.0"
35.245.175.247 - - [11/Aug/2026:08:44:14 -0400] "GET /.well-known/jwks.json HTTP/1.1" 401 53 "-" "Mozilla/5.0 AppleWebKit/537.36 (KHTML, like Gecko); compatible; MistralAI-User/1.0"
35.245.175.247 - - [11/Aug/2026:08:44:14 -0400] "GET /api/v1/config HTTP/1.1" 401 53 "-" "Mozilla/5.0 AppleWebKit/537.36 (KHTML, like Gecko); compatible; MistralAI-User/1.0"
35.245.175.247 - - [11/Aug/2026:08:44:14 -0400] "GET /openapi.json HTTP/1.1" 401 53 "-" "Mozilla/5.0 AppleWebKit/537.36 (KHTML, like Gecko); compatible; MistralAI-User/1.0"
35.245.175.247 - - [11/Aug/2026:08:44:14 -0400] "GET /runtime-config.js HTTP/1.1" 401 53 "-" "Mozilla/5.0 AppleWebKit/537.36 (KHTML, like Gecko); compatible; MistralAI-User/1.0"
35.245.175.247 - - [11/Aug/2026:08:44:14 -0400] "GET /api/openapi.json HTTP/1.1" 401 53 "-" "Mozilla/5.0 AppleWebKit/537.36 (KHTML, like Gecko); compatible; MistralAI-User/1.0"
35.245.175.247 - - [11/Aug/2026:08:44:14 -0400] "GET /api/env HTTP/1.1" 401 53 "-" "Mozilla/5.0 AppleWebKit/537.36 (KHTML, like Gecko); compatible; MistralAI-User/1.0"
35.245.175.247 - - [11/Aug/2026:08:44:14 -0400] "GET /api/v2/settings HTTP/1.1" 401 53 "-" "Mozilla/5.0 AppleWebKit/537.36 (KHTML, like Gecko); compatible; MistralAI-User/1.0"
35.245.175.247 - - [11/Aug/2026:08:44:14 -0400] "GET /api/health HTTP/1.1" 401 53 "-" "Mozilla/5.0 AppleWebKit/537.36 (KHTML, like Gecko); compatible; MistralAI-User/1.0"
35.245.175.247 - - [11/Aug/2026:08:44:14 -0400] "GET /manifest.webmanifest HTTP/1.1" 401 53 "-" "Mozilla/5.0 AppleWebKit/537.36 (KHTML, like Gecko); compatible; MistralAI-User/1.0"
