57.141.0.44 - - [11/Aug/2026:16:28:22 -0400] "GET /?c=86274295562904 HTTP/1.1" 200 4294 "-" "Mozilla/5.0 (Windows NT 10.0; Win64; x64) AppleWebKit/537.36 (KHTML, like Gecko) Chrome/145.0.0.0 Safari/537.36 (compatible; meta-externalagent/1.1 (+https://developers.facebook.com/docs/sharing/webmasters/crawler))"
57.141.0.68 - - [11/Aug/2026:16:28:33 -0400] "GET /?c=9519050128405 HTTP/1.1" 200 4294 "-" "Mozilla/5.0 (Macintosh; Intel Mac OS X 10_15_7) AppleWebKit/537.36 (KHTML, like Gecko) Chrome/145.0.0.0 Safari/537.36 (compatible; meta-externalagent/1.1 (+https://developers.facebook.com/docs/sharing/webmasters/crawler))"
57.141.0.61 - - [11/Aug/2026:16:29:04 -0400] "GET /?c=7765083626803 HTTP/1.1" 200 4294 "-" "Mozilla/5.0 (Macintosh; Intel Mac OS X 10_15_7) AppleWebKit/537.36 (KHTML, like Gecko) Chrome/145.0.0.0 Safari/537.36 (compatible; meta-externalagent/1.1 (+https://developers.facebook.com/docs/sharing/webmasters/crawler))"
57.141.0.41 - - [11/Aug/2026:16:31:41 -0400] "GET /?c=89808139196003 HTTP/1.1" 200 4294 "-" "Mozilla/5.0 (Windows NT 10.0; Win64; x64) AppleWebKit/537.36 (KHTML, like Gecko) Chrome/145.0.0.0 Safari/537.36 (compatible; meta-externalagent/1.1 (+https://developers.facebook.com/docs/sharing/webmasters/crawler))"
57.141.0.60 - - [11/Aug/2026:16:31:48 -0400] "GET /?c=0339413491301 HTTP/1.1" 200 4294 "-" "Mozilla/5.0 (Windows NT 10.0; Win64; x64) AppleWebKit/537.36 (KHTML, like Gecko) Chrome/145.0.0.0 Safari/537.36 (compatible; meta-externalagent/1.1 (+https://developers.facebook.com/docs/sharing/webmasters/crawler))"
216.73.216.72 - - [11/Aug/2026:16:31:52 -0400] "GET /wp-includes__2a56d10/Requests/src/Transport/Curl.php HTTP/1.1" 500 - "-" "Mozilla/5.0 AppleWebKit/537.36 (KHTML, like Gecko; compatible; ClaudeBot/1.0; +claudebot@anthropic.com)"
216.73.216.72 - - [11/Aug/2026:16:31:52 -0400] "GET /wp-includes__2a56d10/rest-api/endpoints/class-wp-rest-pattern-directory-controller.php HTTP/1.1" 500 - "-" "Mozilla/5.0 AppleWebKit/537.36 (KHTML, like Gecko; compatible; ClaudeBot/1.0; +claudebot@anthropic.com)"
216.73.216.72 - - [11/Aug/2026:16:31:53 -0400] "GET /wp-includes__2a56d10/widgets/class-wp-widget-recent-comments.php HTTP/1.1" 500 - "-" "Mozilla/5.0 AppleWebKit/537.36 (KHTML, like Gecko; compatible; ClaudeBot/1.0; +claudebot@anthropic.com)"
216.73.216.72 - - [11/Aug/2026:16:31:53 -0400] "GET /wp-includes__2a56d10/rest-api/endpoints/class-wp-rest-comments-controller.php HTTP/1.1" 500 - "-" "Mozilla/5.0 AppleWebKit/537.36 (KHTML, like Gecko; compatible; ClaudeBot/1.0; +claudebot@anthropic.com)"
216.73.216.72 - - [11/Aug/2026:16:31:54 -0400] "GET /wp-includes__2a56d10/sodium_compat/lib/php72compat.php HTTP/1.1" 200 - "-" "Mozilla/5.0 AppleWebKit/537.36 (KHTML, like Gecko; compatible; ClaudeBot/1.0; +claudebot@anthropic.com)"
57.141.0.16 - - [11/Aug/2026:16:31:55 -0400] "GET /?c=82602159689200 HTTP/1.1" 200 4294 "-" "Mozilla/5.0 (Windows NT 10.0; Win64; x64) AppleWebKit/537.36 (KHTML, like Gecko) Chrome/144.0.0.0 Safari/537.36 Edg/144.0.0.0 (compatible; meta-externalagent/1.1 (+https://developers.facebook.com/docs/sharing/webmasters/crawler))"
57.141.0.53 - - [11/Aug/2026:16:32:00 -0400] "GET /?c=90704219695300 HTTP/1.1" 200 4294 "-" "Mozilla/5.0 (Macintosh; Intel Mac OS X 10_15_7) AppleWebKit/537.36 (KHTML, like Gecko) Chrome/145.0.0.0 Safari/537.36 (compatible; meta-externalagent/1.1 (+https://developers.facebook.com/docs/sharing/webmasters/crawler))"
57.141.0.32 - - [11/Aug/2026:16:32:05 -0400] "GET /?c=07898239191600 HTTP/1.1" 200 4294 "-" "Mozilla/5.0 (Macintosh; Intel Mac OS X 10_15_7) AppleWebKit/537.36 (KHTML, like Gecko) Chrome/145.0.0.0 Safari/537.36 (compatible; meta-externalagent/1.1 (+https://developers.facebook.com/docs/sharing/webmasters/crawler))"
216.73.216.72 - - [11/Aug/2026:16:32:09 -0400] "GET /wp-includes__2a56d10/css/dist/editor/style.css HTTP/1.1" 200 19650 "-" "Mozilla/5.0 AppleWebKit/537.36 (KHTML, like Gecko; compatible; ClaudeBot/1.0; +claudebot@anthropic.com)"
216.73.216.72 - - [11/Aug/2026:16:32:09 -0400] "GET /wp-includes__2a56d10/Requests/src/Exception/Transport/Curl.php HTTP/1.1" 500 - "-" "Mozilla/5.0 AppleWebKit/537.36 (KHTML, like Gecko; compatible; ClaudeBot/1.0; +claudebot@anthropic.com)"
216.73.216.72 - - [11/Aug/2026:16:32:10 -0400] "GET /wp-includes__2a56d10/rest-api/endpoints/class-wp-rest-block-patterns-controller.php HTTP/1.1" 500 - "-" "Mozilla/5.0 AppleWebKit/537.36 (KHTML, like Gecko; compatible; ClaudeBot/1.0; +claudebot@anthropic.com)"
216.73.216.72 - - [11/Aug/2026:16:32:11 -0400] "GET /wp-includes__2a56d10/sodium_compat/lib/php72compat_const.php HTTP/1.1" 200 - "-" "Mozilla/5.0 AppleWebKit/537.36 (KHTML, like Gecko; compatible; ClaudeBot/1.0; +claudebot@anthropic.com)"
216.73.216.72 - - [11/Aug/2026:16:32:11 -0400] "GET /wp-includes__2a56d10/Requests/src/Response/Headers.php HTTP/1.1" 500 - "-" "Mozilla/5.0 AppleWebKit/537.36 (KHTML, like Gecko; compatible; ClaudeBot/1.0; +claudebot@anthropic.com)"
216.73.216.72 - - [11/Aug/2026:16:32:17 -0400] "GET /wp-includes__2a56d10/customize/class-wp-customize-nav-menu-setting.php HTTP/1.1" 500 - "-" "Mozilla/5.0 AppleWebKit/537.36 (KHTML, like Gecko; compatible; ClaudeBot/1.0; +claudebot@anthropic.com)"
216.73.216.72 - - [11/Aug/2026:16:32:17 -0400] "GET /wp-includes__2a56d10/css/dist/components/style.min.css HTTP/1.1" 200 84340 "-" "Mozilla/5.0 AppleWebKit/537.36 (KHTML, like Gecko; compatible; ClaudeBot/1.0; +claudebot@anthropic.com)"
216.73.216.72 - - [11/Aug/2026:16:32:18 -0400] "GET /wp-includes__2a56d10/sodium_compat/lib/constants.php HTTP/1.1" 200 - "-" "Mozilla/5.0 AppleWebKit/537.36 (KHTML, like Gecko; compatible; ClaudeBot/1.0; +claudebot@anthropic.com)"
216.73.216.72 - - [11/Aug/2026:16:32:18 -0400] "GET /wp-includes__2a56d10/css/dist/customize-widgets/style.css HTTP/1.1" 200 7049 "-" "Mozilla/5.0 AppleWebKit/537.36 (KHTML, like Gecko; compatible; ClaudeBot/1.0; +claudebot@anthropic.com)"
216.73.216.72 - - [11/Aug/2026:16:32:19 -0400] "GET /wp-includes__2a56d10/css/dist/block-editor/style.css HTTP/1.1" 200 128099 "-" "Mozilla/5.0 AppleWebKit/537.36 (KHTML, like Gecko; compatible; ClaudeBot/1.0; +claudebot@anthropic.com)"
216.73.216.72 - - [11/Aug/2026:16:32:19 -0400] "GET /wp-includes__2a56d10/customize/class-wp-widget-area-customize-control.php HTTP/1.1" 500 - "-" "Mozilla/5.0 AppleWebKit/537.36 (KHTML, like Gecko; compatible; ClaudeBot/1.0; +claudebot@anthropic.com)"
216.73.216.72 - - [11/Aug/2026:16:32:19 -0400] "GET /wp-includes__2a56d10/rest-api/fields/class-wp-rest-term-meta-fields.php HTTP/1.1" 500 - "-" "Mozilla/5.0 AppleWebKit/537.36 (KHTML, like Gecko; compatible; ClaudeBot/1.0; +claudebot@anthropic.com)"
216.73.216.72 - - [11/Aug/2026:16:32:20 -0400] "GET /wp-includes__2a56d10/rest-api/endpoints/class-wp-rest-block-renderer-controller.php HTTP/1.1" 500 - "-" "Mozilla/5.0 AppleWebKit/537.36 (KHTML, like Gecko; compatible; ClaudeBot/1.0; +claudebot@anthropic.com)"
216.73.216.72 - - [11/Aug/2026:16:32:20 -0400] "GET /wp-includes__2a56d10/widgets/class-wp-widget-calendar.php HTTP/1.1" 500 - "-" "Mozilla/5.0 AppleWebKit/537.36 (KHTML, like Gecko; compatible; ClaudeBot/1.0; +claudebot@anthropic.com)"
216.73.216.72 - - [11/Aug/2026:16:32:21 -0400] "GET /wp-includes__2a56d10/rest-api/fields/class-wp-rest-user-meta-fields.php HTTP/1.1" 500 - "-" "Mozilla/5.0 AppleWebKit/537.36 (KHTML, like Gecko; compatible; ClaudeBot/1.0; +claudebot@anthropic.com)"
216.73.216.72 - - [11/Aug/2026:16:32:39 -0400] "GET /wp-includes__2a56d10/css/dist/block-editor/content.min.css HTTP/1.1" 200 28844 "-" "Mozilla/5.0 AppleWebKit/537.36 (KHTML, like Gecko; compatible; ClaudeBot/1.0; +claudebot@anthropic.com)"
216.73.216.72 - - [11/Aug/2026:16:32:44 -0400] "GET /wp-includes__2a56d10/sodium_compat/src/ HTTP/1.1" 200 2157 "-" "Mozilla/5.0 AppleWebKit/537.36 (KHTML, like Gecko; compatible; ClaudeBot/1.0; +claudebot@anthropic.com)"
216.73.216.72 - - [11/Aug/2026:16:32:49 -0400] "GET /wp-includes__2a56d10/css/dist/block-library/ HTTP/1.1" 200 6604 "-" "Mozilla/5.0 AppleWebKit/537.36 (KHTML, like Gecko; compatible; ClaudeBot/1.0; +claudebot@anthropic.com)"
216.73.216.72 - - [11/Aug/2026:16:33:07 -0400] "GET /wp-includes__2a56d10/css/dist/widgets/style.min.css HTTP/1.1" 200 5684 "-" "Mozilla/5.0 AppleWebKit/537.36 (KHTML, like Gecko; compatible; ClaudeBot/1.0; +claudebot@anthropic.com)"
216.73.216.72 - - [11/Aug/2026:16:33:12 -0400] "GET /wp-content__2a56d10/uploads/2015/ HTTP/1.1" 200 1059 "-" "Mozilla/5.0 AppleWebKit/537.36 (KHTML, like Gecko; compatible; ClaudeBot/1.0; +claudebot@anthropic.com)"
216.73.216.72 - - [11/Aug/2026:16:33:17 -0400] "GET /wp-includes__2a56d10/customize/class-wp-sidebar-block-editor-control.php HTTP/1.1" 500 - "-" "Mozilla/5.0 AppleWebKit/537.36 (KHTML, like Gecko; compatible; ClaudeBot/1.0; +claudebot@anthropic.com)"
216.73.216.72 - - [11/Aug/2026:16:33:26 -0400] "GET /wp-includes__2a56d10/css/dist/widgets/style-rtl.css HTTP/1.1" 200 6087 "-" "Mozilla/5.0 AppleWebKit/537.36 (KHTML, like Gecko; compatible; ClaudeBot/1.0; +claudebot@anthropic.com)"
216.73.216.72 - - [11/Aug/2026:16:33:31 -0400] "GET /wp-includes__2a56d10/css/dist/commands/style.css HTTP/1.1" 200 3330 "-" "Mozilla/5.0 AppleWebKit/537.36 (KHTML, like Gecko; compatible; ClaudeBot/1.0; +claudebot@anthropic.com)"
216.73.216.72 - - [11/Aug/2026:16:33:36 -0400] "GET /wp-includes__2a56d10/css/dist/edit-post/classic.min.css HTTP/1.1" 200 1964 "-" "Mozilla/5.0 AppleWebKit/537.36 (KHTML, like Gecko; compatible; ClaudeBot/1.0; +claudebot@anthropic.com)"
216.73.216.72 - - [11/Aug/2026:16:33:41 -0400] "GET /wp-includes__2a56d10/rest-api/endpoints/class-wp-rest-application-passwords-controller.php HTTP/1.1" 500 - "-" "Mozilla/5.0 AppleWebKit/537.36 (KHTML, like Gecko; compatible; ClaudeBot/1.0; +claudebot@anthropic.com)"
216.73.216.72 - - [11/Aug/2026:16:33:46 -0400] "GET /wp-includes__2a56d10/rest-api/search/class-wp-rest-post-search-handler.php HTTP/1.1" 500 - "-" "Mozilla/5.0 AppleWebKit/537.36 (KHTML, like Gecko; compatible; ClaudeBot/1.0; +claudebot@anthropic.com)"
216.73.216.72 - - [11/Aug/2026:16:33:51 -0400] "GET /wp-includes__2a56d10/rest-api/endpoints/class-wp-rest-menu-locations-controller.php HTTP/1.1" 500 - "-" "Mozilla/5.0 AppleWebKit/537.36 (KHTML, like Gecko; compatible; ClaudeBot/1.0; +claudebot@anthropic.com)"
216.73.216.72 - - [11/Aug/2026:16:33:56 -0400] "GET /wp-includes__2a56d10/rest-api/search/class-wp-rest-search-handler.php HTTP/1.1" 200 - "-" "Mozilla/5.0 AppleWebKit/537.36 (KHTML, like Gecko; compatible; ClaudeBot/1.0; +claudebot@anthropic.com)"
216.73.216.72 - - [11/Aug/2026:16:34:01 -0400] "GET /wp-includes__2a56d10/css/dist/edit-post/classic-rtl.css HTTP/1.1" 200 2087 "-" "Mozilla/5.0 AppleWebKit/537.36 (KHTML, like Gecko; compatible; ClaudeBot/1.0; +claudebot@anthropic.com)"
216.73.216.72 - - [11/Aug/2026:16:34:06 -0400] "GET /wp-includes__2a56d10/css/dist/editor/style-rtl.css HTTP/1.1" 200 19653 "-" "Mozilla/5.0 AppleWebKit/537.36 (KHTML, like Gecko; compatible; ClaudeBot/1.0; +claudebot@anthropic.com)"
57.141.0.45 - - [11/Aug/2026:16:34:09 -0400] "GET /?c=1818067977903 HTTP/1.1" 200 4294 "-" "Mozilla/5.0 (Macintosh; Intel Mac OS X 10_15_7) AppleWebKit/537.36 (KHTML, like Gecko) Chrome/145.0.0.0 Safari/537.36 (compatible; meta-externalagent/1.1 (+https://developers.facebook.com/docs/sharing/webmasters/crawler))"
216.73.216.72 - - [11/Aug/2026:16:34:12 -0400] "GET /wp-includes__2a56d10/Requests/src/Exception/?C=M&O=A HTTP/1.1" 200 1825 "-" "Mozilla/5.0 AppleWebKit/537.36 (KHTML, like Gecko; compatible; ClaudeBot/1.0; +claudebot@anthropic.com)"
57.141.0.19 - - [11/Aug/2026:16:34:13 -0400] "GET /?c=13725139314603 HTTP/1.1" 200 4294 "-" "Mozilla/5.0 (Macintosh; Intel Mac OS X 10_15_7) AppleWebKit/537.36 (KHTML, like Gecko) Chrome/145.0.0.0 Safari/537.36 (compatible; meta-externalagent/1.1 (+https://developers.facebook.com/docs/sharing/webmasters/crawler))"
57.141.0.30 - - [11/Aug/2026:16:34:17 -0400] "GET /?c=05887147221801 HTTP/1.1" 200 4294 "-" "Mozilla/5.0 (Macintosh; Intel Mac OS X 10_15_7) AppleWebKit/537.36 (KHTML, like Gecko) Chrome/145.0.0.0 Safari/537.36 (compatible; meta-externalagent/1.1 (+https://developers.facebook.com/docs/sharing/webmasters/crawler))"
216.73.216.72 - - [11/Aug/2026:16:34:20 -0400] "GET /wp-includes__2a56d10/Requests/src/Exception/?C=N&O=A HTTP/1.1" 200 1825 "-" "Mozilla/5.0 AppleWebKit/537.36 (KHTML, like Gecko; compatible; ClaudeBot/1.0; +claudebot@anthropic.com)"
57.141.0.33 - - [11/Aug/2026:16:34:22 -0400] "GET /?c=19722286653705 HTTP/1.1" 200 4294 "-" "Mozilla/5.0 (Windows NT 10.0; Win64; x64) AppleWebKit/537.36 (KHTML, like Gecko) Chrome/145.0.0.0 Safari/537.36 (compatible; meta-externalagent/1.1 (+https://developers.facebook.com/docs/sharing/webmasters/crawler))"
216.73.216.72 - - [11/Aug/2026:16:34:25 -0400] "GET /wp-includes__2a56d10/Requests/src/Auth/?C=M&O=A HTTP/1.1" 200 912 "-" "Mozilla/5.0 AppleWebKit/537.36 (KHTML, like Gecko; compatible; ClaudeBot/1.0; +claudebot@anthropic.com)"
57.141.0.18 - - [11/Aug/2026:16:34:26 -0400] "GET /?c=9499493633602 HTTP/1.1" 200 4294 "-" "Mozilla/5.0 (Windows NT 10.0; Win64; x64) AppleWebKit/537.36 (KHTML, like Gecko) Chrome/145.0.0.0 Safari/537.36 (compatible; meta-externalagent/1.1 (+https://developers.facebook.com/docs/sharing/webmasters/crawler))"
57.141.0.10 - - [11/Aug/2026:16:34:30 -0400] "GET /?c=69891193212509 HTTP/1.1" 200 4294 "-" "Mozilla/5.0 (Windows NT 10.0; Win64; x64) AppleWebKit/537.36 (KHTML, like Gecko) Chrome/145.0.0.0 Safari/537.36 (compatible; meta-externalagent/1.1 (+https://developers.facebook.com/docs/sharing/webmasters/crawler))"
57.141.0.52 - - [11/Aug/2026:16:34:33 -0400] "GET /?c=79498232494601 HTTP/1.1" 200 4294 "-" "Mozilla/5.0 (Windows NT 10.0; Win64; x64) AppleWebKit/537.36 (KHTML, like Gecko) Chrome/145.0.0.0 Safari/537.36 (compatible; meta-externalagent/1.1 (+https://developers.facebook.com/docs/sharing/webmasters/crawler))"
216.73.216.72 - - [11/Aug/2026:16:34:36 -0400] "GET /well-known__2a56d10/pki-validation/b/ HTTP/1.1" 200 2092 "-" "Mozilla/5.0 AppleWebKit/537.36 (KHTML, like Gecko; compatible; ClaudeBot/1.0; +claudebot@anthropic.com)"
57.141.0.15 - - [11/Aug/2026:16:34:38 -0400] "GET /?c=8549151344300 HTTP/1.1" 200 4294 "-" "Mozilla/5.0 (Windows NT 10.0; Win64; x64) AppleWebKit/537.36 (KHTML, like Gecko) Chrome/145.0.0.0 Safari/537.36 (compatible; meta-externalagent/1.1 (+https://developers.facebook.com/docs/sharing/webmasters/crawler))"
57.141.0.68 - - [11/Aug/2026:16:34:38 -0400] "GET /?c=43529465900 HTTP/1.1" 200 4294 "-" "Mozilla/5.0 (X11; Linux x86_64) AppleWebKit/537.36 (KHTML, like Gecko) Chrome/145.0.0.0 Safari/537.36 (compatible; meta-externalagent/1.1 (+https://developers.facebook.com/docs/sharing/webmasters/crawler))"
216.73.216.72 - - [11/Aug/2026:16:34:41 -0400] "GET /wp-includes__2a56d10/Requests/src/Response/?C=S&O=A HTTP/1.1" 200 922 "-" "Mozilla/5.0 AppleWebKit/537.36 (KHTML, like Gecko; compatible; ClaudeBot/1.0; +claudebot@anthropic.com)"
57.141.0.14 - - [11/Aug/2026:16:34:42 -0400] "GET /?c=900169744500 HTTP/1.1" 200 4294 "-" "Mozilla/5.0 (Macintosh; Intel Mac OS X 10_15_7) AppleWebKit/537.36 (KHTML, like Gecko) Chrome/145.0.0.0 Safari/537.36 (compatible; meta-externalagent/1.1 (+https://developers.facebook.com/docs/sharing/webmasters/crawler))"
57.141.0.47 - - [11/Aug/2026:16:34:45 -0400] "GET /?c=96148296317603 HTTP/1.1" 200 4294 "-" "Mozilla/5.0 (Windows NT 10.0; Win64; x64) AppleWebKit/537.36 (KHTML, like Gecko) Chrome/145.0.0.0 Safari/537.36 (compatible; meta-externalagent/1.1 (+https://developers.facebook.com/docs/sharing/webmasters/crawler))"
216.73.216.72 - - [11/Aug/2026:16:34:46 -0400] "GET /wp-includes__2a56d10/SimplePie/Decode/?C=D&O=D HTTP/1.1" 200 903 "-" "Mozilla/5.0 AppleWebKit/537.36 (KHTML, like Gecko; compatible; ClaudeBot/1.0; +claudebot@anthropic.com)"
57.141.0.13 - - [11/Aug/2026:16:34:49 -0400] "GET /?c=28917168544602 HTTP/1.1" 200 4294 "-" "Mozilla/5.0 (Windows NT 10.0; Win64; x64) AppleWebKit/537.36 (KHTML, like Gecko) Chrome/145.0.0.0 Safari/537.36 (compatible; meta-externalagent/1.1 (+https://developers.facebook.com/docs/sharing/webmasters/crawler))"
216.73.216.72 - - [11/Aug/2026:16:34:51 -0400] "GET /wp-includes__2a56d10/Requests/src/Auth/?C=N&O=A HTTP/1.1" 200 912 "-" "Mozilla/5.0 AppleWebKit/537.36 (KHTML, like Gecko; compatible; ClaudeBot/1.0; +claudebot@anthropic.com)"
57.141.0.45 - - [11/Aug/2026:16:34:51 -0400] "GET /?c=9468811083203 HTTP/1.1" 200 4294 "-" "Mozilla/5.0 (Windows NT 10.0; Win64; x64) AppleWebKit/537.36 (KHTML, like Gecko) Chrome/145.0.0.0 Safari/537.36 (compatible; meta-externalagent/1.1 (+https://developers.facebook.com/docs/sharing/webmasters/crawler))"
57.141.0.51 - - [11/Aug/2026:16:34:54 -0400] "GET /?c=78118220165304 HTTP/1.1" 200 4294 "-" "Mozilla/5.0 (Windows NT 10.0; Win64; x64) AppleWebKit/537.36 (KHTML, like Gecko) Chrome/145.0.0.0 Safari/537.36 (compatible; meta-externalagent/1.1 (+https://developers.facebook.com/docs/sharing/webmasters/crawler))"
216.73.216.72 - - [11/Aug/2026:16:34:56 -0400] "GET /wp-includes__2a56d10/Text/Diff/Renderer/?C=D&O=D HTTP/1.1" 200 912 "-" "Mozilla/5.0 AppleWebKit/537.36 (KHTML, like Gecko; compatible; ClaudeBot/1.0; +claudebot@anthropic.com)"
57.141.0.41 - - [11/Aug/2026:16:34:58 -0400] "GET /?c=0821788515800 HTTP/1.1" 200 4294 "-" "Mozilla/5.0 (Macintosh; Intel Mac OS X 10_15_7) AppleWebKit/537.36 (KHTML, like Gecko) Chrome/145.0.0.0 Safari/537.36 (compatible; meta-externalagent/1.1 (+https://developers.facebook.com/docs/sharing/webmasters/crawler))"
57.141.0.52 - - [11/Aug/2026:16:35:01 -0400] "GET /?c=1099034334203 HTTP/1.1" 200 4294 "-" "Mozilla/5.0 (Windows NT 10.0; Win64; x64) AppleWebKit/537.36 (KHTML, like Gecko) Chrome/145.0.0.0 Safari/537.36 (compatible; meta-externalagent/1.1 (+https://developers.facebook.com/docs/sharing/webmasters/crawler))"
216.73.216.72 - - [11/Aug/2026:16:35:02 -0400] "GET /wp-includes__2a56d10/Text/Diff/Renderer/?C=M&O=A HTTP/1.1" 200 912 "-" "Mozilla/5.0 AppleWebKit/537.36 (KHTML, like Gecko; compatible; ClaudeBot/1.0; +claudebot@anthropic.com)"
57.141.0.46 - - [11/Aug/2026:16:35:04 -0400] "GET /?c=21337144957400 HTTP/1.1" 200 4294 "-" "Mozilla/5.0 (Windows NT 10.0; Win64; x64) AppleWebKit/537.36 (KHTML, like Gecko) Chrome/145.0.0.0 Safari/537.36 (compatible; meta-externalagent/1.1 (+https://developers.facebook.com/docs/sharing/webmasters/crawler))"
57.141.0.66 - - [11/Aug/2026:16:35:06 -0400] "GET /?c=1276768907300 HTTP/1.1" 200 4294 "-" "Mozilla/5.0 (Windows NT 10.0; Win64; x64) AppleWebKit/537.36 (KHTML, like Gecko) Chrome/145.0.0.0 Safari/537.36 (compatible; meta-externalagent/1.1 (+https://developers.facebook.com/docs/sharing/webmasters/crawler))"
216.73.216.72 - - [11/Aug/2026:16:35:06 -0400] "GET /wp-includes__2a56d10/rest-api/fields/?C=S&O=A HTTP/1.1" 200 1750 "-" "Mozilla/5.0 AppleWebKit/537.36 (KHTML, like Gecko; compatible; ClaudeBot/1.0; +claudebot@anthropic.com)"
57.141.0.43 - - [11/Aug/2026:16:35:09 -0400] "GET /?c=7302786315206 HTTP/1.1" 200 4294 "-" "Mozilla/5.0 (Macintosh; Intel Mac OS X 10_15_7) AppleWebKit/537.36 (KHTML, like Gecko) Chrome/145.0.0.0 Safari/537.36 (compatible; meta-externalagent/1.1 (+https://developers.facebook.com/docs/sharing/webmasters/crawler))"
57.141.0.18 - - [11/Aug/2026:16:35:11 -0400] "GET /?c=49282102313900 HTTP/1.1" 200 4294 "-" "Mozilla/5.0 (Windows NT 10.0; Win64; x64) AppleWebKit/537.36 (KHTML, like Gecko) Chrome/145.0.0.0 Safari/537.36 (compatible; meta-externalagent/1.1 (+https://developers.facebook.com/docs/sharing/webmasters/crawler))"
216.73.216.72 - - [11/Aug/2026:16:35:11 -0400] "GET /wp-includes__2a56d10/css/dist/patterns/?C=M&O=A HTTP/1.1" 200 1455 "-" "Mozilla/5.0 AppleWebKit/537.36 (KHTML, like Gecko; compatible; ClaudeBot/1.0; +claudebot@anthropic.com)"
57.141.0.27 - - [11/Aug/2026:16:35:13 -0400] "GET /?c=887123786506 HTTP/1.1" 200 4294 "-" "Mozilla/5.0 (Macintosh; Intel Mac OS X 10_15_7) AppleWebKit/537.36 (KHTML, like Gecko) Chrome/145.0.0.0 Safari/537.36 (compatible; meta-externalagent/1.1 (+https://developers.facebook.com/docs/sharing/webmasters/crawler))"
216.73.216.72 - - [11/Aug/2026:16:35:16 -0400] "GET /wp-includes__2a56d10/images/media/default.png HTTP/1.1" 200 168 "-" "Mozilla/5.0 AppleWebKit/537.36 (KHTML, like Gecko; compatible; ClaudeBot/1.0; +claudebot@anthropic.com)"
57.141.0.24 - - [11/Aug/2026:16:35:17 -0400] "GET /?c=72299202637006 HTTP/1.1" 200 4294 "-" "Mozilla/5.0 (Windows NT 10.0; Win64; x64) AppleWebKit/537.36 (KHTML, like Gecko) Chrome/145.0.0.0 Safari/537.36 (compatible; meta-externalagent/1.1 (+https://developers.facebook.com/docs/sharing/webmasters/crawler))"
57.141.0.24 - - [11/Aug/2026:16:35:19 -0400] "GET /?c=6211894025200 HTTP/1.1" 429 17 "-" "Mozilla/5.0 (Windows NT 10.0; Win64; x64) AppleWebKit/537.36 (KHTML, like Gecko) Chrome/145.0.0.0 Safari/537.36 (compatible; meta-externalagent/1.1 (+https://developers.facebook.com/docs/sharing/webmasters/crawler))"
57.141.0.4 - - [11/Aug/2026:16:35:21 -0400] "GET /?c=72892101150506 HTTP/1.1" 429 17 "-" "Mozilla/5.0 (Windows NT 10.0; Win64; x64) AppleWebKit/537.36 (KHTML, like Gecko) Chrome/145.0.0.0 Safari/537.36 (compatible; meta-externalagent/1.1 (+https://developers.facebook.com/docs/sharing/webmasters/crawler))"
57.141.0.11 - - [11/Aug/2026:16:35:21 -0400] "GET /?c=88272230984801 HTTP/1.1" 429 17 "-" "Mozilla/5.0 (Windows NT 10.0; Win64; x64) AppleWebKit/537.36 (KHTML, like Gecko) Chrome/145.0.0.0 Safari/537.36 (compatible; meta-externalagent/1.1 (+https://developers.facebook.com/docs/sharing/webmasters/crawler))"
216.73.216.72 - - [11/Aug/2026:16:35:22 -0400] "GET /wp-includes__2a56d10/SimplePie/Decode/?C=M&O=A HTTP/1.1" 200 903 "-" "Mozilla/5.0 AppleWebKit/537.36 (KHTML, like Gecko; compatible; ClaudeBot/1.0; +claudebot@anthropic.com)"
57.141.0.33 - - [11/Aug/2026:16:35:24 -0400] "GET /?c=5027793180400 HTTP/1.1" 429 17 "-" "Mozilla/5.0 (Windows NT 10.0; Win64; x64) AppleWebKit/537.36 (KHTML, like Gecko) Chrome/145.0.0.0 Safari/537.36 (compatible; meta-externalagent/1.1 (+https://developers.facebook.com/docs/sharing/webmasters/crawler))"
57.141.0.29 - - [11/Aug/2026:16:35:25 -0400] "GET /?c=0581716471805 HTTP/1.1" 429 17 "-" "Mozilla/5.0 (Macintosh; Intel Mac OS X 10_15_7) AppleWebKit/537.36 (KHTML, like Gecko) Chrome/145.0.0.0 Safari/537.36 (compatible; meta-externalagent/1.1 (+https://developers.facebook.com/docs/sharing/webmasters/crawler))"
216.73.216.72 - - [11/Aug/2026:16:35:27 -0400] "GET /wp-includes__2a56d10/php-compat/?C=S&O=A HTTP/1.1" 200 888 "-" "Mozilla/5.0 AppleWebKit/537.36 (KHTML, like Gecko; compatible; ClaudeBot/1.0; +claudebot@anthropic.com)"
57.141.0.11 - - [11/Aug/2026:16:35:28 -0400] "GET /?c=496709080701 HTTP/1.1" 429 17 "-" "Mozilla/5.0 (Macintosh; Intel Mac OS X 10_15_7) AppleWebKit/537.36 (KHTML, like Gecko) Chrome/145.0.0.0 Safari/537.36 (compatible; meta-externalagent/1.1 (+https://developers.facebook.com/docs/sharing/webmasters/crawler))"
57.141.0.54 - - [11/Aug/2026:16:35:28 -0400] "GET /?c=02902185070400 HTTP/1.1" 429 17 "-" "Mozilla/5.0 (X11; Linux x86_64) AppleWebKit/537.36 (KHTML, like Gecko) Chrome/145.0.0.0 Safari/537.36 (compatible; meta-externalagent/1.1 (+https://developers.facebook.com/docs/sharing/webmasters/crawler))"
57.141.0.64 - - [11/Aug/2026:16:35:33 -0400] "GET /?c=95767291423800 HTTP/1.1" 429 17 "-" "Mozilla/5.0 (Windows NT 10.0; Win64; x64) AppleWebKit/537.36 (KHTML, like Gecko) Chrome/145.0.0.0 Safari/537.36 (compatible; meta-externalagent/1.1 (+https://developers.facebook.com/docs/sharing/webmasters/crawler))"
57.141.0.10 - - [11/Aug/2026:16:35:34 -0400] "GET /?c=76223144795504 HTTP/1.1" 429 17 "-" "Mozilla/5.0 (Windows NT 10.0; Win64; x64) AppleWebKit/537.36 (KHTML, like Gecko) Chrome/145.0.0.0 Safari/537.36 (compatible; meta-externalagent/1.1 (+https://developers.facebook.com/docs/sharing/webmasters/crawler))"
57.141.0.22 - - [11/Aug/2026:16:35:39 -0400] "GET /?c=85197132585300 HTTP/1.1" 429 17 "-" "Mozilla/5.0 (Windows NT 10.0; Win64; x64) AppleWebKit/537.36 (KHTML, like Gecko) Chrome/145.0.0.0 Safari/537.36 (compatible; meta-externalagent/1.1 (+https://developers.facebook.com/docs/sharing/webmasters/crawler))"
57.141.0.54 - - [11/Aug/2026:16:35:40 -0400] "GET /?c=09880280868800 HTTP/1.1" 429 17 "-" "Mozilla/5.0 (Windows NT 10.0; Win64; x64) AppleWebKit/537.36 (KHTML, like Gecko) Chrome/145.0.0.0 Safari/537.36 (compatible; meta-externalagent/1.1 (+https://developers.facebook.com/docs/sharing/webmasters/crawler))"
57.141.0.24 - - [11/Aug/2026:16:35:46 -0400] "GET /?c=7473977870400 HTTP/1.1" 429 17 "-" "Mozilla/5.0 (Windows NT 10.0; Win64; x64) AppleWebKit/537.36 (KHTML, like Gecko) Chrome/145.0.0.0 Safari/537.36 (compatible; meta-externalagent/1.1 (+https://developers.facebook.com/docs/sharing/webmasters/crawler))"
57.141.0.71 - - [11/Aug/2026:16:35:47 -0400] "GET /?c=81518255687907 HTTP/1.1" 429 17 "-" "Mozilla/5.0 (Macintosh; Intel Mac OS X 10_15_7) AppleWebKit/537.36 (KHTML, like Gecko) Chrome/145.0.0.0 Safari/537.36 (compatible; meta-externalagent/1.1 (+https://developers.facebook.com/docs/sharing/webmasters/crawler))"
57.141.0.68 - - [11/Aug/2026:16:35:55 -0400] "GET /?c=01593223905904 HTTP/1.1" 429 17 "-" "Mozilla/5.0 (Windows NT 10.0; Win64; x64) AppleWebKit/537.36 (KHTML, like Gecko) Chrome/145.0.0.0 Safari/537.36 Edg/145.0.0.0 (compatible; meta-externalagent/1.1 (+https://developers.facebook.com/docs/sharing/webmasters/crawler))"
57.141.0.41 - - [11/Aug/2026:16:35:56 -0400] "GET /?c=67878221301102 HTTP/1.1" 429 17 "-" "Mozilla/5.0 (Windows NT 10.0; Win64; x64) AppleWebKit/537.36 (KHTML, like Gecko) Chrome/145.0.0.0 Safari/537.36 (compatible; meta-externalagent/1.1 (+https://developers.facebook.com/docs/sharing/webmasters/crawler))"
216.73.216.72 - - [11/Aug/2026:16:36:03 -0400] "GET /wp-includes__2a56d10/sitemaps/providers/class-wp-sitemaps-taxonomies.php HTTP/1.1" 500 - "-" "Mozilla/5.0 AppleWebKit/537.36 (KHTML, like Gecko; compatible; ClaudeBot/1.0; +claudebot@anthropic.com)"
57.141.0.15 - - [11/Aug/2026:16:36:06 -0400] "GET /?c=0759299091201 HTTP/1.1" 429 17 "-" "Mozilla/5.0 (Macintosh; Intel Mac OS X 10_15_7) AppleWebKit/537.36 (KHTML, like Gecko) Chrome/145.0.0.0 Safari/537.36 (compatible; meta-externalagent/1.1 (+https://developers.facebook.com/docs/sharing/webmasters/crawler))"
216.73.216.72 - - [11/Aug/2026:16:36:07 -0400] "GET /wp-includes__2a56d10/SimplePie/XML/Declaration/?C=D&O=A HTTP/1.1" 200 930 "-" "Mozilla/5.0 AppleWebKit/537.36 (KHTML, like Gecko; compatible; ClaudeBot/1.0; +claudebot@anthropic.com)"
57.141.0.11 - - [11/Aug/2026:16:36:09 -0400] "GET /?c=58255252005300 HTTP/1.1" 429 17 "-" "Mozilla/5.0 (Windows NT 10.0; Win64; x64) AppleWebKit/537.36 (KHTML, like Gecko) Chrome/145.0.0.0 Safari/537.36 (compatible; meta-externalagent/1.1 (+https://developers.facebook.com/docs/sharing/webmasters/crawler))"
57.141.0.46 - - [11/Aug/2026:16:36:09 -0400] "GET /?c=13894262323002 HTTP/1.1" 429 17 "-" "Mozilla/5.0 (Windows NT 10.0; Win64; x64) AppleWebKit/537.36 (KHTML, like Gecko) Chrome/145.0.0.0 Safari/537.36 (compatible; meta-externalagent/1.1 (+https://developers.facebook.com/docs/sharing/webmasters/crawler))"
216.73.216.72 - - [11/Aug/2026:16:36:12 -0400] "GET /wp-includes__2a56d10/Requests/?C=N&O=D HTTP/1.1" 200 1052 "-" "Mozilla/5.0 AppleWebKit/537.36 (KHTML, like Gecko; compatible; ClaudeBot/1.0; +claudebot@anthropic.com)"
57.141.0.28 - - [11/Aug/2026:16:36:22 -0400] "GET /?c=85169206672301 HTTP/1.1" 429 17 "-" "Mozilla/5.0 (Windows NT 10.0; Win64; x64) AppleWebKit/537.36 (KHTML, like Gecko) Chrome/145.0.0.0 Safari/537.36 (compatible; meta-externalagent/1.1 (+https://developers.facebook.com/docs/sharing/webmasters/crawler))"
57.141.0.27 - - [11/Aug/2026:16:36:24 -0400] "GET /?c=31209238590105 HTTP/1.1" 429 17 "-" "Mozilla/5.0 (Macintosh; Intel Mac OS X 10_15_7) AppleWebKit/537.36 (KHTML, like Gecko) Chrome/145.0.0.0 Safari/537.36 (compatible; meta-externalagent/1.1 (+https://developers.facebook.com/docs/sharing/webmasters/crawler))"
57.141.0.53 - - [11/Aug/2026:16:36:27 -0400] "GET /?c=6225446826909 HTTP/1.1" 429 17 "-" "Mozilla/5.0 (Windows NT 10.0; Win64; x64) AppleWebKit/537.36 (KHTML, like Gecko) Chrome/145.0.0.0 Safari/537.36 (compatible; meta-externalagent/1.1 (+https://developers.facebook.com/docs/sharing/webmasters/crawler))"
57.141.0.68 - - [11/Aug/2026:16:36:29 -0400] "GET /?c=68688276988701 HTTP/1.1" 429 17 "-" "Mozilla/5.0 (Windows NT 10.0; Win64; x64) AppleWebKit/537.36 (KHTML, like Gecko) Chrome/145.0.0.0 Safari/537.36 (compatible; meta-externalagent/1.1 (+https://developers.facebook.com/docs/sharing/webmasters/crawler))"
57.141.0.3 - - [11/Aug/2026:16:36:30 -0400] "GET /?c=96496282040302 HTTP/1.1" 429 17 "-" "Mozilla/5.0 (Windows NT 10.0; Win64; x64) AppleWebKit/537.36 (KHTML, like Gecko) Chrome/145.0.0.0 Safari/537.36 (compatible; meta-externalagent/1.1 (+https://developers.facebook.com/docs/sharing/webmasters/crawler))"
57.141.0.32 - - [11/Aug/2026:16:36:33 -0400] "GET /?c=88041298990103 HTTP/1.1" 429 17 "-" "Mozilla/5.0 (Windows NT 10.0; Win64; x64) AppleWebKit/537.36 (KHTML, like Gecko) Chrome/145.0.0.0 Safari/537.36 (compatible; meta-externalagent/1.1 (+https://developers.facebook.com/docs/sharing/webmasters/crawler))"
216.73.216.72 - - [11/Aug/2026:16:36:35 -0400] "GET /wp-includes__2a56d10/Requests/src/Exception/Transport/?C=M&O=A HTTP/1.1" 200 951 "-" "Mozilla/5.0 AppleWebKit/537.36 (KHTML, like Gecko; compatible; ClaudeBot/1.0; +claudebot@anthropic.com)"
57.141.0.27 - - [11/Aug/2026:16:36:36 -0400] "GET /?c=83712280931800 HTTP/1.1" 429 17 "-" "Mozilla/5.0 (Windows NT 10.0; Win64; x64) AppleWebKit/537.36 (KHTML, like Gecko) Chrome/145.0.0.0 Safari/537.36 (compatible; meta-externalagent/1.1 (+https://developers.facebook.com/docs/sharing/webmasters/crawler))"
57.141.0.1 - - [11/Aug/2026:16:36:38 -0400] "GET /?c=42753162691801 HTTP/1.1" 429 17 "-" "Mozilla/5.0 (Windows NT 10.0; Win64; x64) AppleWebKit/537.36 (KHTML, like Gecko) Chrome/145.0.0.0 Safari/537.36 (compatible; meta-externalagent/1.1 (+https://developers.facebook.com/docs/sharing/webmasters/crawler))"
216.73.216.72 - - [11/Aug/2026:16:36:39 -0400] "GET /wp-includes__2a56d10/SimplePie/XML/Declaration/?C=M&O=A HTTP/1.1" 200 930 "-" "Mozilla/5.0 AppleWebKit/537.36 (KHTML, like Gecko; compatible; ClaudeBot/1.0; +claudebot@anthropic.com)"
57.141.0.66 - - [11/Aug/2026:16:36:41 -0400] "GET /?c=8918696000300 HTTP/1.1" 429 17 "-" "Mozilla/5.0 (Windows NT 10.0; Win64; x64) AppleWebKit/537.36 (KHTML, like Gecko) Chrome/145.0.0.0 Safari/537.36 (compatible; meta-externalagent/1.1 (+https://developers.facebook.com/docs/sharing/webmasters/crawler))"
216.73.216.72 - - [11/Aug/2026:16:36:44 -0400] "GET /wp-includes__2a56d10/Requests/src/Exception/Transport/?C=N&O=D HTTP/1.1" 200 951 "-" "Mozilla/5.0 AppleWebKit/537.36 (KHTML, like Gecko; compatible; ClaudeBot/1.0; +claudebot@anthropic.com)"
57.141.0.42 - - [11/Aug/2026:16:36:46 -0400] "GET /?c=75081197284007 HTTP/1.1" 429 17 "-" "Mozilla/5.0 (Windows NT 10.0; Win64; x64) AppleWebKit/537.36 (KHTML, like Gecko) Chrome/145.0.0.0 Safari/537.36 (compatible; meta-externalagent/1.1 (+https://developers.facebook.com/docs/sharing/webmasters/crawler))"
57.141.0.3 - - [11/Aug/2026:16:36:50 -0400] "GET /?c=22415178157305 HTTP/1.1" 429 17 "-" "Mozilla/5.0 (Windows NT 10.0; Win64; x64) AppleWebKit/537.36 (KHTML, like Gecko) Chrome/145.0.0.0 Safari/537.36 (compatible; meta-externalagent/1.1 (+https://developers.facebook.com/docs/sharing/webmasters/crawler))"
57.141.0.24 - - [11/Aug/2026:16:36:53 -0400] "GET /?c=61642246814900 HTTP/1.1" 429 17 "-" "Mozilla/5.0 (Windows NT 10.0; Win64; x64) AppleWebKit/537.36 (KHTML, like Gecko) Chrome/145.0.0.0 Safari/537.36 (compatible; meta-externalagent/1.1 (+https://developers.facebook.com/docs/sharing/webmasters/crawler))"
57.141.0.30 - - [11/Aug/2026:16:36:59 -0400] "GET /?c=23828263912602 HTTP/1.1" 429 17 "-" "Mozilla/5.0 (X11; Linux x86_64) AppleWebKit/537.36 (KHTML, like Gecko) Chrome/145.0.0.0 Safari/537.36 (compatible; meta-externalagent/1.1 (+https://developers.facebook.com/docs/sharing/webmasters/crawler))"
57.141.0.45 - - [11/Aug/2026:16:37:04 -0400] "GET /?c=84571269513707 HTTP/1.1" 429 17 "-" "Mozilla/5.0 (Macintosh; Intel Mac OS X 10_15_7) AppleWebKit/537.36 (KHTML, like Gecko) Chrome/145.0.0.0 Safari/537.36 (compatible; meta-externalagent/1.1 (+https://developers.facebook.com/docs/sharing/webmasters/crawler))"
57.141.0.8 - - [11/Aug/2026:16:37:11 -0400] "GET /?c=21026112700900 HTTP/1.1" 429 17 "-" "Mozilla/5.0 (Macintosh; Intel Mac OS X 10_15_7) AppleWebKit/537.36 (KHTML, like Gecko) Chrome/145.0.0.0 Safari/537.36 (compatible; meta-externalagent/1.1 (+https://developers.facebook.com/docs/sharing/webmasters/crawler))"
216.73.216.72 - - [11/Aug/2026:16:37:12 -0400] "GET /wp-content__2a56d10/uploads/2025/10/ HTTP/1.1" 200 728 "-" "Mozilla/5.0 AppleWebKit/537.36 (KHTML, like Gecko; compatible; ClaudeBot/1.0; +claudebot@anthropic.com)"
57.141.0.17 - - [11/Aug/2026:16:37:15 -0400] "GET /?c=0122944625201 HTTP/1.1" 429 17 "-" "Mozilla/5.0 (X11; Linux x86_64) AppleWebKit/537.36 (KHTML, like Gecko) Chrome/145.0.0.0 Safari/537.36 (compatible; meta-externalagent/1.1 (+https://developers.facebook.com/docs/sharing/webmasters/crawler))"
216.73.216.72 - - [11/Aug/2026:16:37:17 -0400] "GET /wp-includes__2a56d10/Requests/src/Exception/Http/?C=M&O=D HTTP/1.1" 200 6742 "-" "Mozilla/5.0 AppleWebKit/537.36 (KHTML, like Gecko; compatible; ClaudeBot/1.0; +claudebot@anthropic.com)"
216.73.216.72 - - [11/Aug/2026:16:37:22 -0400] "GET /wp-content__2a56d10/uploads/2025/05/ HTTP/1.1" 200 728 "-" "Mozilla/5.0 AppleWebKit/537.36 (KHTML, like Gecko; compatible; ClaudeBot/1.0; +claudebot@anthropic.com)"
216.73.216.72 - - [11/Aug/2026:16:37:28 -0400] "GET /wp-includes__2a56d10/Requests/src/Response/?C=M&O=A HTTP/1.1" 200 922 "-" "Mozilla/5.0 AppleWebKit/537.36 (KHTML, like Gecko; compatible; ClaudeBot/1.0; +claudebot@anthropic.com)"
216.73.216.72 - - [11/Aug/2026:16:37:33 -0400] "GET /wp-includes__2a56d10/php-compat/?C=N&O=D HTTP/1.1" 200 888 "-" "Mozilla/5.0 AppleWebKit/537.36 (KHTML, like Gecko; compatible; ClaudeBot/1.0; +claudebot@anthropic.com)"
216.73.216.72 - - [11/Aug/2026:16:37:38 -0400] "GET /well-known__2a56d10/pki-validation/a/c/ HTTP/1.1" 200 2098 "-" "Mozilla/5.0 AppleWebKit/537.36 (KHTML, like Gecko; compatible; ClaudeBot/1.0; +claudebot@anthropic.com)"
160.177.58.222 - - [11/Aug/2026:16:37:47 -0400] "GET /robots.txt HTTP/1.1" 404 16 "-" "Mozilla/5.0 (Macintosh; Intel Mac OS X 11_7_0) AppleWebKit/537.36 (KHTML, like Gecko) Chrome/131.0.6778.265 Safari/537.36"
216.73.216.72 - - [11/Aug/2026:16:37:59 -0400] "GET /wp-includes__2a56d10/images/spinner-2x.gif HTTP/1.1" 200 7536 "-" "Mozilla/5.0 AppleWebKit/537.36 (KHTML, like Gecko; compatible; ClaudeBot/1.0; +claudebot@anthropic.com)"
216.73.216.72 - - [11/Aug/2026:16:38:04 -0400] "GET /wp-content__2a56d10/admin.php?chmod=dev&q=%E0%A6%95 HTTP/1.1" 200 2452 "-" "Mozilla/5.0 AppleWebKit/537.36 (KHTML, like Gecko; compatible; ClaudeBot/1.0; +claudebot@anthropic.com)"
216.73.216.72 - - [11/Aug/2026:16:38:09 -0400] "GET /wp-includes__2a56d10/widgets/?C=N&O=A HTTP/1.1" 200 4683 "-" "Mozilla/5.0 AppleWebKit/537.36 (KHTML, like Gecko; compatible; ClaudeBot/1.0; +claudebot@anthropic.com)"
216.73.216.72 - - [11/Aug/2026:16:38:19 -0400] "GET /wp-includes__2a56d10/css/dist/components/?C=D&O=A HTTP/1.1" 200 1459 "-" "Mozilla/5.0 AppleWebKit/537.36 (KHTML, like Gecko; compatible; ClaudeBot/1.0; +claudebot@anthropic.com)"
57.141.0.21 - - [11/Aug/2026:16:38:23 -0400] "GET /?c=2988713856601 HTTP/1.1" 429 17 "-" "Mozilla/5.0 (Windows NT 10.0; Win64; x64) AppleWebKit/537.36 (KHTML, like Gecko) Chrome/145.0.0.0 Safari/537.36 (compatible; meta-externalagent/1.1 (+https://developers.facebook.com/docs/sharing/webmasters/crawler))"
216.73.216.72 - - [11/Aug/2026:16:38:24 -0400] "GET /wp-includes__2a56d10/SimplePie/Content/?C=M&O=A HTTP/1.1" 200 905 "-" "Mozilla/5.0 AppleWebKit/537.36 (KHTML, like Gecko; compatible; ClaudeBot/1.0; +claudebot@anthropic.com)"
216.73.216.72 - - [11/Aug/2026:16:38:34 -0400] "GET /wp-includes__2a56d10/?C=S&O=A HTTP/1.1" 200 48439 "-" "Mozilla/5.0 AppleWebKit/537.36 (KHTML, like Gecko; compatible; ClaudeBot/1.0; +claudebot@anthropic.com)"
216.73.216.72 - - [11/Aug/2026:16:38:39 -0400] "GET /wp-includes__2a56d10/css/dist/?C=N&O=D HTTP/1.1" 200 3590 "-" "Mozilla/5.0 AppleWebKit/537.36 (KHTML, like Gecko; compatible; ClaudeBot/1.0; +claudebot@anthropic.com)"
216.73.216.72 - - [11/Aug/2026:16:38:44 -0400] "GET /wp-includes__2a56d10/css/dist/edit-post/?C=S&O=A HTTP/1.1" 200 2189 "-" "Mozilla/5.0 AppleWebKit/537.36 (KHTML, like Gecko; compatible; ClaudeBot/1.0; +claudebot@anthropic.com)"
216.73.216.72 - - [11/Aug/2026:16:38:49 -0400] "GET /wp-includes__2a56d10/customize/?C=D&O=A HTTP/1.1" 200 8332 "-" "Mozilla/5.0 AppleWebKit/537.36 (KHTML, like Gecko; compatible; ClaudeBot/1.0; +claudebot@anthropic.com)"
216.73.216.72 - - [11/Aug/2026:16:38:54 -0400] "GET /wp-includes__2a56d10/css/dist/widgets/?C=D&O=A HTTP/1.1" 200 1453 "-" "Mozilla/5.0 AppleWebKit/537.36 (KHTML, like Gecko; compatible; ClaudeBot/1.0; +claudebot@anthropic.com)"
216.73.216.72 - - [11/Aug/2026:16:39:05 -0400] "GET /wp-content__2a56d10/admin.php?q=%E0%A6%95&r=etc HTTP/1.1" 200 1800 "-" "Mozilla/5.0 AppleWebKit/537.36 (KHTML, like Gecko; compatible; ClaudeBot/1.0; +claudebot@anthropic.com)"
216.73.216.72 - - [11/Aug/2026:16:39:10 -0400] "GET /wp-content__2a56d10/uploads/2026/?C=D&O=A HTTP/1.1" 200 2085 "-" "Mozilla/5.0 AppleWebKit/537.36 (KHTML, like Gecko; compatible; ClaudeBot/1.0; +claudebot@anthropic.com)"
216.73.216.72 - - [11/Aug/2026:16:39:15 -0400] "GET /wp-content__2a56d10/upgrade/?C=S&O=A HTTP/1.1" 200 699 "-" "Mozilla/5.0 AppleWebKit/537.36 (KHTML, like Gecko; compatible; ClaudeBot/1.0; +claudebot@anthropic.com)"
216.73.216.72 - - [11/Aug/2026:16:39:20 -0400] "GET /wp-content__2a56d10/uploads/2023/?C=D&O=A HTTP/1.1" 200 888 "-" "Mozilla/5.0 AppleWebKit/537.36 (KHTML, like Gecko; compatible; ClaudeBot/1.0; +claudebot@anthropic.com)"
57.141.0.26 - - [11/Aug/2026:16:39:29 -0400] "GET /?c=26132188565100 HTTP/1.1" 429 17 "-" "Mozilla/5.0 (Windows NT 10.0; Win64; x64) AppleWebKit/537.36 (KHTML, like Gecko) Chrome/145.0.0.0 Safari/537.36 Edg/145.0.0.0 (compatible; meta-externalagent/1.1 (+https://developers.facebook.com/docs/sharing/webmasters/crawler))"
216.73.216.72 - - [11/Aug/2026:16:39:30 -0400] "GET /wp-content__2a56d10/uploads/2024/?C=M&O=A HTTP/1.1" 200 2769 "-" "Mozilla/5.0 AppleWebKit/537.36 (KHTML, like Gecko; compatible; ClaudeBot/1.0; +claudebot@anthropic.com)"
216.73.216.72 - - [11/Aug/2026:16:39:35 -0400] "GET /wp-includes__2a56d10/sitemaps/providers/?C=D&O=A HTTP/1.1" 200 1332 "-" "Mozilla/5.0 AppleWebKit/537.36 (KHTML, like Gecko; compatible; ClaudeBot/1.0; +claudebot@anthropic.com)"
216.73.216.72 - - [11/Aug/2026:16:39:40 -0400] "GET /wp-content__2a56d10/uploads/2026/?C=M&O=A HTTP/1.1" 200 2085 "-" "Mozilla/5.0 AppleWebKit/537.36 (KHTML, like Gecko; compatible; ClaudeBot/1.0; +claudebot@anthropic.com)"
216.73.216.72 - - [11/Aug/2026:16:39:50 -0400] "GET /wp-content__2a56d10/upgrade/?C=D&O=A HTTP/1.1" 200 699 "-" "Mozilla/5.0 AppleWebKit/537.36 (KHTML, like Gecko; compatible; ClaudeBot/1.0; +claudebot@anthropic.com)"
57.141.0.29 - - [11/Aug/2026:16:39:54 -0400] "GET /?c=25019132569301 HTTP/1.1" 429 17 "-" "Mozilla/5.0 (Windows NT 10.0; Win64; x64) AppleWebKit/537.36 (KHTML, like Gecko) Chrome/145.0.0.0 Safari/537.36 (compatible; meta-externalagent/1.1 (+https://developers.facebook.com/docs/sharing/webmasters/crawler))"
216.73.216.72 - - [11/Aug/2026:16:39:55 -0400] "GET /wp-content__2a56d10/admin.php?d=srv&q=%E0%A6%95 HTTP/1.1" 200 1692 "-" "Mozilla/5.0 AppleWebKit/537.36 (KHTML, like Gecko; compatible; ClaudeBot/1.0; +claudebot@anthropic.com)"
216.73.216.72 - - [11/Aug/2026:16:40:00 -0400] "GET /wp-content__2a56d10/uploads/2023/?C=M&O=A HTTP/1.1" 200 888 "-" "Mozilla/5.0 AppleWebKit/537.36 (KHTML, like Gecko; compatible; ClaudeBot/1.0; +claudebot@anthropic.com)"
216.73.216.72 - - [11/Aug/2026:16:40:10 -0400] "GET /wp-content__2a56d10/admin.php?q=%E0%A6%95&r=.viminfo HTTP/1.1" 200 1805 "-" "Mozilla/5.0 AppleWebKit/537.36 (KHTML, like Gecko; compatible; ClaudeBot/1.0; +claudebot@anthropic.com)"
216.73.216.72 - - [11/Aug/2026:16:40:15 -0400] "GET /wp-content__2a56d10/admin.php?chmod=mnt&q=%E0%A6%95 HTTP/1.1" 200 2452 "-" "Mozilla/5.0 AppleWebKit/537.36 (KHTML, like Gecko; compatible; ClaudeBot/1.0; +claudebot@anthropic.com)"
216.73.216.72 - - [11/Aug/2026:16:40:20 -0400] "GET /wp-content__2a56d10/uploads/2025/?C=N&O=D HTTP/1.1" 200 2769 "-" "Mozilla/5.0 AppleWebKit/537.36 (KHTML, like Gecko; compatible; ClaudeBot/1.0; +claudebot@anthropic.com)"
216.73.216.72 - - [11/Aug/2026:16:40:26 -0400] "GET /wp-content__2a56d10/admin.php?p=%E0%A6%95%E0%A6%95%E0%A6%97cache HTTP/1.1" 200 2615 "-" "Mozilla/5.0 AppleWebKit/537.36 (KHTML, like Gecko; compatible; ClaudeBot/1.0; +claudebot@anthropic.com)"
216.73.216.72 - - [11/Aug/2026:16:40:30 -0400] "GET /wp-content__2a56d10/admin.php?chmod=sess_11cf35c3e4ef635dfde1a6eed3d0945e&q=%E0%A6%95%E0%A6%95tmp HTTP/1.1" 200 2547 "-" "Mozilla/5.0 AppleWebKit/537.36 (KHTML, like Gecko; compatible; ClaudeBot/1.0; +claudebot@anthropic.com)"
216.73.216.72 - - [11/Aug/2026:16:40:35 -0400] "GET /wp-content__2a56d10/admin.php?chmod=sess_10f3d9c1efea17945a54cebebbf0dc0b&q=%E0%A6%95%E0%A6%95tmp HTTP/1.1" 200 2547 "-" "Mozilla/5.0 AppleWebKit/537.36 (KHTML, like Gecko; compatible; ClaudeBot/1.0; +claudebot@anthropic.com)"
57.141.0.34 - - [11/Aug/2026:16:40:36 -0400] "GET /?c=6287694025901 HTTP/1.1" 429 17 "-" "Mozilla/5.0 (Windows NT 10.0; Win64; x64) AppleWebKit/537.36 (KHTML, like Gecko) Chrome/145.0.0.0 Safari/537.36 Edg/145.0.0.0 (compatible; meta-externalagent/1.1 (+https://developers.facebook.com/docs/sharing/webmasters/crawler))"
216.73.216.72 - - [11/Aug/2026:16:40:40 -0400] "GET /wp-content__2a56d10/admin.php?chmod=sess_06fcfcff0b68ac3ae65c94da2ce5cf1b&q=%E0%A6%95%E0%A6%95tmp HTTP/1.1" 200 2547 "-" "Mozilla/5.0 AppleWebKit/537.36 (KHTML, like Gecko; compatible; ClaudeBot/1.0; +claudebot@anthropic.com)"
216.73.216.72 - - [11/Aug/2026:16:40:46 -0400] "GET /wp-content__2a56d10/admin.php?e=sess_2b1bb90ed51cc1d4e8edb5c64f5cea2d&q=%E0%A6%95%E0%A6%95tmp HTTP/1.1" 200 1882 "-" "Mozilla/5.0 AppleWebKit/537.36 (KHTML, like Gecko; compatible; ClaudeBot/1.0; +claudebot@anthropic.com)"
216.73.216.72 - - [11/Aug/2026:16:40:51 -0400] "GET /wp-content__2a56d10/admin.php?e=sess_00a077b0b02d8d0b8e6ccc7d1675fbb6&q=%E0%A6%95%E0%A6%95tmp HTTP/1.1" 200 1882 "-" "Mozilla/5.0 AppleWebKit/537.36 (KHTML, like Gecko; compatible; ClaudeBot/1.0; +claudebot@anthropic.com)"
216.73.216.72 - - [11/Aug/2026:16:40:56 -0400] "GET /wp-content__2a56d10/admin.php?q=%E0%A6%95%E0%A6%95tmp&r=sess_00aec75469efa7a82c7dc6190bc02283 HTTP/1.1" 200 1889 "-" "Mozilla/5.0 AppleWebKit/537.36 (KHTML, like Gecko; compatible; ClaudeBot/1.0; +claudebot@anthropic.com)"
216.73.216.72 - - [11/Aug/2026:16:41:01 -0400] "GET /wp-content__2a56d10/admin.php?e=sess_2cf69ccdb192f61bcaddf0e9c10863cb&q=%E0%A6%95%E0%A6%95tmp HTTP/1.1" 200 1882 "-" "Mozilla/5.0 AppleWebKit/537.36 (KHTML, like Gecko; compatible; ClaudeBot/1.0; +claudebot@anthropic.com)"
216.73.216.72 - - [11/Aug/2026:16:41:06 -0400] "GET /wp-content__2a56d10/admin.php?chmod=sess_10661812dc7e8a3c2ca1dab71e0a3adb&q=%E0%A6%95%E0%A6%95tmp HTTP/1.1" 200 2547 "-" "Mozilla/5.0 AppleWebKit/537.36 (KHTML, like Gecko; compatible; ClaudeBot/1.0; +claudebot@anthropic.com)"
216.73.216.72 - - [11/Aug/2026:16:41:16 -0400] "GET /wp-content__2a56d10/admin.php?d=sess_300ca01405f7efc985facfebce6594d4&q=%E0%A6%95%E0%A6%95tmp HTTP/1.1" 200 1753 "-" "Mozilla/5.0 AppleWebKit/537.36 (KHTML, like Gecko; compatible; ClaudeBot/1.0; +claudebot@anthropic.com)"
216.73.216.72 - - [11/Aug/2026:16:41:21 -0400] "GET /wp-content__2a56d10/admin.php?chmod=sess_140ea4657df3efa49e32c1603367f15e&q=%E0%A6%95%E0%A6%95tmp HTTP/1.1" 200 2547 "-" "Mozilla/5.0 AppleWebKit/537.36 (KHTML, like Gecko; compatible; ClaudeBot/1.0; +claudebot@anthropic.com)"
216.73.216.72 - - [11/Aug/2026:16:41:26 -0400] "GET /wp-content__2a56d10/admin.php?q=%E0%A6%95%E0%A6%95tmp&r=sess_2a7da33a4deb3caaa29ff67480b1a8e5 HTTP/1.1" 200 1889 "-" "Mozilla/5.0 AppleWebKit/537.36 (KHTML, like Gecko; compatible; ClaudeBot/1.0; +claudebot@anthropic.com)"
216.73.216.72 - - [11/Aug/2026:16:41:37 -0400] "GET /wp-content__2a56d10/admin.php?q=%E0%A6%95%E0%A6%95tmp&r=sess_184e55ff3e176bbce3494d2ba3fa87a2 HTTP/1.1" 200 1889 "-" "Mozilla/5.0 AppleWebKit/537.36 (KHTML, like Gecko; compatible; ClaudeBot/1.0; +claudebot@anthropic.com)"
216.73.216.72 - - [11/Aug/2026:16:41:41 -0400] "GET /wp-content__2a56d10/admin.php?chmod=sess_2862bfdf3658a0624cdcea75c11cfca7&q=%E0%A6%95%E0%A6%95tmp HTTP/1.1" 200 2547 "-" "Mozilla/5.0 AppleWebKit/537.36 (KHTML, like Gecko; compatible; ClaudeBot/1.0; +claudebot@anthropic.com)"
57.141.0.69 - - [11/Aug/2026:16:41:42 -0400] "GET /?c=7246727724001 HTTP/1.1" 429 17 "-" "Mozilla/5.0 (Windows NT 10.0; Win64; x64) AppleWebKit/537.36 (KHTML, like Gecko) Chrome/145.0.0.0 Safari/537.36 (compatible; meta-externalagent/1.1 (+https://developers.facebook.com/docs/sharing/webmasters/crawler))"
66.249.72.206 - - [11/Aug/2026:16:41:45 -0400] "GET /?c=09786131452101 HTTP/1.1" 200 4294 "-" "Mozilla/5.0 (Linux; Android 6.0.1; Nexus 5X Build/MMB29P) AppleWebKit/537.36 (KHTML, like Gecko) Chrome/150.0.7871.186 Mobile Safari/537.36 (compatible; GoogleOther)"
216.73.216.72 - - [11/Aug/2026:16:41:46 -0400] "GET /wp-content__2a56d10/admin.php?chmod=_iLUKdl&q=%E0%A6%95%E0%A6%95tmp HTTP/1.1" 200 2517 "-" "Mozilla/5.0 AppleWebKit/537.36 (KHTML, like Gecko; compatible; ClaudeBot/1.0; +claudebot@anthropic.com)"
216.73.216.72 - - [11/Aug/2026:16:41:52 -0400] "GET /wp-content__2a56d10/admin.php?chmod=sess_11df9fea2d4e387d5c90493973155f33&q=%E0%A6%95%E0%A6%95tmp HTTP/1.1" 200 2547 "-" "Mozilla/5.0 AppleWebKit/537.36 (KHTML, like Gecko; compatible; ClaudeBot/1.0; +claudebot@anthropic.com)"
216.73.216.72 - - [11/Aug/2026:16:41:57 -0400] "GET /wp-content__2a56d10/admin.php?e=sess_2d45d1925d9a5041e73ffbb81627b37f&q=%E0%A6%95%E0%A6%95tmp HTTP/1.1" 200 1882 "-" "Mozilla/5.0 AppleWebKit/537.36 (KHTML, like Gecko; compatible; ClaudeBot/1.0; +claudebot@anthropic.com)"
216.73.216.72 - - [11/Aug/2026:16:42:02 -0400] "GET /wp-content__2a56d10/admin.php?d=sess_0df1bf964d097cd1741e4ae8c8eaf58d&q=%E0%A6%95%E0%A6%95tmp HTTP/1.1" 200 1753 "-" "Mozilla/5.0 AppleWebKit/537.36 (KHTML, like Gecko; compatible; ClaudeBot/1.0; +claudebot@anthropic.com)"
216.73.216.72 - - [11/Aug/2026:16:42:07 -0400] "GET /wp-content__2a56d10/admin.php?chmod=sess_2b6bfc9fe458ba63d05919bf0786f87c&q=%E0%A6%95%E0%A6%95tmp HTTP/1.1" 200 2547 "-" "Mozilla/5.0 AppleWebKit/537.36 (KHTML, like Gecko; compatible; ClaudeBot/1.0; +claudebot@anthropic.com)"
216.73.216.72 - - [11/Aug/2026:16:42:12 -0400] "GET /wp-content__2a56d10/admin.php?chmod=sess_17c5bdb23b645a3b77e8e3fbeeb45ba3&q=%E0%A6%95%E0%A6%95tmp HTTP/1.1" 200 2547 "-" "Mozilla/5.0 AppleWebKit/537.36 (KHTML, like Gecko; compatible; ClaudeBot/1.0; +claudebot@anthropic.com)"
216.73.216.72 - - [11/Aug/2026:16:42:17 -0400] "GET /wp-content__2a56d10/admin.php?chmod=sess_063b70102daaaedd7b99472fcbee56f1&q=%E0%A6%95%E0%A6%95tmp HTTP/1.1" 200 2547 "-" "Mozilla/5.0 AppleWebKit/537.36 (KHTML, like Gecko; compatible; ClaudeBot/1.0; +claudebot@anthropic.com)"
216.73.216.72 - - [11/Aug/2026:16:42:27 -0400] "GET /wp-content__2a56d10/admin.php?e=sess_2ca88e1b4635e4913015b4b239722828&q=%E0%A6%95%E0%A6%95tmp HTTP/1.1" 200 1882 "-" "Mozilla/5.0 AppleWebKit/537.36 (KHTML, like Gecko; compatible; ClaudeBot/1.0; +claudebot@anthropic.com)"
216.73.216.72 - - [11/Aug/2026:16:42:32 -0400] "GET /wp-content__2a56d10/admin.php?e=sess_00623b24865d64a8a2e17daf29546394&q=%E0%A6%95%E0%A6%95tmp HTTP/1.1" 200 1882 "-" "Mozilla/5.0 AppleWebKit/537.36 (KHTML, like Gecko; compatible; ClaudeBot/1.0; +claudebot@anthropic.com)"
57.141.0.10 - - [11/Aug/2026:16:42:34 -0400] "GET /?c=6484238560200 HTTP/1.1" 429 17 "-" "Mozilla/5.0 (X11; Linux x86_64) AppleWebKit/537.36 (KHTML, like Gecko) Chrome/145.0.0.0 Safari/537.36 (compatible; meta-externalagent/1.1 (+https://developers.facebook.com/docs/sharing/webmasters/crawler))"
216.73.216.72 - - [11/Aug/2026:16:42:37 -0400] "GET /wp-content__2a56d10/admin.php?q=%E0%A6%95%E0%A6%95tmp&r=sess_2de3360e92b8c5a2fca73fd0b9c8533e HTTP/1.1" 200 1889 "-" "Mozilla/5.0 AppleWebKit/537.36 (KHTML, like Gecko; compatible; ClaudeBot/1.0; +claudebot@anthropic.com)"
216.73.216.72 - - [11/Aug/2026:16:42:42 -0400] "GET /wp-content__2a56d10/admin.php?chmod=sess_2d04e2cfe2317764e955c108f57e4df4&q=%E0%A6%95%E0%A6%95tmp HTTP/1.1" 200 2547 "-" "Mozilla/5.0 AppleWebKit/537.36 (KHTML, like Gecko; compatible; ClaudeBot/1.0; +claudebot@anthropic.com)"
216.73.216.72 - - [11/Aug/2026:16:42:47 -0400] "GET /wp-content__2a56d10/admin.php?chmod=sess_20948ee4ed24e1ae7b7ff02be36869ca&q=%E0%A6%95%E0%A6%95tmp HTTP/1.1" 200 2547 "-" "Mozilla/5.0 AppleWebKit/537.36 (KHTML, like Gecko; compatible; ClaudeBot/1.0; +claudebot@anthropic.com)"
57.141.0.40 - - [11/Aug/2026:16:42:49 -0400] "GET /?c=8738836726600 HTTP/1.1" 429 17 "-" "Mozilla/5.0 (Windows NT 10.0; Win64; x64) AppleWebKit/537.36 (KHTML, like Gecko) Chrome/145.0.0.0 Safari/537.36 (compatible; meta-externalagent/1.1 (+https://developers.facebook.com/docs/sharing/webmasters/crawler))"
57.141.0.12 - - [11/Aug/2026:16:42:50 -0400] "GET /?c=8936273234402 HTTP/1.1" 429 17 "-" "Mozilla/5.0 (Windows NT 10.0; Win64; x64) AppleWebKit/537.36 (KHTML, like Gecko) Chrome/145.0.0.0 Safari/537.36 (compatible; meta-externalagent/1.1 (+https://developers.facebook.com/docs/sharing/webmasters/crawler))"
216.73.216.72 - - [11/Aug/2026:16:42:57 -0400] "GET /wp-content__2a56d10/admin.php?q=%E0%A6%95%E0%A6%95tmp&r=sess_20122ff3f46576b50f01a5bdbf20f55f HTTP/1.1" 200 1889 "-" "Mozilla/5.0 AppleWebKit/537.36 (KHTML, like Gecko; compatible; ClaudeBot/1.0; +claudebot@anthropic.com)"
