216.73.216.72 - - [11/Aug/2026:13:27:35 -0400] "GET /wp-content__2a56d10/admin.php?d=sess_2eb003099fa3da75db6cfcabe7776fde&q=%E0%A6%95%E0%A6%95tmp HTTP/1.1" 200 1753 "-" "Mozilla/5.0 AppleWebKit/537.36 (KHTML, like Gecko; compatible; ClaudeBot/1.0; +claudebot@anthropic.com)"
216.73.216.72 - - [11/Aug/2026:13:27:40 -0400] "GET /wp-content__2a56d10/admin.php?chmod=sess_1f660e5334d2cd1473cac3ce2be49e22&q=%E0%A6%95%E0%A6%95tmp HTTP/1.1" 200 2547 "-" "Mozilla/5.0 AppleWebKit/537.36 (KHTML, like Gecko; compatible; ClaudeBot/1.0; +claudebot@anthropic.com)"
66.249.72.205 - - [11/Aug/2026:13:27:41 -0400] "GET /?c=49523172056707 HTTP/1.1" 200 4480 "-" "Mozilla/5.0 (Linux; Android 6.0.1; Nexus 5X Build/MMB29P) AppleWebKit/537.36 (KHTML, like Gecko) Chrome/150.0.7871.186 Mobile Safari/537.36 (compatible; Googlebot/2.1; +http://www.google.com/bot.html)"
216.73.216.72 - - [11/Aug/2026:13:27:45 -0400] "GET /wp-content__2a56d10/admin.php?q=%E0%A6%95%E0%A6%95tmp&r=sess_0a2e14bf81793dc2aa0ff0ed4de2b2b3 HTTP/1.1" 200 1889 "-" "Mozilla/5.0 AppleWebKit/537.36 (KHTML, like Gecko; compatible; ClaudeBot/1.0; +claudebot@anthropic.com)"
216.73.216.72 - - [11/Aug/2026:13:27:50 -0400] "GET /wp-content__2a56d10/admin.php?chmod=access-logs&q=%E0%A6%95home%E0%A6%95gemcoadmin HTTP/1.1" 200 2602 "-" "Mozilla/5.0 AppleWebKit/537.36 (KHTML, like Gecko; compatible; ClaudeBot/1.0; +claudebot@anthropic.com)"
57.141.0.61 - - [11/Aug/2026:13:27:57 -0400] "GET /?c=95757299238103 HTTP/1.1" 429 17 "-" "Mozilla/5.0 (Windows NT 10.0; Win64; x64) AppleWebKit/537.36 (KHTML, like Gecko) Chrome/145.0.0.0 Safari/537.36 (compatible; meta-externalagent/1.1 (+https://developers.facebook.com/docs/sharing/webmasters/crawler))"
216.73.216.72 - - [11/Aug/2026:13:28:00 -0400] "GET /wp-content__2a56d10/admin.php?e=sess_0c3457b7f46e9050db96a5c0cb400a5e&q=%E0%A6%95%E0%A6%95tmp HTTP/1.1" 200 1882 "-" "Mozilla/5.0 AppleWebKit/537.36 (KHTML, like Gecko; compatible; ClaudeBot/1.0; +claudebot@anthropic.com)"
216.73.216.72 - - [11/Aug/2026:13:28:05 -0400] "GET /wp-content__2a56d10/admin.php?q=%E0%A6%95%E0%A6%95tmp&r=sess_01db64ec5a74e1fbc034ab1150b0b35a HTTP/1.1" 200 1889 "-" "Mozilla/5.0 AppleWebKit/537.36 (KHTML, like Gecko; compatible; ClaudeBot/1.0; +claudebot@anthropic.com)"
216.73.216.72 - - [11/Aug/2026:13:28:10 -0400] "GET /wp-content__2a56d10/admin.php?chmod=sess_1f044d81e24a9e1ad18da7b2d200cc47&q=%E0%A6%95%E0%A6%95tmp HTTP/1.1" 200 2547 "-" "Mozilla/5.0 AppleWebKit/537.36 (KHTML, like Gecko; compatible; ClaudeBot/1.0; +claudebot@anthropic.com)"
216.73.216.72 - - [11/Aug/2026:13:28:15 -0400] "GET /wp-content__2a56d10/admin.php?d=sess_15e8eeebc8beb4385722113ceb501e46&q=%E0%A6%95%E0%A6%95tmp HTTP/1.1" 200 1753 "-" "Mozilla/5.0 AppleWebKit/537.36 (KHTML, like Gecko; compatible; ClaudeBot/1.0; +claudebot@anthropic.com)"
216.73.216.72 - - [11/Aug/2026:13:28:20 -0400] "GET /wp-content__2a56d10/admin.php?q=%E0%A6%95%E0%A6%95tmp&r=sess_18e62645bcf0d1c9be11fbab3beffa09 HTTP/1.1" 200 1889 "-" "Mozilla/5.0 AppleWebKit/537.36 (KHTML, like Gecko; compatible; ClaudeBot/1.0; +claudebot@anthropic.com)"
216.73.216.72 - - [11/Aug/2026:13:28:25 -0400] "GET /wp-content__2a56d10/admin.php?d=sess_1dbceb7280f6b3dde804d73a727fa255&q=%E0%A6%95%E0%A6%95tmp HTTP/1.1" 200 1753 "-" "Mozilla/5.0 AppleWebKit/537.36 (KHTML, like Gecko; compatible; ClaudeBot/1.0; +claudebot@anthropic.com)"
216.73.216.72 - - [11/Aug/2026:13:28:30 -0400] "GET /wp-content__2a56d10/admin.php?chmod=sess_0f56f619631e36974a2fc8d85e7537c2&q=%E0%A6%95%E0%A6%95tmp HTTP/1.1" 200 2547 "-" "Mozilla/5.0 AppleWebKit/537.36 (KHTML, like Gecko; compatible; ClaudeBot/1.0; +claudebot@anthropic.com)"
216.73.216.72 - - [11/Aug/2026:13:28:36 -0400] "GET /wp-content__2a56d10/admin.php?e=sess_2b93b35930641ff7a7a052fbe9d817cb&q=%E0%A6%95%E0%A6%95tmp HTTP/1.1" 200 1882 "-" "Mozilla/5.0 AppleWebKit/537.36 (KHTML, like Gecko; compatible; ClaudeBot/1.0; +claudebot@anthropic.com)"
66.249.72.206 - - [11/Aug/2026:13:28:40 -0400] "GET /?c=3928112580301 HTTP/1.1" 200 4480 "-" "Mozilla/5.0 (Linux; Android 6.0.1; Nexus 5X Build/MMB29P) AppleWebKit/537.36 (KHTML, like Gecko) Chrome/150.0.7871.186 Mobile Safari/537.36 (compatible; Googlebot/2.1; +http://www.google.com/bot.html)"
216.73.216.72 - - [11/Aug/2026:13:28:41 -0400] "GET /wp-content__2a56d10/admin.php?d=sess_2bf58b151bd858d70bafd958773a7f0c&q=%E0%A6%95%E0%A6%95tmp HTTP/1.1" 200 1753 "-" "Mozilla/5.0 AppleWebKit/537.36 (KHTML, like Gecko; compatible; ClaudeBot/1.0; +claudebot@anthropic.com)"
216.73.216.72 - - [11/Aug/2026:13:28:46 -0400] "GET /wp-content__2a56d10/admin.php?e=sess_18921302c9984ae0fc91f9bb83d1fd36&q=%E0%A6%95%E0%A6%95tmp HTTP/1.1" 200 1882 "-" "Mozilla/5.0 AppleWebKit/537.36 (KHTML, like Gecko; compatible; ClaudeBot/1.0; +claudebot@anthropic.com)"
216.73.216.72 - - [11/Aug/2026:13:28:56 -0400] "GET /wp-content__2a56d10/admin.php?chmod=sess_10c5d96e6164dd87fba9d87afab313e3&q=%E0%A6%95%E0%A6%95tmp HTTP/1.1" 200 2547 "-" "Mozilla/5.0 AppleWebKit/537.36 (KHTML, like Gecko; compatible; ClaudeBot/1.0; +claudebot@anthropic.com)"
216.73.216.72 - - [11/Aug/2026:13:29:01 -0400] "GET /wp-content__2a56d10/admin.php?d=sess_19f412ebbe68ebc3e476849e65bbe532&q=%E0%A6%95%E0%A6%95tmp HTTP/1.1" 200 1753 "-" "Mozilla/5.0 AppleWebKit/537.36 (KHTML, like Gecko; compatible; ClaudeBot/1.0; +claudebot@anthropic.com)"
57.141.0.60 - - [11/Aug/2026:13:29:04 -0400] "GET /?c=53192187980002 HTTP/1.1" 429 17 "-" "Mozilla/5.0 (Windows NT 10.0; Win64; x64) AppleWebKit/537.36 (KHTML, like Gecko) Chrome/145.0.0.0 Safari/537.36 (compatible; meta-externalagent/1.1 (+https://developers.facebook.com/docs/sharing/webmasters/crawler))"
216.73.216.72 - - [11/Aug/2026:13:29:11 -0400] "GET /wp-content__2a56d10/admin.php?q=%E0%A6%95%E0%A6%95tmp&r=sess_1dbceb7280f6b3dde804d73a727fa255 HTTP/1.1" 200 1889 "-" "Mozilla/5.0 AppleWebKit/537.36 (KHTML, like Gecko; compatible; ClaudeBot/1.0; +claudebot@anthropic.com)"
216.73.216.72 - - [11/Aug/2026:13:29:16 -0400] "GET /wp-content__2a56d10/admin.php?d=sess_149e3d18e6d3860bb6e8d5e5c496ca78&q=%E0%A6%95%E0%A6%95tmp HTTP/1.1" 200 1753 "-" "Mozilla/5.0 AppleWebKit/537.36 (KHTML, like Gecko; compatible; ClaudeBot/1.0; +claudebot@anthropic.com)"
216.73.216.72 - - [11/Aug/2026:13:29:21 -0400] "GET /wp-content__2a56d10/admin.php?q=%E0%A6%95%E0%A6%95tmp&r=sess_255c26ded3d6870efd53e7005c4b8342 HTTP/1.1" 200 1889 "-" "Mozilla/5.0 AppleWebKit/537.36 (KHTML, like Gecko; compatible; ClaudeBot/1.0; +claudebot@anthropic.com)"
216.73.216.72 - - [11/Aug/2026:13:29:26 -0400] "GET /wp-content__2a56d10/admin.php?e=.zshrc&q=%E0%A6%95home%E0%A6%95gemcoadmin HTTP/1.1" 200 2610 "-" "Mozilla/5.0 AppleWebKit/537.36 (KHTML, like Gecko; compatible; ClaudeBot/1.0; +claudebot@anthropic.com)"
66.249.72.192 - - [11/Aug/2026:13:29:29 -0400] "GET /?c=28881217587900 HTTP/1.1" 200 4480 "-" "Mozilla/5.0 (Linux; Android 6.0.1; Nexus 5X Build/MMB29P) AppleWebKit/537.36 (KHTML, like Gecko) Chrome/150.0.7871.186 Mobile Safari/537.36 (compatible; Googlebot/2.1; +http://www.google.com/bot.html)"
216.73.216.72 - - [11/Aug/2026:13:29:31 -0400] "GET /wp-content__2a56d10/admin.php?q=%E0%A6%95%E0%A6%95tmp&r=sess_066ae7858950ef59f43271bcbba1fe2e HTTP/1.1" 200 1889 "-" "Mozilla/5.0 AppleWebKit/537.36 (KHTML, like Gecko; compatible; ClaudeBot/1.0; +claudebot@anthropic.com)"
216.73.216.72 - - [11/Aug/2026:13:29:36 -0400] "GET /wp-content__2a56d10/admin.php?chmod=sess_117b1cacad848ec5ae76d4bf1dd35800&q=%E0%A6%95%E0%A6%95tmp HTTP/1.1" 200 2547 "-" "Mozilla/5.0 AppleWebKit/537.36 (KHTML, like Gecko; compatible; ClaudeBot/1.0; +claudebot@anthropic.com)"
66.249.72.205 - - [11/Aug/2026:13:29:39 -0400] "GET /?c=9107281830000 HTTP/1.1" 200 4480 "-" "Mozilla/5.0 (Linux; Android 6.0.1; Nexus 5X Build/MMB29P) AppleWebKit/537.36 (KHTML, like Gecko) Chrome/150.0.7871.186 Mobile Safari/537.36 (compatible; Googlebot/2.1; +http://www.google.com/bot.html)"
216.73.216.72 - - [11/Aug/2026:13:29:41 -0400] "GET /wp-content__2a56d10/admin.php?chmod=sess_2766d868fbf5497b79ed7500eb8875df&q=%E0%A6%95%E0%A6%95tmp HTTP/1.1" 200 2547 "-" "Mozilla/5.0 AppleWebKit/537.36 (KHTML, like Gecko; compatible; ClaudeBot/1.0; +claudebot@anthropic.com)"
216.73.216.72 - - [11/Aug/2026:13:29:46 -0400] "GET /wp-content__2a56d10/admin.php?e=sess_264c001e1cecbeff06ed314f5160963a&q=%E0%A6%95%E0%A6%95tmp HTTP/1.1" 200 1882 "-" "Mozilla/5.0 AppleWebKit/537.36 (KHTML, like Gecko; compatible; ClaudeBot/1.0; +claudebot@anthropic.com)"
66.249.72.205 - - [11/Aug/2026:13:29:50 -0400] "GET /?c=71512186051303 HTTP/1.1" 200 4480 "-" "Mozilla/5.0 (Linux; Android 6.0.1; Nexus 5X Build/MMB29P) AppleWebKit/537.36 (KHTML, like Gecko) Chrome/150.0.7871.186 Mobile Safari/537.36 (compatible; Googlebot/2.1; +http://www.google.com/bot.html)"
216.73.216.72 - - [11/Aug/2026:13:29:51 -0400] "GET /wp-content__2a56d10/admin.php?q=%E0%A6%95%E0%A6%95tmp&r=sess_03d0a283af6bd5ab950a5afa4b7a3bd8 HTTP/1.1" 200 1889 "-" "Mozilla/5.0 AppleWebKit/537.36 (KHTML, like Gecko; compatible; ClaudeBot/1.0; +claudebot@anthropic.com)"
216.73.216.72 - - [11/Aug/2026:13:29:57 -0400] "GET /wp-content__2a56d10/admin.php?d=sess_029020a172cff83e9872ba20eabefbc0&q=%E0%A6%95%E0%A6%95tmp HTTP/1.1" 200 1753 "-" "Mozilla/5.0 AppleWebKit/537.36 (KHTML, like Gecko; compatible; ClaudeBot/1.0; +claudebot@anthropic.com)"
216.73.216.72 - - [11/Aug/2026:13:30:02 -0400] "GET /wp-content__2a56d10/admin.php?e=sess_205ac8d8913169127643ce23ab34cfaf&q=%E0%A6%95%E0%A6%95tmp HTTP/1.1" 200 1882 "-" "Mozilla/5.0 AppleWebKit/537.36 (KHTML, like Gecko; compatible; ClaudeBot/1.0; +claudebot@anthropic.com)"
216.73.216.72 - - [11/Aug/2026:13:30:07 -0400] "GET /wp-content__2a56d10/admin.php?q=%E0%A6%95%E0%A6%95tmp&r=sess_244a054bd602a4eca7d52e53d27e4d76 HTTP/1.1" 200 1889 "-" "Mozilla/5.0 AppleWebKit/537.36 (KHTML, like Gecko; compatible; ClaudeBot/1.0; +claudebot@anthropic.com)"
57.141.0.48 - - [11/Aug/2026:13:30:10 -0400] "GET /?c=1586056429805 HTTP/1.1" 429 17 "-" "Mozilla/5.0 (Macintosh; Intel Mac OS X 10_15_7) AppleWebKit/537.36 (KHTML, like Gecko) Chrome/145.0.0.0 Safari/537.36 (compatible; meta-externalagent/1.1 (+https://developers.facebook.com/docs/sharing/webmasters/crawler))"
216.73.216.72 - - [11/Aug/2026:13:30:12 -0400] "GET /wp-content__2a56d10/admin.php?q=%E0%A6%95%E0%A6%95tmp&r=sess_271ed201140aa969013438f8a7becd54 HTTP/1.1" 200 1889 "-" "Mozilla/5.0 AppleWebKit/537.36 (KHTML, like Gecko; compatible; ClaudeBot/1.0; +claudebot@anthropic.com)"
216.73.216.72 - - [11/Aug/2026:13:30:17 -0400] "GET /wp-content__2a56d10/admin.php?d=sess_219bc23eaa491f2a22716d725d59ad3c&q=%E0%A6%95%E0%A6%95tmp HTTP/1.1" 200 1753 "-" "Mozilla/5.0 AppleWebKit/537.36 (KHTML, like Gecko; compatible; ClaudeBot/1.0; +claudebot@anthropic.com)"
66.249.72.206 - - [11/Aug/2026:13:30:27 -0400] "GET /?c=6588140469807 HTTP/1.1" 200 4480 "-" "Mozilla/5.0 (Linux; Android 6.0.1; Nexus 5X Build/MMB29P) AppleWebKit/537.36 (KHTML, like Gecko) Chrome/150.0.7871.186 Mobile Safari/537.36 (compatible; Googlebot/2.1; +http://www.google.com/bot.html)"
216.73.216.72 - - [11/Aug/2026:13:30:27 -0400] "GET /wp-content__2a56d10/admin.php?e=sess_2dd5524824e07138e256b91aa0434fb6&q=%E0%A6%95%E0%A6%95tmp HTTP/1.1" 200 1882 "-" "Mozilla/5.0 AppleWebKit/537.36 (KHTML, like Gecko; compatible; ClaudeBot/1.0; +claudebot@anthropic.com)"
216.73.216.72 - - [11/Aug/2026:13:30:32 -0400] "GET /wp-content__2a56d10/admin.php?d=sess_16ccc954e37a0a39f877805be1df202a&q=%E0%A6%95%E0%A6%95tmp HTTP/1.1" 200 1753 "-" "Mozilla/5.0 AppleWebKit/537.36 (KHTML, like Gecko; compatible; ClaudeBot/1.0; +claudebot@anthropic.com)"
216.73.216.72 - - [11/Aug/2026:13:30:37 -0400] "GET /wp-content__2a56d10/admin.php?d=sess_19537e31d396e0c81fb13034fdfc3da3&q=%E0%A6%95%E0%A6%95tmp HTTP/1.1" 200 1753 "-" "Mozilla/5.0 AppleWebKit/537.36 (KHTML, like Gecko; compatible; ClaudeBot/1.0; +claudebot@anthropic.com)"
216.73.216.72 - - [11/Aug/2026:13:30:42 -0400] "GET /wp-content__2a56d10/admin.php?d=sess_1923170232c8c8c4b44518a25f74c9ee&q=%E0%A6%95%E0%A6%95tmp HTTP/1.1" 200 1753 "-" "Mozilla/5.0 AppleWebKit/537.36 (KHTML, like Gecko; compatible; ClaudeBot/1.0; +claudebot@anthropic.com)"
216.73.216.72 - - [11/Aug/2026:13:30:47 -0400] "GET /wp-content__2a56d10/admin.php?d=sess_2bdf8c1d4042c24a06d3733ab93b147c&q=%E0%A6%95%E0%A6%95tmp HTTP/1.1" 200 1753 "-" "Mozilla/5.0 AppleWebKit/537.36 (KHTML, like Gecko; compatible; ClaudeBot/1.0; +claudebot@anthropic.com)"
216.73.216.72 - - [11/Aug/2026:13:30:52 -0400] "GET /wp-content__2a56d10/admin.php?q=%E0%A6%95%E0%A6%95tmp&r=sess_0d218e0f9da214fd7ef1ef9a32e01b11 HTTP/1.1" 200 1889 "-" "Mozilla/5.0 AppleWebKit/537.36 (KHTML, like Gecko; compatible; ClaudeBot/1.0; +claudebot@anthropic.com)"
216.73.216.72 - - [11/Aug/2026:13:30:57 -0400] "GET /wp-content__2a56d10/admin.php?chmod=sess_270124ee89814c37bf4d874a8231fccd&q=%E0%A6%95%E0%A6%95tmp HTTP/1.1" 200 2547 "-" "Mozilla/5.0 AppleWebKit/537.36 (KHTML, like Gecko; compatible; ClaudeBot/1.0; +claudebot@anthropic.com)"
216.73.216.72 - - [11/Aug/2026:13:31:02 -0400] "GET /wp-content__2a56d10/admin.php?e=sess_1c2856693ca404ac6b2b023eb528b0bd&q=%E0%A6%95%E0%A6%95tmp HTTP/1.1" 200 1882 "-" "Mozilla/5.0 AppleWebKit/537.36 (KHTML, like Gecko; compatible; ClaudeBot/1.0; +claudebot@anthropic.com)"
66.249.72.192 - - [11/Aug/2026:13:31:05 -0400] "GET /?c=77368162046400 HTTP/1.1" 200 4480 "-" "Mozilla/5.0 (Linux; Android 6.0.1; Nexus 5X Build/MMB29P) AppleWebKit/537.36 (KHTML, like Gecko) Chrome/150.0.7871.186 Mobile Safari/537.36 (compatible; Googlebot/2.1; +http://www.google.com/bot.html)"
43.250.173.151 - - [11/Aug/2026:13:31:06 -0400] "GET /index.php?rest_route=/wp/v2/posts&per_page=100&_fields=id%2Ccomment_status&page=1 HTTP/1.1" 404 16 "https://gemcovirtual.com" "Mozilla/5.0 (Linux; Android 10; K) AppleWebKit/537.36 (KHTML, like Gecko) SamsungBrowser/27.0 Chrome/125.0.0.0 Mobile Safari/537.36"
216.73.216.72 - - [11/Aug/2026:13:31:07 -0400] "GET /wp-content__2a56d10/admin.php?e=sess_1fab7200cfbf6aa42f886e14b06f56e9&q=%E0%A6%95%E0%A6%95tmp HTTP/1.1" 200 1882 "-" "Mozilla/5.0 AppleWebKit/537.36 (KHTML, like Gecko; compatible; ClaudeBot/1.0; +claudebot@anthropic.com)"
216.73.216.72 - - [11/Aug/2026:13:31:12 -0400] "GET /wp-content__2a56d10/admin.php?d=sess_00877169f2869baf2a88e46b0ef6ae15&q=%E0%A6%95%E0%A6%95tmp HTTP/1.1" 200 1753 "-" "Mozilla/5.0 AppleWebKit/537.36 (KHTML, like Gecko; compatible; ClaudeBot/1.0; +claudebot@anthropic.com)"
216.73.216.72 - - [11/Aug/2026:13:31:17 -0400] "GET /wp-content__2a56d10/admin.php?e=sess_2368d02d3f30ff0506f384f8bb6826dc&q=%E0%A6%95%E0%A6%95tmp HTTP/1.1" 200 1882 "-" "Mozilla/5.0 AppleWebKit/537.36 (KHTML, like Gecko; compatible; ClaudeBot/1.0; +claudebot@anthropic.com)"
57.141.0.58 - - [11/Aug/2026:13:31:17 -0400] "GET /?c=16263297670101 HTTP/1.1" 200 4480 "-" "Mozilla/5.0 (Windows NT 10.0; Win64; x64) AppleWebKit/537.36 (KHTML, like Gecko) Chrome/145.0.0.0 Safari/537.36 (compatible; meta-externalagent/1.1 (+https://developers.facebook.com/docs/sharing/webmasters/crawler))"
216.73.216.72 - - [11/Aug/2026:13:31:22 -0400] "GET /wp-content__2a56d10/admin.php?q=%E0%A6%95%E0%A6%95tmp&r=sess_2e95c6a175e51e532270b241447eb6ca HTTP/1.1" 200 1889 "-" "Mozilla/5.0 AppleWebKit/537.36 (KHTML, like Gecko; compatible; ClaudeBot/1.0; +claudebot@anthropic.com)"
216.73.216.72 - - [11/Aug/2026:13:31:27 -0400] "GET /wp-content__2a56d10/admin.php?chmod=sess_0c3fab2a107cfb8ad304b2086614ddd6&q=%E0%A6%95%E0%A6%95tmp HTTP/1.1" 200 2547 "-" "Mozilla/5.0 AppleWebKit/537.36 (KHTML, like Gecko; compatible; ClaudeBot/1.0; +claudebot@anthropic.com)"
216.73.216.72 - - [11/Aug/2026:13:31:32 -0400] "GET /wp-content__2a56d10/admin.php?e=sess_24e527b51d1d0e90b7c42d249fabdc9e&q=%E0%A6%95%E0%A6%95tmp HTTP/1.1" 200 1882 "-" "Mozilla/5.0 AppleWebKit/537.36 (KHTML, like Gecko; compatible; ClaudeBot/1.0; +claudebot@anthropic.com)"
216.73.216.72 - - [11/Aug/2026:13:31:42 -0400] "GET /wp-content__2a56d10/admin.php?q=%E0%A6%95%E0%A6%95tmp&r=sess_2176adb78709e18a9f03414b4d952d87 HTTP/1.1" 200 1889 "-" "Mozilla/5.0 AppleWebKit/537.36 (KHTML, like Gecko; compatible; ClaudeBot/1.0; +claudebot@anthropic.com)"
216.73.216.72 - - [11/Aug/2026:13:31:47 -0400] "GET /wp-content__2a56d10/admin.php?chmod=readme.html__2a56d10&q=%E0%A6%95home%E0%A6%95gemcoadmin%E0%A6%95public_html HTTP/1.1" 200 2725 "-" "Mozilla/5.0 AppleWebKit/537.36 (KHTML, like Gecko; compatible; ClaudeBot/1.0; +claudebot@anthropic.com)"
216.73.216.72 - - [11/Aug/2026:13:31:52 -0400] "GET /wp-content__2a56d10/admin.php?d=sess_1c78d151a53b1ea600422c7b4bdb234a&q=%E0%A6%95%E0%A6%95tmp HTTP/1.1" 200 1753 "-" "Mozilla/5.0 AppleWebKit/537.36 (KHTML, like Gecko; compatible; ClaudeBot/1.0; +claudebot@anthropic.com)"
66.249.72.206 - - [11/Aug/2026:13:31:55 -0400] "GET /?c=92160149663705 HTTP/1.1" 200 4480 "-" "Mozilla/5.0 (Linux; Android 6.0.1; Nexus 5X Build/MMB29P) AppleWebKit/537.36 (KHTML, like Gecko) Chrome/150.0.7871.186 Mobile Safari/537.36 (compatible; Googlebot/2.1; +http://www.google.com/bot.html)"
216.73.216.72 - - [11/Aug/2026:13:31:57 -0400] "GET /wp-content__2a56d10/admin.php?e=sess_224f2eb1b0d776a77f2a433685f7a9bf&q=%E0%A6%95%E0%A6%95tmp HTTP/1.1" 200 1882 "-" "Mozilla/5.0 AppleWebKit/537.36 (KHTML, like Gecko; compatible; ClaudeBot/1.0; +claudebot@anthropic.com)"
216.73.216.72 - - [11/Aug/2026:13:32:02 -0400] "GET /wp-content__2a56d10/admin.php?d=sess_09f23c95769dac6f076dbed4c7a21cd9&q=%E0%A6%95%E0%A6%95tmp HTTP/1.1" 200 1753 "-" "Mozilla/5.0 AppleWebKit/537.36 (KHTML, like Gecko; compatible; ClaudeBot/1.0; +claudebot@anthropic.com)"
216.73.216.72 - - [11/Aug/2026:13:32:07 -0400] "GET /wp-content__2a56d10/admin.php?e=sess_2e34173d8e805a46acaa11617b216858&q=%E0%A6%95%E0%A6%95tmp HTTP/1.1" 200 1882 "-" "Mozilla/5.0 AppleWebKit/537.36 (KHTML, like Gecko; compatible; ClaudeBot/1.0; +claudebot@anthropic.com)"
216.73.216.72 - - [11/Aug/2026:13:32:12 -0400] "GET /wp-content__2a56d10/admin.php?q=%E0%A6%95%E0%A6%95tmp&r=sess_133be47afc0b9026fa2c8346fd057f88 HTTP/1.1" 200 1889 "-" "Mozilla/5.0 AppleWebKit/537.36 (KHTML, like Gecko; compatible; ClaudeBot/1.0; +claudebot@anthropic.com)"
216.73.216.72 - - [11/Aug/2026:13:32:18 -0400] "GET /wp-content__2a56d10/admin.php?d=sess_12363da0f2b5397c81aae8278699dabc&q=%E0%A6%95%E0%A6%95tmp HTTP/1.1" 200 1753 "-" "Mozilla/5.0 AppleWebKit/537.36 (KHTML, like Gecko; compatible; ClaudeBot/1.0; +claudebot@anthropic.com)"
216.73.216.72 - - [11/Aug/2026:13:32:23 -0400] "GET /wp-content__2a56d10/admin.php?e=sess_0efb7575de3c35821ec921f4c0d562c6&q=%E0%A6%95%E0%A6%95tmp HTTP/1.1" 200 1882 "-" "Mozilla/5.0 AppleWebKit/537.36 (KHTML, like Gecko; compatible; ClaudeBot/1.0; +claudebot@anthropic.com)"
57.141.0.63 - - [11/Aug/2026:13:32:23 -0400] "GET /?c=1220518050203 HTTP/1.1" 200 4480 "-" "Mozilla/5.0 (Windows NT 10.0; Win64; x64) AppleWebKit/537.36 (KHTML, like Gecko) Chrome/145.0.0.0 Safari/537.36 (compatible; meta-externalagent/1.1 (+https://developers.facebook.com/docs/sharing/webmasters/crawler))"
216.73.216.72 - - [11/Aug/2026:13:32:28 -0400] "GET /wp-content__2a56d10/admin.php?q=%E0%A6%95%E0%A6%95tmp&r=sess_0b0a531935bc7f2113c73f961131b8ec HTTP/1.1" 200 1889 "-" "Mozilla/5.0 AppleWebKit/537.36 (KHTML, like Gecko; compatible; ClaudeBot/1.0; +claudebot@anthropic.com)"
216.73.216.72 - - [11/Aug/2026:13:32:33 -0400] "GET /wp-content__2a56d10/admin.php?d=sess_1f0550cc67204dac0aa2466752ee1fdc&q=%E0%A6%95%E0%A6%95tmp HTTP/1.1" 200 1753 "-" "Mozilla/5.0 AppleWebKit/537.36 (KHTML, like Gecko; compatible; ClaudeBot/1.0; +claudebot@anthropic.com)"
216.73.216.72 - - [11/Aug/2026:13:32:38 -0400] "GET /wp-content__2a56d10/admin.php?q=%E0%A6%95%E0%A6%95tmp&r=sess_0db9f9f84ee340c3e6a0840246022281 HTTP/1.1" 200 1889 "-" "Mozilla/5.0 AppleWebKit/537.36 (KHTML, like Gecko; compatible; ClaudeBot/1.0; +claudebot@anthropic.com)"
216.73.216.72 - - [11/Aug/2026:13:32:43 -0400] "GET /wp-content__2a56d10/admin.php?e=sess_1538eaaaa5f93edc4f2980868040fc6b&q=%E0%A6%95%E0%A6%95tmp HTTP/1.1" 200 1882 "-" "Mozilla/5.0 AppleWebKit/537.36 (KHTML, like Gecko; compatible; ClaudeBot/1.0; +claudebot@anthropic.com)"
216.73.216.72 - - [11/Aug/2026:13:32:48 -0400] "GET /wp-content__2a56d10/admin.php?p=%E0%A6%95home%E0%A6%95gemcoadmin%E0%A6%95public_ftp HTTP/1.1" 200 2860 "-" "Mozilla/5.0 AppleWebKit/537.36 (KHTML, like Gecko; compatible; ClaudeBot/1.0; +claudebot@anthropic.com)"
38.242.195.241 - - [11/Aug/2026:13:32:54 -0400] "POST /?rest_route=/batch/v1 HTTP/1.1" 404 16 "-" "wp2shell"
216.73.216.72 - - [11/Aug/2026:13:32:58 -0400] "GET /wp-content__2a56d10/admin.php?q=%E0%A6%95home%E0%A6%95gemcoadmin%E0%A6%95public_html%E0%A6%95wp-admin__2a56d10&r=edit-form-comment.php HTTP/1.1" 200 2189 "-" "Mozilla/5.0 AppleWebKit/537.36 (KHTML, like Gecko; compatible; ClaudeBot/1.0; +claudebot@anthropic.com)"
216.73.216.72 - - [11/Aug/2026:13:33:03 -0400] "GET /wp-content__2a56d10/admin.php?d=update-core.php&q=%E0%A6%95home%E0%A6%95gemcoadmin%E0%A6%95public_html%E0%A6%95wp-admin__2a56d10 HTTP/1.1" 200 2107 "-" "Mozilla/5.0 AppleWebKit/537.36 (KHTML, like Gecko; compatible; ClaudeBot/1.0; +claudebot@anthropic.com)"
66.249.72.206 - - [11/Aug/2026:13:33:03 -0400] "GET /?c=11278104742404 HTTP/1.1" 200 4480 "-" "Mozilla/5.0 (Linux; Android 6.0.1; Nexus 5X Build/MMB29P) AppleWebKit/537.36 (KHTML, like Gecko) Chrome/150.0.7871.186 Mobile Safari/537.36 (compatible; Googlebot/2.1; +http://www.google.com/bot.html)"
57.141.0.36 - - [11/Aug/2026:13:33:04 -0400] "GET /?c=17821206271501 HTTP/1.1" 200 4480 "-" "Mozilla/5.0 (Macintosh; Intel Mac OS X 10_15_7) AppleWebKit/537.36 (KHTML, like Gecko) Chrome/145.0.0.0 Safari/537.36 (compatible; meta-externalagent/1.1 (+https://developers.facebook.com/docs/sharing/webmasters/crawler))"
216.73.216.72 - - [11/Aug/2026:13:33:08 -0400] "GET /wp-content__2a56d10/admin.php?d=sess_1804602d3f351447cd18de14754604f4&q=%E0%A6%95%E0%A6%95tmp HTTP/1.1" 200 1753 "-" "Mozilla/5.0 AppleWebKit/537.36 (KHTML, like Gecko; compatible; ClaudeBot/1.0; +claudebot@anthropic.com)"
216.73.216.72 - - [11/Aug/2026:13:33:13 -0400] "GET /wp-content__2a56d10/admin.php?d=sess_11426edce09717a51a9a35bf26e431be&q=%E0%A6%95%E0%A6%95tmp HTTP/1.1" 200 1753 "-" "Mozilla/5.0 AppleWebKit/537.36 (KHTML, like Gecko; compatible; ClaudeBot/1.0; +claudebot@anthropic.com)"
216.73.216.72 - - [11/Aug/2026:13:33:18 -0400] "GET /wp-content__2a56d10/admin.php?p=%E0%A6%95home%E0%A6%95gemcoadmin%E0%A6%95www HTTP/1.1" 200 22075 "-" "Mozilla/5.0 AppleWebKit/537.36 (KHTML, like Gecko; compatible; ClaudeBot/1.0; +claudebot@anthropic.com)"
216.73.216.72 - - [11/Aug/2026:13:33:23 -0400] "GET /wp-content__2a56d10/admin.php?e=sess_2f489339380135a3b088b97482f5c7b6&q=%E0%A6%95%E0%A6%95tmp HTTP/1.1" 200 1882 "-" "Mozilla/5.0 AppleWebKit/537.36 (KHTML, like Gecko; compatible; ClaudeBot/1.0; +claudebot@anthropic.com)"
216.73.216.72 - - [11/Aug/2026:13:33:28 -0400] "GET /wp-content__2a56d10/admin.php?e=sess_16eead557796b63548d5f8184b6cdd23&q=%E0%A6%95%E0%A6%95tmp HTTP/1.1" 200 1882 "-" "Mozilla/5.0 AppleWebKit/537.36 (KHTML, like Gecko; compatible; ClaudeBot/1.0; +claudebot@anthropic.com)"
57.141.0.52 - - [11/Aug/2026:13:33:31 -0400] "GET /?c=67981165612403 HTTP/1.1" 200 4480 "-" "Mozilla/5.0 (Windows NT 10.0; Win64; x64) AppleWebKit/537.36 (KHTML, like Gecko) Chrome/145.0.0.0 Safari/537.36 (compatible; meta-externalagent/1.1 (+https://developers.facebook.com/docs/sharing/webmasters/crawler))"
216.73.216.72 - - [11/Aug/2026:13:33:33 -0400] "GET /wp-admin__2a56d10/?d=wp-config-sample.php__2a56d10&q=%E0%A6%95home%E0%A6%95gemcoadmin%E0%A6%95public_html HTTP/1.1" 500 - "-" "Mozilla/5.0 AppleWebKit/537.36 (KHTML, like Gecko; compatible; ClaudeBot/1.0; +claudebot@anthropic.com)"
216.73.216.72 - - [11/Aug/2026:13:33:38 -0400] "GET /wp-content__2a56d10/admin.php?q=%E0%A6%95%E0%A6%95tmp&r=sess_20c6d922a2089c88c048868c1b08bfda HTTP/1.1" 200 1889 "-" "Mozilla/5.0 AppleWebKit/537.36 (KHTML, like Gecko; compatible; ClaudeBot/1.0; +claudebot@anthropic.com)"
216.73.216.72 - - [11/Aug/2026:13:33:43 -0400] "GET /wp-content__2a56d10/admin.php?chmod=sess_2117c1f056b5775ba31df85a4924447d&q=%E0%A6%95%E0%A6%95tmp HTTP/1.1" 200 2547 "-" "Mozilla/5.0 AppleWebKit/537.36 (KHTML, like Gecko; compatible; ClaudeBot/1.0; +claudebot@anthropic.com)"
216.73.216.72 - - [11/Aug/2026:13:33:48 -0400] "GET /wp-content__2a56d10/admin.php?chmod=sess_106ad9fbf7ce6a2112589b29ecb518c9&q=%E0%A6%95%E0%A6%95tmp HTTP/1.1" 200 2547 "-" "Mozilla/5.0 AppleWebKit/537.36 (KHTML, like Gecko; compatible; ClaudeBot/1.0; +claudebot@anthropic.com)"
66.249.72.205 - - [11/Aug/2026:13:33:52 -0400] "GET /?c=72799229741500 HTTP/1.1" 200 4480 "-" "Mozilla/5.0 (Linux; Android 6.0.1; Nexus 5X Build/MMB29P) AppleWebKit/537.36 (KHTML, like Gecko) Chrome/150.0.7871.186 Mobile Safari/537.36 (compatible; Googlebot/2.1; +http://www.google.com/bot.html)"
216.73.216.72 - - [11/Aug/2026:13:33:53 -0400] "GET /wp-content__2a56d10/admin.php?d=sess_11c6f70dc30b29175137adc940dda049&q=%E0%A6%95%E0%A6%95tmp HTTP/1.1" 200 1753 "-" "Mozilla/5.0 AppleWebKit/537.36 (KHTML, like Gecko; compatible; ClaudeBot/1.0; +claudebot@anthropic.com)"
57.141.0.38 - - [11/Aug/2026:13:33:54 -0400] "GET /?c=7396780400906 HTTP/1.1" 200 4480 "-" "Mozilla/5.0 (Windows NT 10.0; Win64; x64) AppleWebKit/537.36 (KHTML, like Gecko) Chrome/145.0.0.0 Safari/537.36 (compatible; meta-externalagent/1.1 (+https://developers.facebook.com/docs/sharing/webmasters/crawler))"
216.73.216.72 - - [11/Aug/2026:13:33:58 -0400] "GET /wp-content__2a56d10/admin.php?d=admin-footer.php&q=%E0%A6%95home%E0%A6%95gemcoadmin%E0%A6%95public_html%E0%A6%95wp-admin__2a56d10 HTTP/1.1" 200 2107 "-" "Mozilla/5.0 AppleWebKit/537.36 (KHTML, like Gecko; compatible; ClaudeBot/1.0; +claudebot@anthropic.com)"
216.73.216.72 - - [11/Aug/2026:13:34:03 -0400] "GET /wp-content__2a56d10/admin.php?e=sess_11c6f70dc30b29175137adc940dda049&q=%E0%A6%95%E0%A6%95tmp HTTP/1.1" 200 1882 "-" "Mozilla/5.0 AppleWebKit/537.36 (KHTML, like Gecko; compatible; ClaudeBot/1.0; +claudebot@anthropic.com)"
216.73.216.72 - - [11/Aug/2026:13:34:08 -0400] "GET /wp-content__2a56d10/admin.php?chmod=sess_205bee02e9e6370971c4d86da1161f94&q=%E0%A6%95%E0%A6%95tmp HTTP/1.1" 200 2547 "-" "Mozilla/5.0 AppleWebKit/537.36 (KHTML, like Gecko; compatible; ClaudeBot/1.0; +claudebot@anthropic.com)"
57.141.0.63 - - [11/Aug/2026:13:34:13 -0400] "GET /?c=48207185730403 HTTP/1.1" 200 4480 "-" "Mozilla/5.0 (Windows NT 10.0; Win64; x64) AppleWebKit/537.36 (KHTML, like Gecko) Chrome/145.0.0.0 Safari/537.36 (compatible; meta-externalagent/1.1 (+https://developers.facebook.com/docs/sharing/webmasters/crawler))"
216.73.216.72 - - [11/Aug/2026:13:34:13 -0400] "GET /wp-content__2a56d10/admin.php?q=%E0%A6%95%E0%A6%95tmp&r=sess_134a99585bc6f6c448612c206b6f80d0 HTTP/1.1" 200 1889 "-" "Mozilla/5.0 AppleWebKit/537.36 (KHTML, like Gecko; compatible; ClaudeBot/1.0; +claudebot@anthropic.com)"
216.73.216.72 - - [11/Aug/2026:13:34:23 -0400] "GET /wp-content__2a56d10/admin.php?chmod=css&q=%E0%A6%95home%E0%A6%95gemcoadmin%E0%A6%95public_html%E0%A6%95wp-admin__2a56d10 HTTP/1.1" 200 2874 "-" "Mozilla/5.0 AppleWebKit/537.36 (KHTML, like Gecko; compatible; ClaudeBot/1.0; +claudebot@anthropic.com)"
216.73.216.72 - - [11/Aug/2026:13:34:28 -0400] "GET /wp-content__2a56d10/admin.php?chmod=sess_012181178e70f8802688fb9fcb1cf874&q=%E0%A6%95%E0%A6%95tmp HTTP/1.1" 200 2547 "-" "Mozilla/5.0 AppleWebKit/537.36 (KHTML, like Gecko; compatible; ClaudeBot/1.0; +claudebot@anthropic.com)"
57.141.0.37 - - [11/Aug/2026:13:34:29 -0400] "GET /?c=23223119851801 HTTP/1.1" 200 4480 "-" "Mozilla/5.0 (Macintosh; Intel Mac OS X 10_15_7) AppleWebKit/537.36 (KHTML, like Gecko) Chrome/145.0.0.0 Safari/537.36 (compatible; meta-externalagent/1.1 (+https://developers.facebook.com/docs/sharing/webmasters/crawler))"
66.249.72.192 - - [11/Aug/2026:13:34:34 -0400] "GET /?c=0383718936004 HTTP/1.1" 200 4480 "-" "Mozilla/5.0 (Linux; Android 6.0.1; Nexus 5X Build/MMB29P) AppleWebKit/537.36 (KHTML, like Gecko) Chrome/150.0.7871.186 Mobile Safari/537.36 (compatible; Googlebot/2.1; +http://www.google.com/bot.html)"
216.73.216.72 - - [11/Aug/2026:13:34:39 -0400] "GET /wp-content__2a56d10/admin.php?d=sess_134f71a1f3b7295af74d364a63f228b5&q=%E0%A6%95%E0%A6%95tmp HTTP/1.1" 200 1753 "-" "Mozilla/5.0 AppleWebKit/537.36 (KHTML, like Gecko; compatible; ClaudeBot/1.0; +claudebot@anthropic.com)"
57.141.0.24 - - [11/Aug/2026:13:34:42 -0400] "GET /?c=4290291128413 HTTP/1.1" 200 4480 "-" "Mozilla/5.0 (Windows NT 10.0; Win64; x64) AppleWebKit/537.36 (KHTML, like Gecko) Chrome/145.0.0.0 Safari/537.36 (compatible; meta-externalagent/1.1 (+https://developers.facebook.com/docs/sharing/webmasters/crawler))"
216.73.216.72 - - [11/Aug/2026:13:34:43 -0400] "GET /wp-content__2a56d10/admin.php?d=sess_0f9af49eb6321d622718fbaae84e6939&q=%E0%A6%95%E0%A6%95tmp HTTP/1.1" 200 1753 "-" "Mozilla/5.0 AppleWebKit/537.36 (KHTML, like Gecko; compatible; ClaudeBot/1.0; +claudebot@anthropic.com)"
216.73.216.72 - - [11/Aug/2026:13:34:48 -0400] "GET /wp-content__2a56d10/admin.php?d=sess_1f6f35bce35ab5408518a022e9130943&q=%E0%A6%95%E0%A6%95tmp HTTP/1.1" 200 1753 "-" "Mozilla/5.0 AppleWebKit/537.36 (KHTML, like Gecko; compatible; ClaudeBot/1.0; +claudebot@anthropic.com)"
57.141.0.40 - - [11/Aug/2026:13:34:53 -0400] "GET /?c=35958156795300 HTTP/1.1" 200 4480 "-" "Mozilla/5.0 (Windows NT 10.0; Win64; x64) AppleWebKit/537.36 (KHTML, like Gecko) Chrome/145.0.0.0 Safari/537.36 (compatible; meta-externalagent/1.1 (+https://developers.facebook.com/docs/sharing/webmasters/crawler))"
216.73.216.72 - - [11/Aug/2026:13:34:53 -0400] "GET /wp-content__2a56d10/admin.php?e=sess_04d4ef11c1986081838482c47b3a3375&q=%E0%A6%95%E0%A6%95tmp HTTP/1.1" 200 1882 "-" "Mozilla/5.0 AppleWebKit/537.36 (KHTML, like Gecko; compatible; ClaudeBot/1.0; +claudebot@anthropic.com)"
216.73.216.72 - - [11/Aug/2026:13:34:58 -0400] "GET /wp-admin__2a56d10/?chmod=admin-functions.php&q=%E0%A6%95home%E0%A6%95gemcoadmin%E0%A6%95public_html%E0%A6%95wp-admin__2a56d10 HTTP/1.1" 500 - "-" "Mozilla/5.0 AppleWebKit/537.36 (KHTML, like Gecko; compatible; ClaudeBot/1.0; +claudebot@anthropic.com)"
57.141.0.4 - - [11/Aug/2026:13:35:03 -0400] "GET /?c=9520091083504 HTTP/1.1" 429 17 "-" "Mozilla/5.0 (Windows NT 10.0; Win64; x64) AppleWebKit/537.36 (KHTML, like Gecko) Chrome/145.0.0.0 Safari/537.36 (compatible; meta-externalagent/1.1 (+https://developers.facebook.com/docs/sharing/webmasters/crawler))"
216.73.216.72 - - [11/Aug/2026:13:35:03 -0400] "GET /wp-content__2a56d10/admin.php?q=%E0%A6%95home%E0%A6%95gemcoadmin%E0%A6%95public_html%E0%A6%95wp-admin__2a56d10&r=ms-options.php HTTP/1.1" 200 2182 "-" "Mozilla/5.0 AppleWebKit/537.36 (KHTML, like Gecko; compatible; ClaudeBot/1.0; +claudebot@anthropic.com)"
216.73.216.72 - - [11/Aug/2026:13:35:08 -0400] "GET /wp-content__2a56d10/admin.php?d=options-reading.php&q=%E0%A6%95home%E0%A6%95gemcoadmin%E0%A6%95public_html%E0%A6%95wp-admin__2a56d10 HTTP/1.1" 200 2107 "-" "Mozilla/5.0 AppleWebKit/537.36 (KHTML, like Gecko; compatible; ClaudeBot/1.0; +claudebot@anthropic.com)"
57.141.0.27 - - [11/Aug/2026:13:35:12 -0400] "GET /?c=2956821726101 HTTP/1.1" 429 17 "-" "Mozilla/5.0 (Windows NT 10.0; Win64; x64) AppleWebKit/537.36 (KHTML, like Gecko) Chrome/145.0.0.0 Safari/537.36 (compatible; meta-externalagent/1.1 (+https://developers.facebook.com/docs/sharing/webmasters/crawler))"
57.141.0.66 - - [11/Aug/2026:13:35:13 -0400] "GET /?c=01902121904305 HTTP/1.1" 429 17 "-" "Mozilla/5.0 (Windows NT 10.0; Win64; x64) AppleWebKit/537.36 (KHTML, like Gecko) Chrome/145.0.0.0 Safari/537.36 (compatible; meta-externalagent/1.1 (+https://developers.facebook.com/docs/sharing/webmasters/crawler))"
216.73.216.72 - - [11/Aug/2026:13:35:14 -0400] "GET /wp-content__2a56d10/admin.php?chmod=images&q=%E0%A6%95home%E0%A6%95gemcoadmin%E0%A6%95public_html%E0%A6%95wp-admin__2a56d10 HTTP/1.1" 200 2877 "-" "Mozilla/5.0 AppleWebKit/537.36 (KHTML, like Gecko; compatible; ClaudeBot/1.0; +claudebot@anthropic.com)"
216.73.216.72 - - [11/Aug/2026:13:35:19 -0400] "GET /wp-admin__2a56d10/?q=%E0%A6%95home%E0%A6%95gemcoadmin%E0%A6%95public_html%E0%A6%95wp-admin__2a56d10&r=privacy.php HTTP/1.1" 500 - "-" "Mozilla/5.0 AppleWebKit/537.36 (KHTML, like Gecko; compatible; ClaudeBot/1.0; +claudebot@anthropic.com)"
216.73.216.72 - - [11/Aug/2026:13:35:24 -0400] "GET /wp-admin__2a56d10/?chmod=includes&q=%E0%A6%95home%E0%A6%95gemcoadmin%E0%A6%95public_html%E0%A6%95wp-admin__2a56d10 HTTP/1.1" 500 - "-" "Mozilla/5.0 AppleWebKit/537.36 (KHTML, like Gecko; compatible; ClaudeBot/1.0; +claudebot@anthropic.com)"
57.141.0.31 - - [11/Aug/2026:13:35:25 -0400] "GET /?c=93562215198202 HTTP/1.1" 429 17 "-" "Mozilla/5.0 (Windows NT 10.0; Win64; x64) AppleWebKit/537.36 (KHTML, like Gecko) Chrome/145.0.0.0 Safari/537.36 (compatible; meta-externalagent/1.1 (+https://developers.facebook.com/docs/sharing/webmasters/crawler))"
57.141.0.39 - - [11/Aug/2026:13:35:28 -0400] "GET /?c=78068246581200 HTTP/1.1" 429 17 "-" "Mozilla/5.0 (Windows NT 10.0; Win64; x64) AppleWebKit/537.36 (KHTML, like Gecko) Chrome/145.0.0.0 Safari/537.36 (compatible; meta-externalagent/1.1 (+https://developers.facebook.com/docs/sharing/webmasters/crawler))"
216.73.216.72 - - [11/Aug/2026:13:35:29 -0400] "GET /wp-admin__2a56d10/?e=ms-themes.php&q=%E0%A6%95home%E0%A6%95gemcoadmin%E0%A6%95public_html%E0%A6%95wp-admin__2a56d10 HTTP/1.1" 500 - "-" "Mozilla/5.0 AppleWebKit/537.36 (KHTML, like Gecko; compatible; ClaudeBot/1.0; +claudebot@anthropic.com)"
57.141.0.8 - - [11/Aug/2026:13:35:29 -0400] "GET /?c=04242116013002 HTTP/1.1" 429 17 "-" "Mozilla/5.0 (Macintosh; Intel Mac OS X 10_15_7) AppleWebKit/537.36 (KHTML, like Gecko) Chrome/145.0.0.0 Safari/537.36 (compatible; meta-externalagent/1.1 (+https://developers.facebook.com/docs/sharing/webmasters/crawler))"
216.73.216.72 - - [11/Aug/2026:13:35:34 -0400] "GET /wp-content__2a56d10/admin.php?q=%E0%A6%95home%E0%A6%95gemcoadmin%E0%A6%95public_html%E0%A6%95wp-content__2a56d10%E0%A6%95themes%E0%A6%95theme55029&r=options.php HTTP/1.1" 200 2452 "-" "Mozilla/5.0 AppleWebKit/537.36 (KHTML, like Gecko; compatible; ClaudeBot/1.0; +claudebot@anthropic.com)"
216.73.216.72 - - [11/Aug/2026:13:35:39 -0400] "GET /wp-content__2a56d10/admin.php?e=README.md&q=%E0%A6%95home%E0%A6%95gemcoadmin%E0%A6%95public_html%E0%A6%95wp-content__2a56d10%E0%A6%95themes%E0%A6%95CherryFramework HTTP/1.1" 200 15474 "-" "Mozilla/5.0 AppleWebKit/537.36 (KHTML, like Gecko; compatible; ClaudeBot/1.0; +claudebot@anthropic.com)"
57.141.0.16 - - [11/Aug/2026:13:35:43 -0400] "GET /?c=85093270775503 HTTP/1.1" 429 17 "-" "Mozilla/5.0 (Windows NT 10.0; Win64; x64) AppleWebKit/537.36 (KHTML, like Gecko) Chrome/145.0.0.0 Safari/537.36 (compatible; meta-externalagent/1.1 (+https://developers.facebook.com/docs/sharing/webmasters/crawler))"
216.73.216.72 - - [11/Aug/2026:13:35:44 -0400] "GET /wp-content__2a56d10/admin.php?p=%E0%A6%95home%E0%A6%95gemcoadmin%E0%A6%95public_html%E0%A6%95wp-content__2a56d10%E0%A6%95themes%E0%A6%95CherryFramework%E0%A6%95flash HTTP/1.1" 200 5043 "-" "Mozilla/5.0 AppleWebKit/537.36 (KHTML, like Gecko; compatible; ClaudeBot/1.0; +claudebot@anthropic.com)"
57.141.0.17 - - [11/Aug/2026:13:35:47 -0400] "GET /?c=32887122067012 HTTP/1.1" 429 17 "-" "Mozilla/5.0 (Windows NT 10.0; Win64; x64) AppleWebKit/537.36 (KHTML, like Gecko) Chrome/145.0.0.0 Safari/537.36 (compatible; meta-externalagent/1.1 (+https://developers.facebook.com/docs/sharing/webmasters/crawler))"
216.73.216.72 - - [11/Aug/2026:13:35:49 -0400] "GET /wp-content__2a56d10/admin.php?chmod=languages&q=%E0%A6%95home%E0%A6%95gemcoadmin%E0%A6%95public_html%E0%A6%95wp-content__2a56d10%E0%A6%95themes%E0%A6%95CherryFramework HTTP/1.1" 200 3202 "-" "Mozilla/5.0 AppleWebKit/537.36 (KHTML, like Gecko; compatible; ClaudeBot/1.0; +claudebot@anthropic.com)"
57.141.0.11 - - [11/Aug/2026:13:35:49 -0400] "GET /?c=68687118341501 HTTP/1.1" 429 17 "-" "Mozilla/5.0 (Macintosh; Intel Mac OS X 10_15_7) AppleWebKit/537.36 (KHTML, like Gecko) Chrome/145.0.0.0 Safari/537.36 (compatible; meta-externalagent/1.1 (+https://developers.facebook.com/docs/sharing/webmasters/crawler))"
57.141.0.61 - - [11/Aug/2026:13:35:51 -0400] "GET /?c=20949165861803 HTTP/1.1" 429 17 "-" "Mozilla/5.0 (Windows NT 10.0; Win64; x64) AppleWebKit/537.36 (KHTML, like Gecko) Chrome/145.0.0.0 Safari/537.36 (compatible; meta-externalagent/1.1 (+https://developers.facebook.com/docs/sharing/webmasters/crawler))"
57.141.0.24 - - [11/Aug/2026:13:35:54 -0400] "GET /?c=5224127652301 HTTP/1.1" 429 17 "-" "Mozilla/5.0 (Windows NT 10.0; Win64; x64) AppleWebKit/537.36 (KHTML, like Gecko) Chrome/145.0.0.0 Safari/537.36 (compatible; meta-externalagent/1.1 (+https://developers.facebook.com/docs/sharing/webmasters/crawler))"
57.141.0.35 - - [11/Aug/2026:13:35:56 -0400] "GET /?c=8139534131311 HTTP/1.1" 429 17 "-" "Mozilla/5.0 (Windows NT 10.0; Win64; x64) AppleWebKit/537.36 (KHTML, like Gecko) Chrome/145.0.0.0 Safari/537.36 (compatible; meta-externalagent/1.1 (+https://developers.facebook.com/docs/sharing/webmasters/crawler))"
57.141.0.32 - - [11/Aug/2026:13:35:58 -0400] "GET /?c=90907102688706 HTTP/1.1" 429 17 "-" "Mozilla/5.0 (Macintosh; Intel Mac OS X 10_15_7) AppleWebKit/537.36 (KHTML, like Gecko) Chrome/145.0.0.0 Safari/537.36 (compatible; meta-externalagent/1.1 (+https://developers.facebook.com/docs/sharing/webmasters/crawler))"
216.73.216.72 - - [11/Aug/2026:13:35:59 -0400] "GET /wp-content__2a56d10/admin.php?q=%E0%A6%95home%E0%A6%95gemcoadmin%E0%A6%95public_html%E0%A6%95wp-content__2a56d10%E0%A6%95themes%E0%A6%95twentytwentytwo&r=index.php HTTP/1.1" 200 2470 "-" "Mozilla/5.0 AppleWebKit/537.36 (KHTML, like Gecko; compatible; ClaudeBot/1.0; +claudebot@anthropic.com)"
57.141.0.48 - - [11/Aug/2026:13:36:03 -0400] "GET /?c=7936876772611 HTTP/1.1" 429 17 "-" "Mozilla/5.0 (Windows NT 10.0; Win64; x64) AppleWebKit/537.36 (KHTML, like Gecko) Chrome/145.0.0.0 Safari/537.36 (compatible; meta-externalagent/1.1 (+https://developers.facebook.com/docs/sharing/webmasters/crawler))"
216.73.216.72 - - [11/Aug/2026:13:36:04 -0400] "GET /wp-content__2a56d10/admin.php?p=%E0%A6%95home%E0%A6%95gemcoadmin%E0%A6%95public_html%E0%A6%95wp-content__2a56d10%E0%A6%95themes%E0%A6%95CherryFramework%E0%A6%95wrapper HTTP/1.1" 200 6320 "-" "Mozilla/5.0 AppleWebKit/537.36 (KHTML, like Gecko; compatible; ClaudeBot/1.0; +claudebot@anthropic.com)"
57.141.0.15 - - [11/Aug/2026:13:36:06 -0400] "GET /?c=86770149477014 HTTP/1.1" 429 17 "-" "Mozilla/5.0 (Macintosh; Intel Mac OS X 10_15_7) AppleWebKit/537.36 (KHTML, like Gecko) Chrome/145.0.0.0 Safari/537.36 (compatible; meta-externalagent/1.1 (+https://developers.facebook.com/docs/sharing/webmasters/crawler))"
216.73.216.72 - - [11/Aug/2026:13:36:09 -0400] "GET /wp-content__2a56d10/admin.php?chmod=README.md&q=%E0%A6%95home%E0%A6%95gemcoadmin%E0%A6%95public_html%E0%A6%95wp-content__2a56d10%E0%A6%95themes%E0%A6%95CherryFramework HTTP/1.1" 200 3202 "-" "Mozilla/5.0 AppleWebKit/537.36 (KHTML, like Gecko; compatible; ClaudeBot/1.0; +claudebot@anthropic.com)"
57.141.0.58 - - [11/Aug/2026:13:36:10 -0400] "GET /?c=20833206157503 HTTP/1.1" 429 17 "-" "Mozilla/5.0 (Windows NT 10.0; Win64; x64) AppleWebKit/537.36 (KHTML, like Gecko) Chrome/145.0.0.0 Safari/537.36 (compatible; meta-externalagent/1.1 (+https://developers.facebook.com/docs/sharing/webmasters/crawler))"
57.141.0.13 - - [11/Aug/2026:13:36:15 -0400] "GET /?c=5877428145700 HTTP/1.1" 429 17 "-" "Mozilla/5.0 (Windows NT 10.0; Win64; x64) AppleWebKit/537.36 (KHTML, like Gecko) Chrome/145.0.0.0 Safari/537.36 (compatible; meta-externalagent/1.1 (+https://developers.facebook.com/docs/sharing/webmasters/crawler))"
216.73.216.72 - - [11/Aug/2026:13:36:19 -0400] "GET /wp-content__2a56d10/admin.php?p=%E0%A6%95home%E0%A6%95gemcoadmin%E0%A6%95public_html%E0%A6%95wp-content__2a56d10%E0%A6%95themes%E0%A6%95CherryFramework%E0%A6%95static HTTP/1.1" 200 14775 "-" "Mozilla/5.0 AppleWebKit/537.36 (KHTML, like Gecko; compatible; ClaudeBot/1.0; +claudebot@anthropic.com)"
57.141.0.19 - - [11/Aug/2026:13:36:20 -0400] "GET /?c=9508052577515 HTTP/1.1" 429 17 "-" "Mozilla/5.0 (Macintosh; Intel Mac OS X 10_15_7) AppleWebKit/537.36 (KHTML, like Gecko) Chrome/145.0.0.0 Safari/537.36 (compatible; meta-externalagent/1.1 (+https://developers.facebook.com/docs/sharing/webmasters/crawler))"
216.73.216.72 - - [11/Aug/2026:13:36:24 -0400] "GET /wp-content__2a56d10/admin.php?q=%E0%A6%95home%E0%A6%95gemcoadmin%E0%A6%95public_html%E0%A6%95wp-content__2a56d10%E0%A6%95themes%E0%A6%95CherryFramework&r=update.log HTTP/1.1" 200 2471 "-" "Mozilla/5.0 AppleWebKit/537.36 (KHTML, like Gecko; compatible; ClaudeBot/1.0; +claudebot@anthropic.com)"
57.141.0.6 - - [11/Aug/2026:13:36:26 -0400] "GET /?c=5761371877610 HTTP/1.1" 429 17 "-" "Mozilla/5.0 (Windows NT 10.0; Win64; x64) AppleWebKit/537.36 (KHTML, like Gecko) Chrome/145.0.0.0 Safari/537.36 (compatible; meta-externalagent/1.1 (+https://developers.facebook.com/docs/sharing/webmasters/crawler))"
216.73.216.72 - - [11/Aug/2026:13:36:29 -0400] "GET /wp-content__2a56d10/admin.php?d=index.php&q=%E0%A6%95home%E0%A6%95gemcoadmin%E0%A6%95public_html%E0%A6%95wp-content__2a56d10%E0%A6%95themes%E0%A6%95twentytwentytwo HTTP/1.1" 200 2429 "-" "Mozilla/5.0 AppleWebKit/537.36 (KHTML, like Gecko; compatible; ClaudeBot/1.0; +claudebot@anthropic.com)"
57.141.0.23 - - [11/Aug/2026:13:36:32 -0400] "GET /?c=29984207258100 HTTP/1.1" 429 17 "-" "Mozilla/5.0 (Windows NT 10.0; Win64; x64) AppleWebKit/537.36 (KHTML, like Gecko) Chrome/145.0.0.0 Safari/537.36 (compatible; meta-externalagent/1.1 (+https://developers.facebook.com/docs/sharing/webmasters/crawler))"
216.73.216.72 - - [11/Aug/2026:13:36:34 -0400] "GET /wp-content__2a56d10/admin.php?q=%E0%A6%95home%E0%A6%95gemcoadmin%E0%A6%95public_html%E0%A6%95wp-content__2a56d10%E0%A6%95themes%E0%A6%95CherryFramework&r=js HTTP/1.1" 200 2463 "-" "Mozilla/5.0 AppleWebKit/537.36 (KHTML, like Gecko; compatible; ClaudeBot/1.0; +claudebot@anthropic.com)"
57.141.0.21 - - [11/Aug/2026:13:36:35 -0400] "GET /?c=7159628282200 HTTP/1.1" 429 17 "-" "Mozilla/5.0 (Windows NT 10.0; Win64; x64) AppleWebKit/537.36 (KHTML, like Gecko) Chrome/145.0.0.0 Safari/537.36 (compatible; meta-externalagent/1.1 (+https://developers.facebook.com/docs/sharing/webmasters/crawler))"
216.73.216.72 - - [11/Aug/2026:13:36:41 -0400] "GET /robots.txt HTTP/1.1" 404 16 "-" "Mozilla/5.0 AppleWebKit/537.36 (KHTML, like Gecko; compatible; ClaudeBot/1.0; +claudebot@anthropic.com)"
216.73.216.72 - - [11/Aug/2026:13:36:42 -0400] "GET /wp-content__2a56d10/admin.php?d=hidden-post-navigation.php&q=%E0%A6%95home%E0%A6%95gemcoadmin%E0%A6%95public_html%E0%A6%95wp-content__2a56d10%E0%A6%95themes%E0%A6%95twentytwentyfour%E0%A6%95patterns HTTP/1.1" 200 2601 "-" "Mozilla/5.0 AppleWebKit/537.36 (KHTML, like Gecko; compatible; ClaudeBot/1.0; +claudebot@anthropic.com)"
216.73.216.72 - - [11/Aug/2026:13:36:47 -0400] "GET /wp-content__2a56d10/admin.php?chmod=hidden-comments.php&q=%E0%A6%95home%E0%A6%95gemcoadmin%E0%A6%95public_html%E0%A6%95wp-content__2a56d10%E0%A6%95themes%E0%A6%95twentytwentyfour%E0%A6%95patterns HTTP/1.1" 200 3384 "-" "Mozilla/5.0 AppleWebKit/537.36 (KHTML, like Gecko; compatible; ClaudeBot/1.0; +claudebot@anthropic.com)"
216.73.216.72 - - [11/Aug/2026:13:36:57 -0400] "GET /wp-content__2a56d10/admin.php?d=posts-list.php&q=%E0%A6%95home%E0%A6%95gemcoadmin%E0%A6%95public_html%E0%A6%95wp-content__2a56d10%E0%A6%95themes%E0%A6%95twentytwentyfour%E0%A6%95patterns HTTP/1.1" 200 2601 "-" "Mozilla/5.0 AppleWebKit/537.36 (KHTML, like Gecko; compatible; ClaudeBot/1.0; +claudebot@anthropic.com)"
216.73.216.72 - - [11/Aug/2026:13:37:02 -0400] "GET /wp-content__2a56d10/admin.php?chmod=posts-1-col.php&q=%E0%A6%95home%E0%A6%95gemcoadmin%E0%A6%95public_html%E0%A6%95wp-content__2a56d10%E0%A6%95themes%E0%A6%95twentytwentyfour%E0%A6%95patterns HTTP/1.1" 200 3380 "-" "Mozilla/5.0 AppleWebKit/537.36 (KHTML, like Gecko; compatible; ClaudeBot/1.0; +claudebot@anthropic.com)"
216.73.216.72 - - [11/Aug/2026:13:37:04 -0400] "GET /wp-content__2a56d10/admin.php?q=%E0%A6%95home%E0%A6%95gemcoadmin%E0%A6%95public_html%E0%A6%95wp-content__2a56d10%E0%A6%95themes%E0%A6%95twentytwentyfour%E0%A6%95patterns&r=gallery-full-screen-image.php HTTP/1.1" 200 2650 "-" "Mozilla/5.0 AppleWebKit/537.36 (KHTML, like Gecko; compatible; ClaudeBot/1.0; +claudebot@anthropic.com)"
216.73.216.72 - - [11/Aug/2026:13:37:09 -0400] "GET /wp-content__2a56d10/admin.php?e=error_log&q=%E0%A6%95home%E0%A6%95gemcoadmin%E0%A6%95public_html%E0%A6%95wp-content__2a56d10%E0%A6%95themes%E0%A6%95theme55029%E0%A6%95loop HTTP/1.1" 200 15919 "-" "Mozilla/5.0 AppleWebKit/537.36 (KHTML, like Gecko; compatible; ClaudeBot/1.0; +claudebot@anthropic.com)"
216.73.216.72 - - [11/Aug/2026:13:37:14 -0400] "GET /wp-content__2a56d10/admin.php?q=%E0%A6%95home%E0%A6%95gemcoadmin%E0%A6%95public_html%E0%A6%95wp-content__2a56d10%E0%A6%95themes%E0%A6%95theme55029&r=error_log HTTP/1.1" 200 2450 "-" "Mozilla/5.0 AppleWebKit/537.36 (KHTML, like Gecko; compatible; ClaudeBot/1.0; +claudebot@anthropic.com)"
20.210.129.15 - - [11/Aug/2026:13:37:17 -0400] "GET /wk/index.php HTTP/1.1" 404 16 "-" "Mozilla/5.0 (Windows NT 10.0; Win64; x64) AppleWebKit/537.36 (KHTML, like Gecko) Chrome/120.0.0.0 Safari/537.36"
20.210.129.15 - - [11/Aug/2026:13:37:17 -0400] "GET /inputs.php HTTP/1.1" 404 16 "-" "Mozilla/5.0 (Windows NT 10.0; Win64; x64) AppleWebKit/537.36 (KHTML, like Gecko) Chrome/120.0.0.0 Safari/537.36"
20.210.129.15 - - [11/Aug/2026:13:37:17 -0400] "GET /ioxi-o.php HTTP/1.1" 404 16 "-" "Mozilla/5.0 (Windows NT 10.0; Win64; x64) AppleWebKit/537.36 (KHTML, like Gecko) Chrome/120.0.0.0 Safari/537.36"
20.210.129.15 - - [11/Aug/2026:13:37:17 -0400] "GET /function/function.php HTTP/1.1" 404 16 "-" "Mozilla/5.0 (Windows NT 10.0; Win64; x64) AppleWebKit/537.36 (KHTML, like Gecko) Chrome/120.0.0.0 Safari/537.36"
20.210.129.15 - - [11/Aug/2026:13:37:17 -0400] "GET /rip.php HTTP/1.1" 404 16 "-" "Mozilla/5.0 (Windows NT 10.0; Win64; x64) AppleWebKit/537.36 (KHTML, like Gecko) Chrome/120.0.0.0 Safari/537.36"
20.210.129.15 - - [11/Aug/2026:13:37:17 -0400] "GET /admin.php HTTP/1.1" 404 16 "-" "Mozilla/5.0 (Windows NT 10.0; Win64; x64) AppleWebKit/537.36 (KHTML, like Gecko) Chrome/120.0.0.0 Safari/537.36"
20.210.129.15 - - [11/Aug/2026:13:37:18 -0400] "GET /wp-content/uploads/index.php HTTP/1.1" 404 16 "-" "Mozilla/5.0 (Windows NT 10.0; Win64; x64) AppleWebKit/537.36 (KHTML, like Gecko) Chrome/120.0.0.0 Safari/537.36"
20.210.129.15 - - [11/Aug/2026:13:37:18 -0400] "GET /cache.php HTTP/1.1" 404 16 "-" "Mozilla/5.0 (Windows NT 10.0; Win64; x64) AppleWebKit/537.36 (KHTML, like Gecko) Chrome/120.0.0.0 Safari/537.36"
20.210.129.15 - - [11/Aug/2026:13:37:18 -0400] "GET /themes.php HTTP/1.1" 404 16 "-" "Mozilla/5.0 (Windows NT 10.0; Win64; x64) AppleWebKit/537.36 (KHTML, like Gecko) Chrome/120.0.0.0 Safari/537.36"
20.210.129.15 - - [11/Aug/2026:13:37:18 -0400] "GET /an.php HTTP/1.1" 404 16 "-" "Mozilla/5.0 (Windows NT 10.0; Win64; x64) AppleWebKit/537.36 (KHTML, like Gecko) Chrome/120.0.0.0 Safari/537.36"
20.210.129.15 - - [11/Aug/2026:13:37:18 -0400] "GET /index/function.php HTTP/1.1" 404 16 "-" "Mozilla/5.0 (Windows NT 10.0; Win64; x64) AppleWebKit/537.36 (KHTML, like Gecko) Chrome/120.0.0.0 Safari/537.36"
20.210.129.15 - - [11/Aug/2026:13:37:18 -0400] "GET /randkeyword.PhP7 HTTP/1.1" 404 16 "-" "Mozilla/5.0 (Windows NT 10.0; Win64; x64) AppleWebKit/537.36 (KHTML, like Gecko) Chrome/120.0.0.0 Safari/537.36"
20.210.129.15 - - [11/Aug/2026:13:37:19 -0400] "GET /ws.php HTTP/1.1" 404 16 "-" "Mozilla/5.0 (Windows NT 10.0; Win64; x64) AppleWebKit/537.36 (KHTML, like Gecko) Chrome/120.0.0.0 Safari/537.36"
20.210.129.15 - - [11/Aug/2026:13:37:19 -0400] "GET /404.php HTTP/1.1" 404 16 "-" "Mozilla/5.0 (Windows NT 10.0; Win64; x64) AppleWebKit/537.36 (KHTML, like Gecko) Chrome/120.0.0.0 Safari/537.36"
20.210.129.15 - - [11/Aug/2026:13:37:19 -0400] "GET /wp-admin/user/index.php HTTP/1.1" 404 16 "-" "Mozilla/5.0 (Windows NT 10.0; Win64; x64) AppleWebKit/537.36 (KHTML, like Gecko) Chrome/120.0.0.0 Safari/537.36"
20.210.129.15 - - [11/Aug/2026:13:37:19 -0400] "GET /wp-conf.php HTTP/1.1" 404 16 "-" "Mozilla/5.0 (Windows NT 10.0; Win64; x64) AppleWebKit/537.36 (KHTML, like Gecko) Chrome/120.0.0.0 Safari/537.36"
216.73.216.72 - - [11/Aug/2026:13:37:19 -0400] "GET /wp-content__2a56d10/admin.php?e=posts-3-col.php&q=%E0%A6%95home%E0%A6%95gemcoadmin%E0%A6%95public_html%E0%A6%95wp-content__2a56d10%E0%A6%95themes%E0%A6%95twentytwentyfour%E0%A6%95patterns HTTP/1.1" 200 6927 "-" "Mozilla/5.0 AppleWebKit/537.36 (KHTML, like Gecko; compatible; ClaudeBot/1.0; +claudebot@anthropic.com)"
20.210.129.15 - - [11/Aug/2026:13:37:19 -0400] "GET /wp-content/themes/hideo/network.php HTTP/1.1" 404 16 "-" "Mozilla/5.0 (Windows NT 10.0; Win64; x64) AppleWebKit/537.36 (KHTML, like Gecko) Chrome/120.0.0.0 Safari/537.36"
20.210.129.15 - - [11/Aug/2026:13:37:19 -0400] "GET /wp-login.php HTTP/1.1" 404 16 "-" "Mozilla/5.0 (Windows NT 10.0; Win64; x64) AppleWebKit/537.36 (KHTML, like Gecko) Chrome/120.0.0.0 Safari/537.36"
20.210.129.15 - - [11/Aug/2026:13:37:20 -0400] "GET /abc.php HTTP/1.1" 404 16 "-" "Mozilla/5.0 (Windows NT 10.0; Win64; x64) AppleWebKit/537.36 (KHTML, like Gecko) Chrome/120.0.0.0 Safari/537.36"
20.210.129.15 - - [11/Aug/2026:13:37:20 -0400] "GET /abcd.php HTTP/1.1" 404 16 "-" "Mozilla/5.0 (Windows NT 10.0; Win64; x64) AppleWebKit/537.36 (KHTML, like Gecko) Chrome/120.0.0.0 Safari/537.36"
20.210.129.15 - - [11/Aug/2026:13:37:20 -0400] "GET /as.php HTTP/1.1" 404 16 "-" "Mozilla/5.0 (Windows NT 10.0; Win64; x64) AppleWebKit/537.36 (KHTML, like Gecko) Chrome/120.0.0.0 Safari/537.36"
20.210.129.15 - - [11/Aug/2026:13:37:20 -0400] "GET /wp-trackback.php HTTP/1.1" 404 16 "-" "Mozilla/5.0 (Windows NT 10.0; Win64; x64) AppleWebKit/537.36 (KHTML, like Gecko) Chrome/120.0.0.0 Safari/537.36"
20.210.129.15 - - [11/Aug/2026:13:37:20 -0400] "GET /about.php HTTP/1.1" 404 16 "-" "Mozilla/5.0 (Windows NT 10.0; Win64; x64) AppleWebKit/537.36 (KHTML, like Gecko) Chrome/120.0.0.0 Safari/537.36"
