/
home
/
gemcoadmin
/
access-logs
/
New Directory
Upload File
HOME
66.249.72.206 - - [11/Aug/2026:08:13:56 -0400] "GET /?c=97197107195102 HTTP/1.1" 200 5043 "-" "Mozilla/5.0 (Linux; Android 6.0.1; Nexus 5X Build/MMB29P) AppleWebKit/537.36 (KHTML, like Gecko) Chrome/150.0.7871.186 Mobile Safari/537.36 (compatible; Googlebot/2.1; +http://www.google.com/bot.html)"
57.141.0.55 - - [11/Aug/2026:08:14:35 -0400] "GET /?c=15251152995304 HTTP/1.1" 429 17 "-" "Mozilla/5.0 (Windows NT 10.0; Win64; x64) AppleWebKit/537.36 (KHTML, like Gecko) Chrome/145.0.0.0 Safari/537.36 (compatible; meta-externalagent/1.1 (+https://developers.facebook.com/docs/sharing/webmasters/crawler))"
205.210.31.130 - - [11/Aug/2026:08:14:39 -0400] "GET / HTTP/1.1" 200 40915 "-" "Hello from Palo Alto Networks, find out more about our scans in https://docs-cortex.paloaltonetworks.com/r/1/Cortex-Xpanse/Scanning-activity"
57.141.0.53 - - [11/Aug/2026:08:15:43 -0400] "GET /?c=803476202601 HTTP/1.1" 429 17 "-" "Mozilla/5.0 (Macintosh; Intel Mac OS X 10_15_7) AppleWebKit/537.36 (KHTML, like Gecko) Chrome/145.0.0.0 Safari/537.36 (compatible; meta-externalagent/1.1 (+https://developers.facebook.com/docs/sharing/webmasters/crawler))"
66.249.72.192 - - [11/Aug/2026:08:16:27 -0400] "GET /?c=5698819316902 HTTP/1.1" 200 5043 "-" "Mozilla/5.0 (Linux; Android 6.0.1; Nexus 5X Build/MMB29P) AppleWebKit/537.36 (KHTML, like Gecko) Chrome/150.0.7871.186 Mobile Safari/537.36 (compatible; Googlebot/2.1; +http://www.google.com/bot.html)"
57.141.0.69 - - [11/Aug/2026:08:16:49 -0400] "GET /?c=90982263714504 HTTP/1.1" 200 5043 "-" "Mozilla/5.0 (Macintosh; Intel Mac OS X 10_15_7) AppleWebKit/537.36 (KHTML, like Gecko) Chrome/145.0.0.0 Safari/537.36 (compatible; meta-externalagent/1.1 (+https://developers.facebook.com/docs/sharing/webmasters/crawler))"
66.249.72.205 - - [11/Aug/2026:08:17:17 -0400] "GET /?c=0802430318201 HTTP/1.1" 200 5043 "-" "Mozilla/5.0 (Linux; Android 6.0.1; Nexus 5X Build/MMB29P) AppleWebKit/537.36 (KHTML, like Gecko) Chrome/150.0.7871.186 Mobile Safari/537.36 (compatible; Googlebot/2.1; +http://www.google.com/bot.html)"
66.249.72.205 - - [11/Aug/2026:08:17:19 -0400] "GET /?c=82299230307407 HTTP/1.1" 200 5043 "-" "Mozilla/5.0 (Linux; Android 6.0.1; Nexus 5X Build/MMB29P) AppleWebKit/537.36 (KHTML, like Gecko) Chrome/150.0.7871.186 Mobile Safari/537.36 (compatible; Googlebot/2.1; +http://www.google.com/bot.html)"
66.249.72.205 - - [11/Aug/2026:08:17:21 -0400] "GET /?c=14148124989700 HTTP/1.1" 200 5043 "-" "Mozilla/5.0 (Linux; Android 6.0.1; Nexus 5X Build/MMB29P) AppleWebKit/537.36 (KHTML, like Gecko) Chrome/150.0.7871.186 Mobile Safari/537.36 (compatible; Googlebot/2.1; +http://www.google.com/bot.html)"
66.249.72.206 - - [11/Aug/2026:08:17:23 -0400] "GET /?c=58879152331201 HTTP/1.1" 200 5043 "-" "Mozilla/5.0 (Linux; Android 6.0.1; Nexus 5X Build/MMB29P) AppleWebKit/537.36 (KHTML, like Gecko) Chrome/150.0.7871.186 Mobile Safari/537.36 (compatible; Googlebot/2.1; +http://www.google.com/bot.html)"
66.249.72.205 - - [11/Aug/2026:08:17:28 -0400] "GET /?c=9158223805108 HTTP/1.1" 200 5043 "-" "Mozilla/5.0 (Linux; Android 6.0.1; Nexus 5X Build/MMB29P) AppleWebKit/537.36 (KHTML, like Gecko) Chrome/150.0.7871.186 Mobile Safari/537.36 (compatible; Googlebot/2.1; +http://www.google.com/bot.html)"
9.129.58.86 - - [11/Aug/2026:08:17:29 -0400] "GET /?c=73347128445801 HTTP/1.1" 200 5043 "-" "Mozilla/5.0 AppleWebKit/537.36 (KHTML, like Gecko); compatible; ChatGPT-User/1.0; +https://openai.com/bot"
66.249.72.205 - - [11/Aug/2026:08:17:31 -0400] "GET /?c=98102158116200 HTTP/1.1" 200 5043 "-" "Mozilla/5.0 (Linux; Android 6.0.1; Nexus 5X Build/MMB29P) AppleWebKit/537.36 (KHTML, like Gecko) Chrome/150.0.7871.186 Mobile Safari/537.36 (compatible; Googlebot/2.1; +http://www.google.com/bot.html)"
74.7.242.146 - - [11/Aug/2026:08:17:33 -0400] "GET /?c=73347128445801 HTTP/1.1" 200 5043 "-" "Mozilla/5.0 (Macintosh; Intel Mac OS X 10_15_7) AppleWebKit/537.36 (KHTML, like Gecko) Chrome/131.0.0.0 Safari/537.36; compatible; OAI-SearchBot/1.4; +https://openai.com/searchbot"
66.249.72.205 - - [11/Aug/2026:08:17:33 -0400] "GET /?c=46027208807900 HTTP/1.1" 200 5043 "-" "Mozilla/5.0 (Linux; Android 6.0.1; Nexus 5X Build/MMB29P) AppleWebKit/537.36 (KHTML, like Gecko) Chrome/150.0.7871.186 Mobile Safari/537.36 (compatible; Googlebot/2.1; +http://www.google.com/bot.html)"
66.249.72.205 - - [11/Aug/2026:08:17:35 -0400] "GET /?c=12197203705304 HTTP/1.1" 200 5043 "-" "Mozilla/5.0 (Linux; Android 6.0.1; Nexus 5X Build/MMB29P) AppleWebKit/537.36 (KHTML, like Gecko) Chrome/150.0.7871.186 Mobile Safari/537.36 (compatible; Googlebot/2.1; +http://www.google.com/bot.html)"
66.249.72.205 - - [11/Aug/2026:08:17:40 -0400] "GET /?c=5522840953704 HTTP/1.1" 200 5043 "-" "Mozilla/5.0 (Linux; Android 6.0.1; Nexus 5X Build/MMB29P) AppleWebKit/537.36 (KHTML, like Gecko) Chrome/150.0.7871.186 Mobile Safari/537.36 (compatible; Googlebot/2.1; +http://www.google.com/bot.html)"
66.249.72.205 - - [11/Aug/2026:08:17:41 -0400] "GET /?c=8005855870607 HTTP/1.1" 200 5043 "-" "Mozilla/5.0 (Linux; Android 6.0.1; Nexus 5X Build/MMB29P) AppleWebKit/537.36 (KHTML, like Gecko) Chrome/150.0.7871.186 Mobile Safari/537.36 (compatible; Googlebot/2.1; +http://www.google.com/bot.html)"
66.249.72.205 - - [11/Aug/2026:08:17:43 -0400] "GET /?c=0981263645900 HTTP/1.1" 200 5043 "-" "Mozilla/5.0 (Linux; Android 6.0.1; Nexus 5X Build/MMB29P) AppleWebKit/537.36 (KHTML, like Gecko) Chrome/150.0.7871.186 Mobile Safari/537.36 (compatible; Googlebot/2.1; +http://www.google.com/bot.html)"
66.249.72.205 - - [11/Aug/2026:08:17:49 -0400] "GET /?c=13908169344001 HTTP/1.1" 200 5043 "-" "Mozilla/5.0 (Linux; Android 6.0.1; Nexus 5X Build/MMB29P) AppleWebKit/537.36 (KHTML, like Gecko) Chrome/150.0.7871.186 Mobile Safari/537.36 (compatible; Googlebot/2.1; +http://www.google.com/bot.html)"
66.249.72.205 - - [11/Aug/2026:08:17:50 -0400] "GET /?c=41669236872203 HTTP/1.1" 200 5043 "-" "Mozilla/5.0 (Linux; Android 6.0.1; Nexus 5X Build/MMB29P) AppleWebKit/537.36 (KHTML, like Gecko) Chrome/150.0.7871.186 Mobile Safari/537.36 (compatible; Googlebot/2.1; +http://www.google.com/bot.html)"
66.249.72.205 - - [11/Aug/2026:08:17:54 -0400] "GET /?c=3677825645900 HTTP/1.1" 200 5043 "-" "Mozilla/5.0 (Linux; Android 6.0.1; Nexus 5X Build/MMB29P) AppleWebKit/537.36 (KHTML, like Gecko) Chrome/150.0.7871.186 Mobile Safari/537.36 (compatible; Googlebot/2.1; +http://www.google.com/bot.html)"
57.141.0.55 - - [11/Aug/2026:08:17:55 -0400] "GET /?c=27644234453400 HTTP/1.1" 200 5043 "-" "Mozilla/5.0 (X11; Linux x86_64) AppleWebKit/537.36 (KHTML, like Gecko) Chrome/145.0.0.0 Safari/537.36 (compatible; meta-externalagent/1.1 (+https://developers.facebook.com/docs/sharing/webmasters/crawler))"
66.249.72.205 - - [11/Aug/2026:08:17:55 -0400] "GET /?c=30622125143901 HTTP/1.1" 200 5043 "-" "Mozilla/5.0 (Linux; Android 6.0.1; Nexus 5X Build/MMB29P) AppleWebKit/537.36 (KHTML, like Gecko) Chrome/150.0.7871.186 Mobile Safari/537.36 (compatible; Googlebot/2.1; +http://www.google.com/bot.html)"
66.249.72.205 - - [11/Aug/2026:08:17:57 -0400] "GET /?c=17921229372109 HTTP/1.1" 200 5043 "-" "Mozilla/5.0 (Linux; Android 6.0.1; Nexus 5X Build/MMB29P) AppleWebKit/537.36 (KHTML, like Gecko) Chrome/150.0.7871.186 Mobile Safari/537.36 (compatible; Googlebot/2.1; +http://www.google.com/bot.html)"
66.249.72.205 - - [11/Aug/2026:08:18:02 -0400] "GET /?c=9879676590200 HTTP/1.1" 200 5043 "-" "Mozilla/5.0 (Linux; Android 6.0.1; Nexus 5X Build/MMB29P) AppleWebKit/537.36 (KHTML, like Gecko) Chrome/150.0.7871.186 Mobile Safari/537.36 (compatible; Googlebot/2.1; +http://www.google.com/bot.html)"
66.249.72.205 - - [11/Aug/2026:08:18:05 -0400] "GET /?c=1175210597901 HTTP/1.1" 200 5043 "-" "Mozilla/5.0 (Linux; Android 6.0.1; Nexus 5X Build/MMB29P) AppleWebKit/537.36 (KHTML, like Gecko) Chrome/150.0.7871.186 Mobile Safari/537.36 (compatible; Googlebot/2.1; +http://www.google.com/bot.html)"
66.249.72.205 - - [11/Aug/2026:08:18:09 -0400] "GET /?c=82639112694702 HTTP/1.1" 200 5043 "-" "Mozilla/5.0 (Linux; Android 6.0.1; Nexus 5X Build/MMB29P) AppleWebKit/537.36 (KHTML, like Gecko) Chrome/150.0.7871.186 Mobile Safari/537.36 (compatible; Googlebot/2.1; +http://www.google.com/bot.html)"
66.249.72.205 - - [11/Aug/2026:08:18:12 -0400] "GET /?c=428674649103 HTTP/1.1" 200 5043 "-" "Mozilla/5.0 (Linux; Android 6.0.1; Nexus 5X Build/MMB29P) AppleWebKit/537.36 (KHTML, like Gecko) Chrome/150.0.7871.186 Mobile Safari/537.36 (compatible; Googlebot/2.1; +http://www.google.com/bot.html)"
66.249.72.205 - - [11/Aug/2026:08:18:16 -0400] "GET /?c=13589116636308 HTTP/1.1" 200 5043 "-" "Mozilla/5.0 (Linux; Android 6.0.1; Nexus 5X Build/MMB29P) AppleWebKit/537.36 (KHTML, like Gecko) Chrome/150.0.7871.186 Mobile Safari/537.36 (compatible; Googlebot/2.1; +http://www.google.com/bot.html)"
66.249.72.205 - - [11/Aug/2026:08:18:18 -0400] "GET /?c=87132124747900 HTTP/1.1" 200 5043 "-" "Mozilla/5.0 (Linux; Android 6.0.1; Nexus 5X Build/MMB29P) AppleWebKit/537.36 (KHTML, like Gecko) Chrome/150.0.7871.186 Mobile Safari/537.36 (compatible; Googlebot/2.1; +http://www.google.com/bot.html)"
66.249.72.205 - - [11/Aug/2026:08:18:23 -0400] "GET /?c=47975209664008 HTTP/1.1" 200 5043 "-" "Mozilla/5.0 (Linux; Android 6.0.1; Nexus 5X Build/MMB29P) AppleWebKit/537.36 (KHTML, like Gecko) Chrome/150.0.7871.186 Mobile Safari/537.36 (compatible; Googlebot/2.1; +http://www.google.com/bot.html)"
66.249.72.205 - - [11/Aug/2026:08:18:28 -0400] "GET /?c=10968154082104 HTTP/1.1" 200 5043 "-" "Mozilla/5.0 (Linux; Android 6.0.1; Nexus 5X Build/MMB29P) AppleWebKit/537.36 (KHTML, like Gecko) Chrome/150.0.7871.186 Mobile Safari/537.36 (compatible; Googlebot/2.1; +http://www.google.com/bot.html)"
66.249.72.205 - - [11/Aug/2026:08:18:30 -0400] "GET /?c=32517155496403 HTTP/1.1" 200 5043 "-" "Mozilla/5.0 (Linux; Android 6.0.1; Nexus 5X Build/MMB29P) AppleWebKit/537.36 (KHTML, like Gecko) Chrome/150.0.7871.186 Mobile Safari/537.36 (compatible; Googlebot/2.1; +http://www.google.com/bot.html)"
66.249.72.205 - - [11/Aug/2026:08:18:31 -0400] "GET /?c=19098233856001 HTTP/1.1" 200 5043 "-" "Mozilla/5.0 (Linux; Android 6.0.1; Nexus 5X Build/MMB29P) AppleWebKit/537.36 (KHTML, like Gecko) Chrome/150.0.7871.186 Mobile Safari/537.36 (compatible; Googlebot/2.1; +http://www.google.com/bot.html)"
66.249.72.205 - - [11/Aug/2026:08:18:32 -0400] "GET /?c=08472279370513 HTTP/1.1" 200 5043 "-" "Mozilla/5.0 (Linux; Android 6.0.1; Nexus 5X Build/MMB29P) AppleWebKit/537.36 (KHTML, like Gecko) Chrome/150.0.7871.186 Mobile Safari/537.36 (compatible; Googlebot/2.1; +http://www.google.com/bot.html)"
66.249.72.205 - - [11/Aug/2026:08:18:34 -0400] "GET /?c=6422364800703 HTTP/1.1" 200 5043 "-" "Mozilla/5.0 (Linux; Android 6.0.1; Nexus 5X Build/MMB29P) AppleWebKit/537.36 (KHTML, like Gecko) Chrome/150.0.7871.186 Mobile Safari/537.36 (compatible; Googlebot/2.1; +http://www.google.com/bot.html)"
66.249.72.205 - - [11/Aug/2026:08:18:35 -0400] "GET /?c=02183214043401 HTTP/1.1" 200 5043 "-" "Mozilla/5.0 (Linux; Android 6.0.1; Nexus 5X Build/MMB29P) AppleWebKit/537.36 (KHTML, like Gecko) Chrome/150.0.7871.186 Mobile Safari/537.36 (compatible; Googlebot/2.1; +http://www.google.com/bot.html)"
57.141.0.61 - - [11/Aug/2026:08:18:36 -0400] "GET /?c=7984977131400 HTTP/1.1" 200 5043 "-" "Mozilla/5.0 (Macintosh; Intel Mac OS X 10_15_7) AppleWebKit/537.36 (KHTML, like Gecko) Chrome/145.0.0.0 Safari/537.36 (compatible; meta-externalagent/1.1 (+https://developers.facebook.com/docs/sharing/webmasters/crawler))"
66.249.72.205 - - [11/Aug/2026:08:18:36 -0400] "GET /?c=121807653906 HTTP/1.1" 200 5043 "-" "Mozilla/5.0 (Linux; Android 6.0.1; Nexus 5X Build/MMB29P) AppleWebKit/537.36 (KHTML, like Gecko) Chrome/150.0.7871.186 Mobile Safari/537.36 (compatible; Googlebot/2.1; +http://www.google.com/bot.html)"
66.249.72.205 - - [11/Aug/2026:08:18:39 -0400] "GET /?c=82740150393805 HTTP/1.1" 200 5043 "-" "Mozilla/5.0 (Linux; Android 6.0.1; Nexus 5X Build/MMB29P) AppleWebKit/537.36 (KHTML, like Gecko) Chrome/150.0.7871.186 Mobile Safari/537.36 (compatible; Googlebot/2.1; +http://www.google.com/bot.html)"
66.249.72.205 - - [11/Aug/2026:08:18:41 -0400] "GET /?c=4833246783504 HTTP/1.1" 200 5043 "-" "Mozilla/5.0 (Linux; Android 6.0.1; Nexus 5X Build/MMB29P) AppleWebKit/537.36 (KHTML, like Gecko) Chrome/150.0.7871.186 Mobile Safari/537.36 (compatible; Googlebot/2.1; +http://www.google.com/bot.html)"
66.249.72.205 - - [11/Aug/2026:08:18:47 -0400] "GET /?c=68219114528306 HTTP/1.1" 200 5043 "-" "Mozilla/5.0 (Linux; Android 6.0.1; Nexus 5X Build/MMB29P) AppleWebKit/537.36 (KHTML, like Gecko) Chrome/150.0.7871.186 Mobile Safari/537.36 (compatible; Googlebot/2.1; +http://www.google.com/bot.html)"
66.249.72.205 - - [11/Aug/2026:08:18:48 -0400] "GET /?c=7528115923202 HTTP/1.1" 200 5043 "-" "Mozilla/5.0 (Linux; Android 6.0.1; Nexus 5X Build/MMB29P) AppleWebKit/537.36 (KHTML, like Gecko) Chrome/150.0.7871.186 Mobile Safari/537.36 (compatible; Googlebot/2.1; +http://www.google.com/bot.html)"
66.249.72.205 - - [11/Aug/2026:08:18:49 -0400] "GET /?c=3127277247500 HTTP/1.1" 200 5043 "-" "Mozilla/5.0 (Linux; Android 6.0.1; Nexus 5X Build/MMB29P) AppleWebKit/537.36 (KHTML, like Gecko) Chrome/150.0.7871.186 Mobile Safari/537.36 (compatible; Googlebot/2.1; +http://www.google.com/bot.html)"
66.249.72.205 - - [11/Aug/2026:08:18:51 -0400] "GET /?c=71374134098301 HTTP/1.1" 200 5043 "-" "Mozilla/5.0 (Linux; Android 6.0.1; Nexus 5X Build/MMB29P) AppleWebKit/537.36 (KHTML, like Gecko) Chrome/150.0.7871.186 Mobile Safari/537.36 (compatible; Googlebot/2.1; +http://www.google.com/bot.html)"
66.249.72.205 - - [11/Aug/2026:08:18:55 -0400] "GET /?c=00085115999703 HTTP/1.1" 200 5043 "-" "Mozilla/5.0 (Linux; Android 6.0.1; Nexus 5X Build/MMB29P) AppleWebKit/537.36 (KHTML, like Gecko) Chrome/150.0.7871.186 Mobile Safari/537.36 (compatible; Googlebot/2.1; +http://www.google.com/bot.html)"
66.249.72.205 - - [11/Aug/2026:08:18:57 -0400] "GET /?c=35519119778209 HTTP/1.1" 200 5043 "-" "Mozilla/5.0 (Linux; Android 6.0.1; Nexus 5X Build/MMB29P) AppleWebKit/537.36 (KHTML, like Gecko) Chrome/150.0.7871.186 Mobile Safari/537.36 (compatible; Googlebot/2.1; +http://www.google.com/bot.html)"
66.249.72.205 - - [11/Aug/2026:08:18:59 -0400] "GET /?c=77287147709600 HTTP/1.1" 200 5043 "-" "Mozilla/5.0 (Linux; Android 6.0.1; Nexus 5X Build/MMB29P) AppleWebKit/537.36 (KHTML, like Gecko) Chrome/150.0.7871.186 Mobile Safari/537.36 (compatible; Googlebot/2.1; +http://www.google.com/bot.html)"
66.249.72.205 - - [11/Aug/2026:08:19:01 -0400] "GET /?c=26230176587003 HTTP/1.1" 200 5043 "-" "Mozilla/5.0 (Linux; Android 6.0.1; Nexus 5X Build/MMB29P) AppleWebKit/537.36 (KHTML, like Gecko) Chrome/150.0.7871.186 Mobile Safari/537.36 (compatible; Googlebot/2.1; +http://www.google.com/bot.html)"
66.249.72.192 - - [11/Aug/2026:08:19:03 -0400] "GET /?c=68601231919700 HTTP/1.1" 200 5043 "-" "Mozilla/5.0 (Linux; Android 6.0.1; Nexus 5X Build/MMB29P) AppleWebKit/537.36 (KHTML, like Gecko) Chrome/150.0.7871.186 Mobile Safari/537.36 (compatible; Googlebot/2.1; +http://www.google.com/bot.html)"
57.141.0.56 - - [11/Aug/2026:08:19:04 -0400] "GET /?c=106993174802 HTTP/1.1" 200 5043 "-" "Mozilla/5.0 (X11; Linux x86_64) AppleWebKit/537.36 (KHTML, like Gecko) Chrome/145.0.0.0 Safari/537.36 (compatible; meta-externalagent/1.1 (+https://developers.facebook.com/docs/sharing/webmasters/crawler))"
57.141.0.24 - - [11/Aug/2026:08:19:27 -0400] "GET /?c=99001275982106 HTTP/1.1" 200 5043 "-" "Mozilla/5.0 (Macintosh; Intel Mac OS X 10_15_7) AppleWebKit/537.36 (KHTML, like Gecko) Chrome/145.0.0.0 Safari/537.36 (compatible; meta-externalagent/1.1 (+https://developers.facebook.com/docs/sharing/webmasters/crawler))"
57.141.0.70 - - [11/Aug/2026:08:19:44 -0400] "GET /?c=5938838520502 HTTP/1.1" 200 5043 "-" "Mozilla/5.0 (Windows NT 10.0; Win64; x64) AppleWebKit/537.36 (KHTML, like Gecko) Chrome/145.0.0.0 Safari/537.36 (compatible; meta-externalagent/1.1 (+https://developers.facebook.com/docs/sharing/webmasters/crawler))"
57.141.0.61 - - [11/Aug/2026:08:20:00 -0400] "GET /?c=8078098835400 HTTP/1.1" 200 5043 "-" "Mozilla/5.0 (Windows NT 10.0; Win64; x64) AppleWebKit/537.36 (KHTML, like Gecko) Chrome/145.0.0.0 Safari/537.36 (compatible; meta-externalagent/1.1 (+https://developers.facebook.com/docs/sharing/webmasters/crawler))"
57.141.0.46 - - [11/Aug/2026:08:20:14 -0400] "GET /?c=24791198338301 HTTP/1.1" 200 5043 "-" "Mozilla/5.0 (Windows NT 10.0; Win64; x64) AppleWebKit/537.36 (KHTML, like Gecko) Chrome/145.0.0.0 Safari/537.36 (compatible; meta-externalagent/1.1 (+https://developers.facebook.com/docs/sharing/webmasters/crawler))"
57.141.0.63 - - [11/Aug/2026:08:20:26 -0400] "GET /?c=17472113515104 HTTP/1.1" 200 5043 "-" "Mozilla/5.0 (Macintosh; Intel Mac OS X 10_15_7) AppleWebKit/537.36 (KHTML, like Gecko) Chrome/145.0.0.0 Safari/537.36 (compatible; meta-externalagent/1.1 (+https://developers.facebook.com/docs/sharing/webmasters/crawler))"
57.141.0.25 - - [11/Aug/2026:08:20:36 -0400] "GET /?c=56029289094502 HTTP/1.1" 429 17 "-" "Mozilla/5.0 (Windows NT 10.0; Win64; x64) AppleWebKit/537.36 (KHTML, like Gecko) Chrome/145.0.0.0 Safari/537.36 (compatible; meta-externalagent/1.1 (+https://developers.facebook.com/docs/sharing/webmasters/crawler))"
66.249.72.192 - - [11/Aug/2026:08:20:45 -0400] "GET /?c=443768181103 HTTP/1.1" 200 5043 "-" "Mozilla/5.0 (Linux; Android 6.0.1; Nexus 5X Build/MMB29P) AppleWebKit/537.36 (KHTML, like Gecko) Chrome/150.0.7871.186 Mobile Safari/537.36 (compatible; Googlebot/2.1; +http://www.google.com/bot.html)"
57.141.0.48 - - [11/Aug/2026:08:20:45 -0400] "GET /?c=323721397502 HTTP/1.1" 429 17 "-" "Mozilla/5.0 (Windows NT 10.0; Win64; x64) AppleWebKit/537.36 (KHTML, like Gecko) Chrome/145.0.0.0 Safari/537.36 (compatible; meta-externalagent/1.1 (+https://developers.facebook.com/docs/sharing/webmasters/crawler))"
57.141.0.64 - - [11/Aug/2026:08:20:47 -0400] "GET /?c=79367251381602 HTTP/1.1" 429 17 "-" "Mozilla/5.0 (Windows NT 10.0; Win64; x64) AppleWebKit/537.36 (KHTML, like Gecko) Chrome/145.0.0.0 Safari/537.36 (compatible; meta-externalagent/1.1 (+https://developers.facebook.com/docs/sharing/webmasters/crawler))"
57.141.0.25 - - [11/Aug/2026:08:20:56 -0400] "GET /?c=12119210921101 HTTP/1.1" 429 17 "-" "Mozilla/5.0 (Macintosh; Intel Mac OS X 10_15_7) AppleWebKit/537.36 (KHTML, like Gecko) Chrome/145.0.0.0 Safari/537.36 (compatible; meta-externalagent/1.1 (+https://developers.facebook.com/docs/sharing/webmasters/crawler))"
57.141.0.24 - - [11/Aug/2026:08:20:59 -0400] "GET /?c=21759290433004 HTTP/1.1" 429 17 "-" "Mozilla/5.0 (Windows NT 10.0; Win64; x64) AppleWebKit/537.36 (KHTML, like Gecko) Chrome/145.0.0.0 Safari/537.36 (compatible; meta-externalagent/1.1 (+https://developers.facebook.com/docs/sharing/webmasters/crawler))"
57.141.0.38 - - [11/Aug/2026:08:21:00 -0400] "GET /?c=50492264623402 HTTP/1.1" 429 17 "-" "Mozilla/5.0 (X11; Linux x86_64) AppleWebKit/537.36 (KHTML, like Gecko) Chrome/145.0.0.0 Safari/537.36 (compatible; meta-externalagent/1.1 (+https://developers.facebook.com/docs/sharing/webmasters/crawler))"
57.141.0.55 - - [11/Aug/2026:08:21:16 -0400] "GET /?c=28259170595902 HTTP/1.1" 429 17 "-" "Mozilla/5.0 (Windows NT 10.0; Win64; x64) AppleWebKit/537.36 (KHTML, like Gecko) Chrome/145.0.0.0 Safari/537.36 (compatible; meta-externalagent/1.1 (+https://developers.facebook.com/docs/sharing/webmasters/crawler))"
57.141.0.31 - - [11/Aug/2026:08:21:19 -0400] "GET /?c=74209271168700 HTTP/1.1" 429 17 "-" "Mozilla/5.0 (Macintosh; Intel Mac OS X 10_15_7) AppleWebKit/537.36 (KHTML, like Gecko) Chrome/145.0.0.0 Safari/537.36 (compatible; meta-externalagent/1.1 (+https://developers.facebook.com/docs/sharing/webmasters/crawler))"
57.141.0.66 - - [11/Aug/2026:08:21:20 -0400] "GET /?c=61406149532901 HTTP/1.1" 429 17 "-" "Mozilla/5.0 (X11; Linux x86_64) AppleWebKit/537.36 (KHTML, like Gecko) Chrome/145.0.0.0 Safari/537.36 (compatible; meta-externalagent/1.1 (+https://developers.facebook.com/docs/sharing/webmasters/crawler))"
57.141.0.61 - - [11/Aug/2026:08:21:23 -0400] "GET /?c=4617655191406 HTTP/1.1" 429 17 "-" "Mozilla/5.0 (Windows NT 10.0; Win64; x64) AppleWebKit/537.36 (KHTML, like Gecko) Chrome/145.0.0.0 Safari/537.36 (compatible; meta-externalagent/1.1 (+https://developers.facebook.com/docs/sharing/webmasters/crawler))"
57.141.0.8 - - [11/Aug/2026:08:21:25 -0400] "GET /?c=92761218563809 HTTP/1.1" 429 17 "-" "Mozilla/5.0 (Windows NT 10.0; Win64; x64) AppleWebKit/537.36 (KHTML, like Gecko) Chrome/145.0.0.0 Safari/537.36 (compatible; meta-externalagent/1.1 (+https://developers.facebook.com/docs/sharing/webmasters/crawler))"
57.141.0.69 - - [11/Aug/2026:08:21:28 -0400] "GET /?c=7066538638103 HTTP/1.1" 429 17 "-" "Mozilla/5.0 (Macintosh; Intel Mac OS X 10_15_7) AppleWebKit/537.36 (KHTML, like Gecko) Chrome/145.0.0.0 Safari/537.36 (compatible; meta-externalagent/1.1 (+https://developers.facebook.com/docs/sharing/webmasters/crawler))"
57.141.0.8 - - [11/Aug/2026:08:21:32 -0400] "GET /?c=29213271398302 HTTP/1.1" 429 17 "-" "Mozilla/5.0 (Windows NT 10.0; Win64; x64) AppleWebKit/537.36 (KHTML, like Gecko) Chrome/145.0.0.0 Safari/537.36 (compatible; meta-externalagent/1.1 (+https://developers.facebook.com/docs/sharing/webmasters/crawler))"
66.249.72.192 - - [11/Aug/2026:08:21:32 -0400] "GET /?c=85029227619502 HTTP/1.1" 200 5043 "-" "Mozilla/5.0 (Linux; Android 6.0.1; Nexus 5X Build/MMB29P) AppleWebKit/537.36 (KHTML, like Gecko) Chrome/150.0.7871.186 Mobile Safari/537.36 (compatible; Googlebot/2.1; +http://www.google.com/bot.html)"
57.141.0.21 - - [11/Aug/2026:08:21:34 -0400] "GET /?c=00510178772201 HTTP/1.1" 429 17 "-" "Mozilla/5.0 (Windows NT 10.0; Win64; x64) AppleWebKit/537.36 (KHTML, like Gecko) Chrome/145.0.0.0 Safari/537.36 (compatible; meta-externalagent/1.1 (+https://developers.facebook.com/docs/sharing/webmasters/crawler))"
57.141.0.36 - - [11/Aug/2026:08:21:39 -0400] "GET /?c=8003093520501 HTTP/1.1" 429 17 "-" "Mozilla/5.0 (Windows NT 10.0; Win64; x64) AppleWebKit/537.36 (KHTML, like Gecko) Chrome/145.0.0.0 Safari/537.36 Edg/145.0.0.0 (compatible; meta-externalagent/1.1 (+https://developers.facebook.com/docs/sharing/webmasters/crawler))"
57.141.0.31 - - [11/Aug/2026:08:21:42 -0400] "GET /?c=89774149857102 HTTP/1.1" 429 17 "-" "Mozilla/5.0 (Macintosh; Intel Mac OS X 10_15_7) AppleWebKit/537.36 (KHTML, like Gecko) Chrome/145.0.0.0 Safari/537.36 (compatible; meta-externalagent/1.1 (+https://developers.facebook.com/docs/sharing/webmasters/crawler))"
57.141.0.47 - - [11/Aug/2026:08:21:48 -0400] "GET /?c=5241718693900 HTTP/1.1" 429 17 "-" "Mozilla/5.0 (Macintosh; Intel Mac OS X 10_15_7) AppleWebKit/537.36 (KHTML, like Gecko) Chrome/145.0.0.0 Safari/537.36 (compatible; meta-externalagent/1.1 (+https://developers.facebook.com/docs/sharing/webmasters/crawler))"
57.141.0.7 - - [11/Aug/2026:08:21:57 -0400] "GET /?c=17411236955809 HTTP/1.1" 429 17 "-" "Mozilla/5.0 (Windows NT 10.0; Win64; x64) AppleWebKit/537.36 (KHTML, like Gecko) Chrome/145.0.0.0 Safari/537.36 (compatible; meta-externalagent/1.1 (+https://developers.facebook.com/docs/sharing/webmasters/crawler))"
66.249.72.205 - - [11/Aug/2026:08:22:20 -0400] "GET /?c=71512186051303 HTTP/1.1" 200 5043 "-" "Mozilla/5.0 (Linux; Android 6.0.1; Nexus 5X Build/MMB29P) AppleWebKit/537.36 (KHTML, like Gecko) Chrome/150.0.7871.186 Mobile Safari/537.36 (compatible; Googlebot/2.1; +http://www.google.com/bot.html)"
66.249.72.206 - - [11/Aug/2026:08:22:28 -0400] "GET /?c=36871183497206 HTTP/1.1" 200 5043 "-" "Mozilla/5.0 (Linux; Android 6.0.1; Nexus 5X Build/MMB29P) AppleWebKit/537.36 (KHTML, like Gecko) Chrome/150.0.7871.186 Mobile Safari/537.36 (compatible; Googlebot/2.1; +http://www.google.com/bot.html)"
66.249.72.205 - - [11/Aug/2026:08:22:36 -0400] "GET /?c=19817228698101 HTTP/1.1" 200 5043 "-" "Mozilla/5.0 (Linux; Android 6.0.1; Nexus 5X Build/MMB29P) AppleWebKit/537.36 (KHTML, like Gecko) Chrome/150.0.7871.186 Mobile Safari/537.36 (compatible; GoogleOther)"
57.141.0.70 - - [11/Aug/2026:08:22:55 -0400] "GET /?c=43088226555900 HTTP/1.1" 429 17 "-" "Mozilla/5.0 (Windows NT 10.0; Win64; x64) AppleWebKit/537.36 (KHTML, like Gecko) Chrome/145.0.0.0 Safari/537.36 Edg/145.0.0.0 (compatible; meta-externalagent/1.1 (+https://developers.facebook.com/docs/sharing/webmasters/crawler))"
142.44.228.36 - - [11/Aug/2026:08:22:55 -0400] "GET /portfolio-view/sed-blandit-massa-vel/ HTTP/1.1" 404 16 "-" "Mozilla/5.0 (compatible; AhrefsBot/7.0; +http://ahrefs.com/robot/)"
57.141.0.1 - - [11/Aug/2026:08:23:02 -0400] "GET /?c=88124265721401 HTTP/1.1" 429 17 "-" "Mozilla/5.0 (Windows NT 10.0; Win64; x64) AppleWebKit/537.36 (KHTML, like Gecko) Chrome/145.0.0.0 Safari/537.36 (compatible; meta-externalagent/1.1 (+https://developers.facebook.com/docs/sharing/webmasters/crawler))"
57.141.0.39 - - [11/Aug/2026:08:23:05 -0400] "GET /?c=92897205730706 HTTP/1.1" 429 17 "-" "Mozilla/5.0 (Windows NT 10.0; Win64; x64) AppleWebKit/537.36 (KHTML, like Gecko) Chrome/145.0.0.0 Safari/537.36 (compatible; meta-externalagent/1.1 (+https://developers.facebook.com/docs/sharing/webmasters/crawler))"
66.249.72.192 - - [11/Aug/2026:08:23:06 -0400] "GET /?c=4479996475114 HTTP/1.1" 200 5043 "-" "Mozilla/5.0 (Linux; Android 6.0.1; Nexus 5X Build/MMB29P) AppleWebKit/537.36 (KHTML, like Gecko) Chrome/150.0.7871.186 Mobile Safari/537.36 (compatible; Googlebot/2.1; +http://www.google.com/bot.html)"
66.249.72.206 - - [11/Aug/2026:08:23:17 -0400] "GET /?c=12577244559103 HTTP/1.1" 200 5043 "-" "Mozilla/5.0 (Linux; Android 6.0.1; Nexus 5X Build/MMB29P) AppleWebKit/537.36 (KHTML, like Gecko) Chrome/150.0.7871.186 Mobile Safari/537.36 (compatible; Googlebot/2.1; +http://www.google.com/bot.html)"
66.249.72.205 - - [11/Aug/2026:08:23:54 -0400] "GET /?c=350769519002 HTTP/1.1" 200 5043 "-" "Mozilla/5.0 (Linux; Android 6.0.1; Nexus 5X Build/MMB29P) AppleWebKit/537.36 (KHTML, like Gecko) Chrome/150.0.7871.186 Mobile Safari/537.36 (compatible; GoogleOther)"
66.249.72.206 - - [11/Aug/2026:08:24:01 -0400] "GET /?c=21862225607715 HTTP/1.1" 200 5043 "-" "Mozilla/5.0 (Linux; Android 6.0.1; Nexus 5X Build/MMB29P) AppleWebKit/537.36 (KHTML, like Gecko) Chrome/150.0.7871.186 Mobile Safari/537.36 (compatible; Googlebot/2.1; +http://www.google.com/bot.html)"
144.126.234.20 - - [11/Aug/2026:08:24:05 -0400] "POST /xmlrpc.php HTTP/1.1" 404 16 "-" "Mozilla/5.0 (Windows NT 10.0; WOW64; rv:141.0) Gecko/20100101 Firefox/141.0"
57.141.0.60 - - [11/Aug/2026:08:24:11 -0400] "GET /?c=7907375841900 HTTP/1.1" 429 17 "-" "Mozilla/5.0 (Windows NT 10.0; Win64; x64) AppleWebKit/537.36 (KHTML, like Gecko) Chrome/145.0.0.0 Safari/537.36 Edg/145.0.0.0 (compatible; meta-externalagent/1.1 (+https://developers.facebook.com/docs/sharing/webmasters/crawler))"
66.249.72.205 - - [11/Aug/2026:08:24:34 -0400] "GET /?c=6081788184805 HTTP/1.1" 200 5043 "-" "Mozilla/5.0 (Linux; Android 6.0.1; Nexus 5X Build/MMB29P) AppleWebKit/537.36 (KHTML, like Gecko) Chrome/150.0.7871.186 Mobile Safari/537.36 (compatible; GoogleOther)"
66.249.72.205 - - [11/Aug/2026:08:24:53 -0400] "GET /?c=82800147065401 HTTP/1.1" 200 5043 "-" "Mozilla/5.0 (Linux; Android 6.0.1; Nexus 5X Build/MMB29P) AppleWebKit/537.36 (KHTML, like Gecko) Chrome/150.0.7871.186 Mobile Safari/537.36 (compatible; Googlebot/2.1; +http://www.google.com/bot.html)"
66.249.72.205 - - [11/Aug/2026:08:24:56 -0400] "GET /?c=74072194368606 HTTP/1.1" 200 5043 "-" "Mozilla/5.0 (Linux; Android 6.0.1; Nexus 5X Build/MMB29P) AppleWebKit/537.36 (KHTML, like Gecko) Chrome/150.0.7871.186 Mobile Safari/537.36 (compatible; Googlebot/2.1; +http://www.google.com/bot.html)"
66.249.72.206 - - [11/Aug/2026:08:25:14 -0400] "GET /?c=00241208729507 HTTP/1.1" 200 5043 "-" "Mozilla/5.0 (Linux; Android 6.0.1; Nexus 5X Build/MMB29P) AppleWebKit/537.36 (KHTML, like Gecko) Chrome/150.0.7871.186 Mobile Safari/537.36 (compatible; GoogleOther)"
57.141.0.8 - - [11/Aug/2026:08:25:19 -0400] "GET /?c=87732206359402 HTTP/1.1" 429 17 "-" "Mozilla/5.0 (Windows NT 10.0; Win64; x64) AppleWebKit/537.36 (KHTML, like Gecko) Chrome/145.0.0.0 Safari/537.36 Edg/145.0.0.0 (compatible; meta-externalagent/1.1 (+https://developers.facebook.com/docs/sharing/webmasters/crawler))"
54.39.89.206 - - [11/Aug/2026:08:25:21 -0400] "GET /marketing_materials/feed/ HTTP/1.1" 404 16 "-" "Mozilla/5.0 (compatible; AhrefsBot/7.0; +http://ahrefs.com/robot/)"
66.249.72.206 - - [11/Aug/2026:08:25:23 -0400] "GET /?c=4171171421203 HTTP/1.1" 200 5043 "-" "Mozilla/5.0 (Linux; Android 6.0.1; Nexus 5X Build/MMB29P) AppleWebKit/537.36 (KHTML, like Gecko) Chrome/150.0.7871.186 Mobile Safari/537.36 (compatible; Googlebot/2.1; +http://www.google.com/bot.html)"
66.249.72.205 - - [11/Aug/2026:08:25:34 -0400] "GET /?c=68486279121006 HTTP/1.1" 200 5043 "-" "Mozilla/5.0 (Linux; Android 6.0.1; Nexus 5X Build/MMB29P) AppleWebKit/537.36 (KHTML, like Gecko) Chrome/150.0.7871.186 Mobile Safari/537.36 (compatible; Googlebot/2.1; +http://www.google.com/bot.html)"
57.141.0.12 - - [11/Aug/2026:08:26:25 -0400] "GET /?c=50170221041204 HTTP/1.1" 429 17 "-" "Mozilla/5.0 (Windows NT 10.0; Win64; x64) AppleWebKit/537.36 (KHTML, like Gecko) Chrome/145.0.0.0 Safari/537.36 (compatible; meta-externalagent/1.1 (+https://developers.facebook.com/docs/sharing/webmasters/crawler))"
66.249.72.205 - - [11/Aug/2026:08:27:14 -0400] "GET /?c=58091114414804 HTTP/1.1" 200 5043 "-" "Mozilla/5.0 (Linux; Android 6.0.1; Nexus 5X Build/MMB29P) AppleWebKit/537.36 (KHTML, like Gecko) Chrome/150.0.7871.186 Mobile Safari/537.36 (compatible; GoogleOther)"
66.249.72.206 - - [11/Aug/2026:08:27:20 -0400] "GET /?c=75079288641501 HTTP/1.1" 200 5043 "-" "Mozilla/5.0 (Linux; Android 6.0.1; Nexus 5X Build/MMB29P) AppleWebKit/537.36 (KHTML, like Gecko) Chrome/150.0.7871.186 Mobile Safari/537.36 (compatible; Googlebot/2.1; +http://www.google.com/bot.html)"
57.141.0.54 - - [11/Aug/2026:08:27:31 -0400] "GET /?c=97148199912301 HTTP/1.1" 429 17 "-" "Mozilla/5.0 (Windows NT 10.0; Win64; x64) AppleWebKit/537.36 (KHTML, like Gecko) Chrome/145.0.0.0 Safari/537.36 (compatible; meta-externalagent/1.1 (+https://developers.facebook.com/docs/sharing/webmasters/crawler))"
54.39.136.120 - - [11/Aug/2026:08:28:22 -0400] "GET /privacy-policy/feed/ HTTP/1.1" 404 16 "-" "Mozilla/5.0 (compatible; AhrefsBot/7.0; +http://ahrefs.com/robot/)"
57.141.0.55 - - [11/Aug/2026:08:28:38 -0400] "GET /?c=31776288976704 HTTP/1.1" 429 17 "-" "Mozilla/5.0 (Windows NT 10.0; Win64; x64) AppleWebKit/537.36 (KHTML, like Gecko) Chrome/145.0.0.0 Safari/537.36 (compatible; meta-externalagent/1.1 (+https://developers.facebook.com/docs/sharing/webmasters/crawler))"
66.249.72.192 - - [11/Aug/2026:08:28:48 -0400] "GET /?c=6972867203205 HTTP/1.1" 200 5043 "-" "Mozilla/5.0 (Linux; Android 6.0.1; Nexus 5X Build/MMB29P) AppleWebKit/537.36 (KHTML, like Gecko) Chrome/150.0.7871.186 Mobile Safari/537.36 (compatible; Googlebot/2.1; +http://www.google.com/bot.html)"
66.249.72.205 - - [11/Aug/2026:08:28:54 -0400] "GET /?c=67829114846901 HTTP/1.1" 200 5043 "-" "Mozilla/5.0 (Linux; Android 6.0.1; Nexus 5X Build/MMB29P) AppleWebKit/537.36 (KHTML, like Gecko) Chrome/150.0.7871.186 Mobile Safari/537.36 (compatible; Googlebot/2.1; +http://www.google.com/bot.html)"
66.249.72.206 - - [11/Aug/2026:08:29:04 -0400] "GET /?c=01710176630710 HTTP/1.1" 200 5043 "-" "Mozilla/5.0 (Linux; Android 6.0.1; Nexus 5X Build/MMB29P) AppleWebKit/537.36 (KHTML, like Gecko) Chrome/150.0.7871.186 Mobile Safari/537.36 (compatible; Googlebot/2.1; +http://www.google.com/bot.html)"
57.141.0.36 - - [11/Aug/2026:08:29:45 -0400] "GET /?c=1199140806201 HTTP/1.1" 429 17 "-" "Mozilla/5.0 (Macintosh; Intel Mac OS X 10_15_7) AppleWebKit/537.36 (KHTML, like Gecko) Chrome/145.0.0.0 Safari/537.36 (compatible; meta-externalagent/1.1 (+https://developers.facebook.com/docs/sharing/webmasters/crawler))"
66.249.72.192 - - [11/Aug/2026:08:30:24 -0400] "GET /?c=00103166368601 HTTP/1.1" 200 5043 "-" "Mozilla/5.0 (Linux; Android 6.0.1; Nexus 5X Build/MMB29P) AppleWebKit/537.36 (KHTML, like Gecko) Chrome/150.0.7871.186 Mobile Safari/537.36 (compatible; Googlebot/2.1; +http://www.google.com/bot.html)"
148.113.128.80 - - [11/Aug/2026:08:30:41 -0400] "GET /type/gallery/ HTTP/1.1" 404 16 "-" "Mozilla/5.0 (compatible; AhrefsBot/7.0; +http://ahrefs.com/robot/)"
57.141.0.67 - - [11/Aug/2026:08:30:51 -0400] "GET /?c=72770172425000 HTTP/1.1" 429 17 "-" "Mozilla/5.0 (Windows NT 10.0; Win64; x64) AppleWebKit/537.36 (KHTML, like Gecko) Chrome/145.0.0.0 Safari/537.36 (compatible; meta-externalagent/1.1 (+https://developers.facebook.com/docs/sharing/webmasters/crawler))"
66.249.72.206 - - [11/Aug/2026:08:31:16 -0400] "GET /?c=3379876856302 HTTP/1.1" 200 5043 "-" "Mozilla/5.0 (Linux; Android 6.0.1; Nexus 5X Build/MMB29P) AppleWebKit/537.36 (KHTML, like Gecko) Chrome/150.0.7871.186 Mobile Safari/537.36 (compatible; Googlebot/2.1; +http://www.google.com/bot.html)"
66.249.72.206 - - [11/Aug/2026:08:31:37 -0400] "GET /?c=18089124033200 HTTP/1.1" 200 5043 "-" "Mozilla/5.0 (Linux; Android 6.0.1; Nexus 5X Build/MMB29P) AppleWebKit/537.36 (KHTML, like Gecko) Chrome/150.0.7871.186 Mobile Safari/537.36 (compatible; Googlebot/2.1; +http://www.google.com/bot.html)"
66.249.72.205 - - [11/Aug/2026:08:31:52 -0400] "GET /?c=83839293701307 HTTP/1.1" 200 5043 "-" "Mozilla/5.0 (Linux; Android 6.0.1; Nexus 5X Build/MMB29P) AppleWebKit/537.36 (KHTML, like Gecko) Chrome/150.0.7871.186 Mobile Safari/537.36 (compatible; Googlebot/2.1; +http://www.google.com/bot.html)"
57.141.0.67 - - [11/Aug/2026:08:31:58 -0400] "GET /?c=31838159883607 HTTP/1.1" 429 17 "-" "Mozilla/5.0 (X11; Linux x86_64) AppleWebKit/537.36 (KHTML, like Gecko) Chrome/145.0.0.0 Safari/537.36 (compatible; meta-externalagent/1.1 (+https://developers.facebook.com/docs/sharing/webmasters/crawler))"
57.141.0.55 - - [11/Aug/2026:08:33:04 -0400] "GET /?c=10501268670501 HTTP/1.1" 429 17 "-" "Mozilla/5.0 (Windows NT 10.0; Win64; x64) AppleWebKit/537.36 (KHTML, like Gecko) Chrome/145.0.0.0 Safari/537.36 (compatible; meta-externalagent/1.1 (+https://developers.facebook.com/docs/sharing/webmasters/crawler))"
167.114.139.93 - - [11/Aug/2026:08:33:35 -0400] "GET /home-pld/feed/ HTTP/1.1" 404 16 "-" "Mozilla/5.0 (compatible; AhrefsBot/7.0; +http://ahrefs.com/robot/)"
66.249.72.205 - - [11/Aug/2026:08:34:04 -0400] "GET /?c=9298072677606 HTTP/1.1" 200 5043 "-" "Mozilla/5.0 (Linux; Android 6.0.1; Nexus 5X Build/MMB29P) AppleWebKit/537.36 (KHTML, like Gecko) Chrome/150.0.7871.186 Mobile Safari/537.36 (compatible; Googlebot/2.1; +http://www.google.com/bot.html)"
66.249.72.192 - - [11/Aug/2026:08:34:06 -0400] "GET /?c=9879292946002 HTTP/1.1" 200 5043 "-" "Mozilla/5.0 (Linux; Android 6.0.1; Nexus 5X Build/MMB29P) AppleWebKit/537.36 (KHTML, like Gecko) Chrome/150.0.7871.186 Mobile Safari/537.36 (compatible; Googlebot/2.1; +http://www.google.com/bot.html)"
66.249.72.205 - - [11/Aug/2026:08:34:12 -0400] "GET /?c=35126254294402 HTTP/1.1" 200 5043 "-" "Mozilla/5.0 (Linux; Android 6.0.1; Nexus 5X Build/MMB29P) AppleWebKit/537.36 (KHTML, like Gecko) Chrome/150.0.7871.186 Mobile Safari/537.36 (compatible; Googlebot/2.1; +http://www.google.com/bot.html)"
57.141.0.47 - - [11/Aug/2026:08:34:15 -0400] "GET /?c=01015132670811 HTTP/1.1" 429 17 "-" "Mozilla/5.0 (Windows NT 10.0; Win64; x64) AppleWebKit/537.36 (KHTML, like Gecko) Chrome/145.0.0.0 Safari/537.36 (compatible; meta-externalagent/1.1 (+https://developers.facebook.com/docs/sharing/webmasters/crawler))"
66.249.72.205 - - [11/Aug/2026:08:34:20 -0400] "GET /?c=80242180520900 HTTP/1.1" 200 5043 "-" "Mozilla/5.0 (Linux; Android 6.0.1; Nexus 5X Build/MMB29P) AppleWebKit/537.36 (KHTML, like Gecko) Chrome/150.0.7871.186 Mobile Safari/537.36 (compatible; Googlebot/2.1; +http://www.google.com/bot.html)"
57.141.0.12 - - [11/Aug/2026:08:35:17 -0400] "GET /?c=00789225624605 HTTP/1.1" 429 17 "-" "Mozilla/5.0 (Macintosh; Intel Mac OS X 10_15_7) AppleWebKit/537.36 (KHTML, like Gecko) Chrome/145.0.0.0 Safari/537.36 (compatible; meta-externalagent/1.1 (+https://developers.facebook.com/docs/sharing/webmasters/crawler))"
142.44.220.202 - - [11/Aug/2026:08:36:24 -0400] "GET /footer-map/feed/ HTTP/1.1" 404 16 "-" "Mozilla/5.0 (compatible; AhrefsBot/7.0; +http://ahrefs.com/robot/)"
57.141.0.38 - - [11/Aug/2026:08:36:24 -0400] "GET /?c=850685277506 HTTP/1.1" 429 17 "-" "Mozilla/5.0 (Windows NT 10.0; Win64; x64) AppleWebKit/537.36 (KHTML, like Gecko) Chrome/145.0.0.0 Safari/537.36 (compatible; meta-externalagent/1.1 (+https://developers.facebook.com/docs/sharing/webmasters/crawler))"
66.249.72.192 - - [11/Aug/2026:08:36:55 -0400] "GET /?c=37977136992204 HTTP/1.1" 200 5043 "-" "Mozilla/5.0 (Linux; Android 6.0.1; Nexus 5X Build/MMB29P) AppleWebKit/537.36 (KHTML, like Gecko) Chrome/150.0.7871.186 Mobile Safari/537.36 (compatible; Googlebot/2.1; +http://www.google.com/bot.html)"
216.73.216.72 - - [11/Aug/2026:08:36:59 -0400] "GET /d567eca5/?C=N&O=A HTTP/1.1" 200 641 "-" "Mozilla/5.0 AppleWebKit/537.36 (KHTML, like Gecko; compatible; ClaudeBot/1.0; +claudebot@anthropic.com)"
216.73.216.72 - - [11/Aug/2026:08:36:59 -0400] "GET /cgi-bin__2a56d10/?C=S&O=D HTTP/1.1" 200 657 "-" "Mozilla/5.0 AppleWebKit/537.36 (KHTML, like Gecko; compatible; ClaudeBot/1.0; +claudebot@anthropic.com)"
57.141.0.48 - - [11/Aug/2026:08:37:32 -0400] "GET /?c=84599188284901 HTTP/1.1" 200 5043 "-" "Mozilla/5.0 (Macintosh; Intel Mac OS X 10_15_7) AppleWebKit/537.36 (KHTML, like Gecko) Chrome/145.0.0.0 Safari/537.36 (compatible; meta-externalagent/1.1 (+https://developers.facebook.com/docs/sharing/webmasters/crawler))"
216.73.216.72 - - [11/Aug/2026:08:37:45 -0400] "GET /d567eca5/?C=S&O=D HTTP/1.1" 200 641 "-" "Mozilla/5.0 AppleWebKit/537.36 (KHTML, like Gecko; compatible; ClaudeBot/1.0; +claudebot@anthropic.com)"
142.44.225.134 - - [11/Aug/2026:08:37:56 -0400] "GET /testi/feed/ HTTP/1.1" 404 16 "-" "Mozilla/5.0 (compatible; AhrefsBot/7.0; +http://ahrefs.com/robot/)"
216.73.216.72 - - [11/Aug/2026:08:38:31 -0400] "GET /cgi-bin__2a56d10/?C=N&O=A HTTP/1.1" 200 657 "-" "Mozilla/5.0 AppleWebKit/537.36 (KHTML, like Gecko; compatible; ClaudeBot/1.0; +claudebot@anthropic.com)"
57.141.0.15 - - [11/Aug/2026:08:38:39 -0400] "GET /?c=58700113736300 HTTP/1.1" 200 5043 "-" "Mozilla/5.0 (Windows NT 10.0; Win64; x64) AppleWebKit/537.36 (KHTML, like Gecko) Chrome/145.0.0.0 Safari/537.36 (compatible; meta-externalagent/1.1 (+https://developers.facebook.com/docs/sharing/webmasters/crawler))"
66.249.72.206 - - [11/Aug/2026:08:38:43 -0400] "GET /?c=10222219013107 HTTP/1.1" 200 5043 "-" "Mozilla/5.0 (Linux; Android 6.0.1; Nexus 5X Build/MMB29P) AppleWebKit/537.36 (KHTML, like Gecko) Chrome/150.0.7871.186 Mobile Safari/537.36 (compatible; Googlebot/2.1; +http://www.google.com/bot.html)"
66.249.72.206 - - [11/Aug/2026:08:38:49 -0400] "GET /?c=99400134418303 HTTP/1.1" 200 5043 "-" "Mozilla/5.0 (Linux; Android 6.0.1; Nexus 5X Build/MMB29P) AppleWebKit/537.36 (KHTML, like Gecko) Chrome/150.0.7871.186 Mobile Safari/537.36 (compatible; Googlebot/2.1; +http://www.google.com/bot.html)"
66.249.72.205 - - [11/Aug/2026:08:38:54 -0400] "GET /?c=5683888712304 HTTP/1.1" 200 5043 "-" "Mozilla/5.0 (Linux; Android 6.0.1; Nexus 5X Build/MMB29P) AppleWebKit/537.36 (KHTML, like Gecko) Chrome/150.0.7871.186 Mobile Safari/537.36 (compatible; Googlebot/2.1; +http://www.google.com/bot.html)"
216.73.216.72 - - [11/Aug/2026:08:38:55 -0400] "GET /cgi-bin__2a56d10/?C=M&O=D HTTP/1.1" 200 657 "-" "Mozilla/5.0 AppleWebKit/537.36 (KHTML, like Gecko; compatible; ClaudeBot/1.0; +claudebot@anthropic.com)"
66.249.72.205 - - [11/Aug/2026:08:38:58 -0400] "GET /?c=30919290449500 HTTP/1.1" 200 5043 "-" "Mozilla/5.0 (Linux; Android 6.0.1; Nexus 5X Build/MMB29P) AppleWebKit/537.36 (KHTML, like Gecko) Chrome/150.0.7871.186 Mobile Safari/537.36 (compatible; Googlebot/2.1; +http://www.google.com/bot.html)"
66.249.72.205 - - [11/Aug/2026:08:39:01 -0400] "GET /?c=3077963915401 HTTP/1.1" 200 5043 "-" "Mozilla/5.0 (Linux; Android 6.0.1; Nexus 5X Build/MMB29P) AppleWebKit/537.36 (KHTML, like Gecko) Chrome/150.0.7871.186 Mobile Safari/537.36 (compatible; Googlebot/2.1; +http://www.google.com/bot.html)"
66.249.72.205 - - [11/Aug/2026:08:39:08 -0400] "GET /?c=1170648384008 HTTP/1.1" 200 5043 "-" "Mozilla/5.0 (Linux; Android 6.0.1; Nexus 5X Build/MMB29P) AppleWebKit/537.36 (KHTML, like Gecko) Chrome/150.0.7871.186 Mobile Safari/537.36 (compatible; Googlebot/2.1; +http://www.google.com/bot.html)"
66.249.72.205 - - [11/Aug/2026:08:39:11 -0400] "GET /type/audio/ HTTP/1.1" 404 16 "-" "Mozilla/5.0 (Linux; Android 6.0.1; Nexus 5X Build/MMB29P) AppleWebKit/537.36 (KHTML, like Gecko) Chrome/150.0.7871.186 Mobile Safari/537.36 (compatible; Googlebot/2.1; +http://www.google.com/bot.html)"
66.249.72.205 - - [11/Aug/2026:08:39:13 -0400] "GET /?c=4058364223301 HTTP/1.1" 200 5043 "-" "Mozilla/5.0 (Linux; Android 6.0.1; Nexus 5X Build/MMB29P) AppleWebKit/537.36 (KHTML, like Gecko) Chrome/150.0.7871.186 Mobile Safari/537.36 (compatible; Googlebot/2.1; +http://www.google.com/bot.html)"
51.161.37.42 - - [11/Aug/2026:08:39:14 -0400] "GET /term-of-use/feed/ HTTP/1.1" 404 16 "-" "Mozilla/5.0 (compatible; AhrefsBot/7.0; +http://ahrefs.com/robot/)"
57.141.0.32 - - [11/Aug/2026:08:39:18 -0400] "GET /?c=38208264447300 HTTP/1.1" 200 5043 "-" "Mozilla/5.0 (Windows NT 10.0; Win64; x64) AppleWebKit/537.36 (KHTML, like Gecko) Chrome/145.0.0.0 Safari/537.36 (compatible; meta-externalagent/1.1 (+https://developers.facebook.com/docs/sharing/webmasters/crawler))"
66.249.72.205 - - [11/Aug/2026:08:39:18 -0400] "GET /?c=9204197056706 HTTP/1.1" 200 5043 "-" "Mozilla/5.0 (Linux; Android 6.0.1; Nexus 5X Build/MMB29P) AppleWebKit/537.36 (KHTML, like Gecko) Chrome/150.0.7871.186 Mobile Safari/537.36 (compatible; Googlebot/2.1; +http://www.google.com/bot.html)"
57.141.0.71 - - [11/Aug/2026:08:39:47 -0400] "GET /?c=07874213548003 HTTP/1.1" 200 5043 "-" "Mozilla/5.0 (X11; Linux x86_64) AppleWebKit/537.36 (KHTML, like Gecko) Chrome/145.0.0.0 Safari/537.36 (compatible; meta-externalagent/1.1 (+https://developers.facebook.com/docs/sharing/webmasters/crawler))"
66.249.72.205 - - [11/Aug/2026:08:39:52 -0400] "GET /?c=92259245942901 HTTP/1.1" 200 5043 "-" "Mozilla/5.0 (compatible; Googlebot/2.1; +http://www.google.com/bot.html)"
57.141.0.29 - - [11/Aug/2026:08:40:08 -0400] "GET /?c=92041233775201 HTTP/1.1" 200 5043 "-" "Mozilla/5.0 (X11; Linux x86_64) AppleWebKit/537.36 (KHTML, like Gecko) Chrome/145.0.0.0 Safari/537.36 (compatible; meta-externalagent/1.1 (+https://developers.facebook.com/docs/sharing/webmasters/crawler))"
57.141.0.26 - - [11/Aug/2026:08:40:27 -0400] "GET /?c=01828222236703 HTTP/1.1" 200 5043 "-" "Mozilla/5.0 (Macintosh; Intel Mac OS X 10_15_7) AppleWebKit/537.36 (KHTML, like Gecko) Chrome/145.0.0.0 Safari/537.36 (compatible; meta-externalagent/1.1 (+https://developers.facebook.com/docs/sharing/webmasters/crawler))"
57.141.0.7 - - [11/Aug/2026:08:40:43 -0400] "GET /?c=7925493450400 HTTP/1.1" 200 5043 "-" "Mozilla/5.0 (Windows NT 10.0; Win64; x64) AppleWebKit/537.36 (KHTML, like Gecko) Chrome/145.0.0.0 Safari/537.36 (compatible; meta-externalagent/1.1 (+https://developers.facebook.com/docs/sharing/webmasters/crawler))"
216.73.216.72 - - [11/Aug/2026:08:40:44 -0400] "GET /d567eca5/?C=M&O=D HTTP/1.1" 200 641 "-" "Mozilla/5.0 AppleWebKit/537.36 (KHTML, like Gecko; compatible; ClaudeBot/1.0; +claudebot@anthropic.com)"
57.141.0.42 - - [11/Aug/2026:08:40:56 -0400] "GET /?c=58302177181006 HTTP/1.1" 200 5043 "-" "Mozilla/5.0 (Macintosh; Intel Mac OS X 10_15_7) AppleWebKit/537.36 (KHTML, like Gecko) Chrome/145.0.0.0 Safari/537.36 (compatible; meta-externalagent/1.1 (+https://developers.facebook.com/docs/sharing/webmasters/crawler))"
57.141.0.66 - - [11/Aug/2026:08:41:07 -0400] "GET /?c=7299484319309 HTTP/1.1" 429 17 "-" "Mozilla/5.0 (Macintosh; Intel Mac OS X 10_15_7) AppleWebKit/537.36 (KHTML, like Gecko) Chrome/145.0.0.0 Safari/537.36 (compatible; meta-externalagent/1.1 (+https://developers.facebook.com/docs/sharing/webmasters/crawler))"
57.141.0.52 - - [11/Aug/2026:08:41:17 -0400] "GET /?c=118598767300 HTTP/1.1" 429 17 "-" "Mozilla/5.0 (Windows NT 10.0; Win64; x64) AppleWebKit/537.36 (KHTML, like Gecko) Chrome/145.0.0.0 Safari/537.36 Edg/145.0.0.0 (compatible; meta-externalagent/1.1 (+https://developers.facebook.com/docs/sharing/webmasters/crawler))"
57.141.0.43 - - [11/Aug/2026:08:41:19 -0400] "GET /?c=63199130793401 HTTP/1.1" 429 17 "-" "Mozilla/5.0 (Windows NT 10.0; Win64; x64) AppleWebKit/537.36 (KHTML, like Gecko) Chrome/145.0.0.0 Safari/537.36 (compatible; meta-externalagent/1.1 (+https://developers.facebook.com/docs/sharing/webmasters/crawler))"
57.141.0.29 - - [11/Aug/2026:08:41:20 -0400] "GET /?c=1149760748103 HTTP/1.1" 429 17 "-" "Mozilla/5.0 (Windows NT 10.0; Win64; x64) AppleWebKit/537.36 (KHTML, like Gecko) Chrome/145.0.0.0 Safari/537.36 (compatible; meta-externalagent/1.1 (+https://developers.facebook.com/docs/sharing/webmasters/crawler))"
57.141.0.28 - - [11/Aug/2026:08:41:22 -0400] "GET /?c=98242202171903 HTTP/1.1" 429 17 "-" "Mozilla/5.0 (Windows NT 10.0; Win64; x64) AppleWebKit/537.36 (KHTML, like Gecko) Chrome/145.0.0.0 Safari/537.36 (compatible; meta-externalagent/1.1 (+https://developers.facebook.com/docs/sharing/webmasters/crawler))"
57.141.0.12 - - [11/Aug/2026:08:41:37 -0400] "GET /?c=9807831796404 HTTP/1.1" 429 17 "-" "Mozilla/5.0 (Windows NT 10.0; Win64; x64) AppleWebKit/537.36 (KHTML, like Gecko) Chrome/145.0.0.0 Safari/537.36 (compatible; meta-externalagent/1.1 (+https://developers.facebook.com/docs/sharing/webmasters/crawler))"
57.141.0.48 - - [11/Aug/2026:08:41:40 -0400] "GET /?c=84749214122201 HTTP/1.1" 429 17 "-" "Mozilla/5.0 (Macintosh; Intel Mac OS X 10_15_7) AppleWebKit/537.36 (KHTML, like Gecko) Chrome/145.0.0.0 Safari/537.36 (compatible; meta-externalagent/1.1 (+https://developers.facebook.com/docs/sharing/webmasters/crawler))"
57.141.0.25 - - [11/Aug/2026:08:41:43 -0400] "GET /?c=40794270037900 HTTP/1.1" 429 17 "-" "Mozilla/5.0 (Windows NT 10.0; Win64; x64) AppleWebKit/537.36 (KHTML, like Gecko) Chrome/145.0.0.0 Safari/537.36 (compatible; meta-externalagent/1.1 (+https://developers.facebook.com/docs/sharing/webmasters/crawler))"
57.141.0.5 - - [11/Aug/2026:08:41:45 -0400] "GET /?c=27313184510303 HTTP/1.1" 429 17 "-" "Mozilla/5.0 (Macintosh; Intel Mac OS X 10_15_7) AppleWebKit/537.36 (KHTML, like Gecko) Chrome/145.0.0.0 Safari/537.36 (compatible; meta-externalagent/1.1 (+https://developers.facebook.com/docs/sharing/webmasters/crawler))"
57.141.0.71 - - [11/Aug/2026:08:42:05 -0400] "GET /?c=7271239365004 HTTP/1.1" 429 17 "-" "Mozilla/5.0 (Windows NT 10.0; Win64; x64) AppleWebKit/537.36 (KHTML, like Gecko) Chrome/145.0.0.0 Safari/537.36 (compatible; meta-externalagent/1.1 (+https://developers.facebook.com/docs/sharing/webmasters/crawler))"
57.141.0.20 - - [11/Aug/2026:08:42:11 -0400] "GET /?c=12698178505001 HTTP/1.1" 429 17 "-" "Mozilla/5.0 (Windows NT 10.0; Win64; x64) AppleWebKit/537.36 (KHTML, like Gecko) Chrome/145.0.0.0 Safari/537.36 (compatible; meta-externalagent/1.1 (+https://developers.facebook.com/docs/sharing/webmasters/crawler))"
57.141.0.48 - - [11/Aug/2026:08:42:13 -0400] "GET /?c=0331337322600 HTTP/1.1" 429 17 "-" "Mozilla/5.0 (Windows NT 10.0; Win64; x64) AppleWebKit/537.36 (KHTML, like Gecko) Chrome/145.0.0.0 Safari/537.36 (compatible; meta-externalagent/1.1 (+https://developers.facebook.com/docs/sharing/webmasters/crawler))"
57.141.0.53 - - [11/Aug/2026:08:42:17 -0400] "GET /?c=37675229538805 HTTP/1.1" 429 17 "-" "Mozilla/5.0 (Macintosh; Intel Mac OS X 10_15_7) AppleWebKit/537.36 (KHTML, like Gecko) Chrome/145.0.0.0 Safari/537.36 (compatible; meta-externalagent/1.1 (+https://developers.facebook.com/docs/sharing/webmasters/crawler))"
57.141.0.28 - - [11/Aug/2026:08:42:21 -0400] "GET /?c=29977187332000 HTTP/1.1" 429 17 "-" "Mozilla/5.0 (Macintosh; Intel Mac OS X 10_15_7) AppleWebKit/537.36 (KHTML, like Gecko) Chrome/145.0.0.0 Safari/537.36 (compatible; meta-externalagent/1.1 (+https://developers.facebook.com/docs/sharing/webmasters/crawler))"
57.141.0.28 - - [11/Aug/2026:08:42:25 -0400] "GET /?c=08588165395403 HTTP/1.1" 429 17 "-" "Mozilla/5.0 (Windows NT 10.0; Win64; x64) AppleWebKit/537.36 (KHTML, like Gecko) Chrome/145.0.0.0 Safari/537.36 (compatible; meta-externalagent/1.1 (+https://developers.facebook.com/docs/sharing/webmasters/crawler))"
57.141.0.71 - - [11/Aug/2026:08:42:30 -0400] "GET /?c=04822175768400 HTTP/1.1" 429 17 "-" "Mozilla/5.0 (X11; Linux x86_64) AppleWebKit/537.36 (KHTML, like Gecko) Chrome/145.0.0.0 Safari/537.36 (compatible; meta-externalagent/1.1 (+https://developers.facebook.com/docs/sharing/webmasters/crawler))"
216.73.216.72 - - [11/Aug/2026:08:42:30 -0400] "GET /wp-includes__2a56d10/class-wp-embed.php HTTP/1.1" 200 - "-" "Mozilla/5.0 AppleWebKit/537.36 (KHTML, like Gecko; compatible; ClaudeBot/1.0; +claudebot@anthropic.com)"
216.73.216.72 - - [11/Aug/2026:08:42:30 -0400] "GET /wp-includes__2a56d10/html-api/ HTTP/1.1" 200 2725 "-" "Mozilla/5.0 AppleWebKit/537.36 (KHTML, like Gecko; compatible; ClaudeBot/1.0; +claudebot@anthropic.com)"
216.73.216.72 - - [11/Aug/2026:08:42:31 -0400] "GET /wp-includes__2a56d10/SimplePie/Restriction.php HTTP/1.1" 200 - "-" "Mozilla/5.0 AppleWebKit/537.36 (KHTML, like Gecko; compatible; ClaudeBot/1.0; +claudebot@anthropic.com)"
216.73.216.72 - - [11/Aug/2026:08:42:31 -0400] "GET /wp-includes__2a56d10/class-IXR.php HTTP/1.1" 500 - "-" "Mozilla/5.0 AppleWebKit/537.36 (KHTML, like Gecko; compatible; ClaudeBot/1.0; +claudebot@anthropic.com)"
216.73.216.72 - - [11/Aug/2026:08:42:32 -0400] "GET /wp-includes__2a56d10/class-feed.php HTTP/1.1" 500 - "-" "Mozilla/5.0 AppleWebKit/537.36 (KHTML, like Gecko; compatible; ClaudeBot/1.0; +claudebot@anthropic.com)"
216.73.216.72 - - [11/Aug/2026:08:42:32 -0400] "GET /wp-includes__2a56d10/SimplePie/Caption.php HTTP/1.1" 200 - "-" "Mozilla/5.0 AppleWebKit/537.36 (KHTML, like Gecko; compatible; ClaudeBot/1.0; +claudebot@anthropic.com)"
