216.73.216.72 - - [11/Aug/2026:10:36:48 -0400] "GET /wp-includes__2a56d10/class-wp-textdomain-registry.php HTTP/1.1" 200 - "-" "Mozilla/5.0 AppleWebKit/537.36 (KHTML, like Gecko; compatible; ClaudeBot/1.0; +claudebot@anthropic.com)"
66.249.72.205 - - [11/Aug/2026:10:36:48 -0400] "GET /?c=91644112352200 HTTP/1.1" 200 5043 "-" "Mozilla/5.0 (Linux; Android 6.0.1; Nexus 5X Build/MMB29P) AppleWebKit/537.36 (KHTML, like Gecko) Chrome/150.0.7871.186 Mobile Safari/537.36 (compatible; Googlebot/2.1; +http://www.google.com/bot.html)"
216.73.216.72 - - [11/Aug/2026:10:36:48 -0400] "GET /wp-admin/images/wordpress-logo.png HTTP/1.1" 404 16 "-" "Mozilla/5.0 AppleWebKit/537.36 (KHTML, like Gecko; compatible; ClaudeBot/1.0; +claudebot@anthropic.com)"
216.73.216.72 - - [11/Aug/2026:10:36:49 -0400] "GET /wp-includes__2a56d10/ID3/module.tag.apetag.php HTTP/1.1" 200 - "-" "Mozilla/5.0 AppleWebKit/537.36 (KHTML, like Gecko; compatible; ClaudeBot/1.0; +claudebot@anthropic.com)"
216.73.216.72 - - [11/Aug/2026:10:36:49 -0400] "GET /wp-includes__2a56d10/class-wp-block-styles-registry.php HTTP/1.1" 200 - "-" "Mozilla/5.0 AppleWebKit/537.36 (KHTML, like Gecko; compatible; ClaudeBot/1.0; +claudebot@anthropic.com)"
66.249.72.205 - - [11/Aug/2026:10:36:54 -0400] "GET /?c=66391221520202 HTTP/1.1" 200 5043 "-" "Mozilla/5.0 (Linux; Android 6.0.1; Nexus 5X Build/MMB29P) AppleWebKit/537.36 (KHTML, like Gecko) Chrome/150.0.7871.186 Mobile Safari/537.36 (compatible; Googlebot/2.1; +http://www.google.com/bot.html)"
66.249.72.205 - - [11/Aug/2026:10:36:57 -0400] "GET /?c=18240166228606 HTTP/1.1" 200 5043 "-" "Mozilla/5.0 (Linux; Android 6.0.1; Nexus 5X Build/MMB29P) AppleWebKit/537.36 (KHTML, like Gecko) Chrome/150.0.7871.186 Mobile Safari/537.36 (compatible; Googlebot/2.1; +http://www.google.com/bot.html)"
66.249.72.205 - - [11/Aug/2026:10:36:59 -0400] "GET /?c=76889223289202 HTTP/1.1" 200 5043 "-" "Mozilla/5.0 (Linux; Android 6.0.1; Nexus 5X Build/MMB29P) AppleWebKit/537.36 (KHTML, like Gecko) Chrome/150.0.7871.186 Mobile Safari/537.36 (compatible; Googlebot/2.1; +http://www.google.com/bot.html)"
66.249.72.205 - - [11/Aug/2026:10:37:03 -0400] "GET /?c=981122476606 HTTP/1.1" 200 5043 "-" "Mozilla/5.0 (Linux; Android 6.0.1; Nexus 5X Build/MMB29P) AppleWebKit/537.36 (KHTML, like Gecko) Chrome/150.0.7871.186 Mobile Safari/537.36 (compatible; Googlebot/2.1; +http://www.google.com/bot.html)"
66.249.72.205 - - [11/Aug/2026:10:37:07 -0400] "GET /?c=01228191220904 HTTP/1.1" 200 5043 "-" "Mozilla/5.0 (Linux; Android 6.0.1; Nexus 5X Build/MMB29P) AppleWebKit/537.36 (KHTML, like Gecko) Chrome/150.0.7871.186 Mobile Safari/537.36 (compatible; Googlebot/2.1; +http://www.google.com/bot.html)"
66.249.72.205 - - [11/Aug/2026:10:37:11 -0400] "GET /?c=07155110937000 HTTP/1.1" 200 5043 "-" "Mozilla/5.0 (Linux; Android 6.0.1; Nexus 5X Build/MMB29P) AppleWebKit/537.36 (KHTML, like Gecko) Chrome/150.0.7871.186 Mobile Safari/537.36 (compatible; Googlebot/2.1; +http://www.google.com/bot.html)"
66.249.72.205 - - [11/Aug/2026:10:37:15 -0400] "GET /?c=06966248635301 HTTP/1.1" 200 5043 "-" "Mozilla/5.0 (Linux; Android 6.0.1; Nexus 5X Build/MMB29P) AppleWebKit/537.36 (KHTML, like Gecko) Chrome/150.0.7871.186 Mobile Safari/537.36 (compatible; Googlebot/2.1; +http://www.google.com/bot.html)"
66.249.72.205 - - [11/Aug/2026:10:37:18 -0400] "GET /?c=0792856353002 HTTP/1.1" 200 5043 "-" "Mozilla/5.0 (Linux; Android 6.0.1; Nexus 5X Build/MMB29P) AppleWebKit/537.36 (KHTML, like Gecko) Chrome/150.0.7871.186 Mobile Safari/537.36 (compatible; Googlebot/2.1; +http://www.google.com/bot.html)"
216.73.216.72 - - [11/Aug/2026:10:37:21 -0400] "GET /wp-content__2a56d10/themes/ HTTP/1.1" 200 - "-" "Mozilla/5.0 AppleWebKit/537.36 (KHTML, like Gecko; compatible; ClaudeBot/1.0; +claudebot@anthropic.com)"
216.73.216.72 - - [11/Aug/2026:10:37:21 -0400] "GET /wp-includes__2a56d10/SimplePie/Parse/ HTTP/1.1" 200 904 "-" "Mozilla/5.0 AppleWebKit/537.36 (KHTML, like Gecko; compatible; ClaudeBot/1.0; +claudebot@anthropic.com)"
216.73.216.72 - - [11/Aug/2026:10:37:22 -0400] "GET /wp-includes__2a56d10/css/jquery-ui-dialog-rtl.css HTTP/1.1" 200 5967 "-" "Mozilla/5.0 AppleWebKit/537.36 (KHTML, like Gecko; compatible; ClaudeBot/1.0; +claudebot@anthropic.com)"
216.73.216.72 - - [11/Aug/2026:10:37:22 -0400] "GET /wp-content__2a56d10/upgrade/ HTTP/1.1" 200 699 "-" "Mozilla/5.0 AppleWebKit/537.36 (KHTML, like Gecko; compatible; ClaudeBot/1.0; +claudebot@anthropic.com)"
66.249.72.205 - - [11/Aug/2026:10:37:22 -0400] "GET /?c=28491247220106 HTTP/1.1" 200 5043 "-" "Mozilla/5.0 (Linux; Android 6.0.1; Nexus 5X Build/MMB29P) AppleWebKit/537.36 (KHTML, like Gecko) Chrome/150.0.7871.186 Mobile Safari/537.36 (compatible; Googlebot/2.1; +http://www.google.com/bot.html)"
66.249.72.205 - - [11/Aug/2026:10:37:26 -0400] "GET /?c=67791247927700 HTTP/1.1" 200 5043 "-" "Mozilla/5.0 (Linux; Android 6.0.1; Nexus 5X Build/MMB29P) AppleWebKit/537.36 (KHTML, like Gecko) Chrome/150.0.7871.186 Mobile Safari/537.36 (compatible; Googlebot/2.1; +http://www.google.com/bot.html)"
66.249.72.205 - - [11/Aug/2026:10:37:30 -0400] "GET /?c=027713538002 HTTP/1.1" 200 5043 "-" "Mozilla/5.0 (Linux; Android 6.0.1; Nexus 5X Build/MMB29P) AppleWebKit/537.36 (KHTML, like Gecko) Chrome/150.0.7871.186 Mobile Safari/537.36 (compatible; Googlebot/2.1; +http://www.google.com/bot.html)"
216.73.216.72 - - [11/Aug/2026:10:37:30 -0400] "GET /wp-includes__2a56d10/block-supports/ HTTP/1.1" 200 3605 "-" "Mozilla/5.0 AppleWebKit/537.36 (KHTML, like Gecko; compatible; ClaudeBot/1.0; +claudebot@anthropic.com)"
216.73.216.72 - - [11/Aug/2026:10:37:30 -0400] "GET /wp-includes__2a56d10/ID3/module.tag.id3v1.php HTTP/1.1" 200 - "-" "Mozilla/5.0 AppleWebKit/537.36 (KHTML, like Gecko; compatible; ClaudeBot/1.0; +claudebot@anthropic.com)"
216.73.216.72 - - [11/Aug/2026:10:37:31 -0400] "GET /wp-includes__2a56d10/ID3/module.audio-video.riff.php HTTP/1.1" 200 - "-" "Mozilla/5.0 AppleWebKit/537.36 (KHTML, like Gecko; compatible; ClaudeBot/1.0; +claudebot@anthropic.com)"
216.73.216.72 - - [11/Aug/2026:10:37:31 -0400] "GET /wp-includes__2a56d10/block-i18n.json HTTP/1.1" 200 316 "-" "Mozilla/5.0 AppleWebKit/537.36 (KHTML, like Gecko; compatible; ClaudeBot/1.0; +claudebot@anthropic.com)"
66.249.72.205 - - [11/Aug/2026:10:37:33 -0400] "GET /?c=4479855291600 HTTP/1.1" 200 5043 "-" "Mozilla/5.0 (Linux; Android 6.0.1; Nexus 5X Build/MMB29P) AppleWebKit/537.36 (KHTML, like Gecko) Chrome/150.0.7871.186 Mobile Safari/537.36 (compatible; Googlebot/2.1; +http://www.google.com/bot.html)"
66.249.72.205 - - [11/Aug/2026:10:37:37 -0400] "GET /?c=79053164459602 HTTP/1.1" 200 5043 "-" "Mozilla/5.0 (Linux; Android 6.0.1; Nexus 5X Build/MMB29P) AppleWebKit/537.36 (KHTML, like Gecko) Chrome/150.0.7871.186 Mobile Safari/537.36 (compatible; Googlebot/2.1; +http://www.google.com/bot.html)"
66.249.72.205 - - [11/Aug/2026:10:37:42 -0400] "GET /?c=0689784529505 HTTP/1.1" 200 5043 "-" "Mozilla/5.0 (Linux; Android 6.0.1; Nexus 5X Build/MMB29P) AppleWebKit/537.36 (KHTML, like Gecko) Chrome/150.0.7871.186 Mobile Safari/537.36 (compatible; Googlebot/2.1; +http://www.google.com/bot.html)"
66.249.72.205 - - [11/Aug/2026:10:37:45 -0400] "GET /?c=81899193343703 HTTP/1.1" 200 5043 "-" "Mozilla/5.0 (Linux; Android 6.0.1; Nexus 5X Build/MMB29P) AppleWebKit/537.36 (KHTML, like Gecko) Chrome/150.0.7871.186 Mobile Safari/537.36 (compatible; Googlebot/2.1; +http://www.google.com/bot.html)"
57.141.0.10 - - [11/Aug/2026:10:37:48 -0400] "GET /?c=0500121513209 HTTP/1.1" 429 17 "-" "Mozilla/5.0 (Macintosh; Intel Mac OS X 10_15_7) AppleWebKit/537.36 (KHTML, like Gecko) Chrome/145.0.0.0 Safari/537.36 (compatible; meta-externalagent/1.1 (+https://developers.facebook.com/docs/sharing/webmasters/crawler))"
66.249.72.205 - - [11/Aug/2026:10:37:49 -0400] "GET /?c=27648140528700 HTTP/1.1" 200 5043 "-" "Mozilla/5.0 (Linux; Android 6.0.1; Nexus 5X Build/MMB29P) AppleWebKit/537.36 (KHTML, like Gecko) Chrome/150.0.7871.186 Mobile Safari/537.36 (compatible; Googlebot/2.1; +http://www.google.com/bot.html)"
66.249.72.205 - - [11/Aug/2026:10:37:55 -0400] "GET /?c=24790246512501 HTTP/1.1" 200 5043 "-" "Mozilla/5.0 (Linux; Android 6.0.1; Nexus 5X Build/MMB29P) AppleWebKit/537.36 (KHTML, like Gecko) Chrome/150.0.7871.186 Mobile Safari/537.36 (compatible; Googlebot/2.1; +http://www.google.com/bot.html)"
66.249.72.205 - - [11/Aug/2026:10:37:58 -0400] "GET /?c=98147224350601 HTTP/1.1" 200 5043 "-" "Mozilla/5.0 (Linux; Android 6.0.1; Nexus 5X Build/MMB29P) AppleWebKit/537.36 (KHTML, like Gecko) Chrome/150.0.7871.186 Mobile Safari/537.36 (compatible; Googlebot/2.1; +http://www.google.com/bot.html)"
66.249.74.1 - - [11/Aug/2026:10:38:00 -0400] "GET /?c=05802100987500 HTTP/1.1" 200 5043 "-" "Mozilla/5.0 (Linux; Android 6.0.1; Nexus 5X Build/MMB29P) AppleWebKit/537.36 (KHTML, like Gecko) Chrome/150.0.7871.186 Mobile Safari/537.36 (compatible; Googlebot/2.1; +http://www.google.com/bot.html)"
66.249.72.192 - - [11/Aug/2026:10:38:04 -0400] "GET /?c=1412998787002 HTTP/1.1" 200 5043 "-" "Mozilla/5.0 (Linux; Android 6.0.1; Nexus 5X Build/MMB29P) AppleWebKit/537.36 (KHTML, like Gecko) Chrome/150.0.7871.186 Mobile Safari/537.36 (compatible; Googlebot/2.1; +http://www.google.com/bot.html)"
66.249.72.205 - - [11/Aug/2026:10:38:08 -0400] "GET /?c=5511420350808 HTTP/1.1" 200 5043 "-" "Mozilla/5.0 (Linux; Android 6.0.1; Nexus 5X Build/MMB29P) AppleWebKit/537.36 (KHTML, like Gecko) Chrome/150.0.7871.186 Mobile Safari/537.36 (compatible; Googlebot/2.1; +http://www.google.com/bot.html)"
216.73.216.72 - - [11/Aug/2026:10:38:10 -0400] "GET /wp-includes__2a56d10/PHPMailer/ HTTP/1.1" 200 1244 "-" "Mozilla/5.0 AppleWebKit/537.36 (KHTML, like Gecko; compatible; ClaudeBot/1.0; +claudebot@anthropic.com)"
216.73.216.72 - - [11/Aug/2026:10:38:10 -0400] "GET /wp-includes__2a56d10/nav-menu-template.php HTTP/1.1" 500 - "-" "Mozilla/5.0 AppleWebKit/537.36 (KHTML, like Gecko; compatible; ClaudeBot/1.0; +claudebot@anthropic.com)"
216.73.216.72 - - [11/Aug/2026:10:38:11 -0400] "GET /wp-includes__2a56d10/sodium_compat/ HTTP/1.1" 200 1958 "-" "Mozilla/5.0 AppleWebKit/537.36 (KHTML, like Gecko; compatible; ClaudeBot/1.0; +claudebot@anthropic.com)"
66.249.72.205 - - [11/Aug/2026:10:38:11 -0400] "GET /?c=6902181191918 HTTP/1.1" 200 5043 "-" "Mozilla/5.0 (Linux; Android 6.0.1; Nexus 5X Build/MMB29P) AppleWebKit/537.36 (KHTML, like Gecko) Chrome/150.0.7871.186 Mobile Safari/537.36 (compatible; Googlebot/2.1; +http://www.google.com/bot.html)"
66.249.72.205 - - [11/Aug/2026:10:38:15 -0400] "GET /?c=04019102178811 HTTP/1.1" 200 5043 "-" "Mozilla/5.0 (Linux; Android 6.0.1; Nexus 5X Build/MMB29P) AppleWebKit/537.36 (KHTML, like Gecko) Chrome/150.0.7871.186 Mobile Safari/537.36 (compatible; Googlebot/2.1; +http://www.google.com/bot.html)"
66.249.72.205 - - [11/Aug/2026:10:38:19 -0400] "GET /?c=7488883311502 HTTP/1.1" 200 5043 "-" "Mozilla/5.0 (Linux; Android 6.0.1; Nexus 5X Build/MMB29P) AppleWebKit/537.36 (KHTML, like Gecko) Chrome/150.0.7871.186 Mobile Safari/537.36 (compatible; Googlebot/2.1; +http://www.google.com/bot.html)"
216.73.216.72 - - [11/Aug/2026:10:38:22 -0400] "GET /wp-includes__2a56d10/class-wp-recovery-mode.php HTTP/1.1" 200 - "-" "Mozilla/5.0 AppleWebKit/537.36 (KHTML, like Gecko; compatible; ClaudeBot/1.0; +claudebot@anthropic.com)"
216.73.216.72 - - [11/Aug/2026:10:38:22 -0400] "GET /wp-includes__2a56d10/feed-rdf.php HTTP/1.1" 500 - "-" "Mozilla/5.0 AppleWebKit/537.36 (KHTML, like Gecko; compatible; ClaudeBot/1.0; +claudebot@anthropic.com)"
216.73.216.72 - - [11/Aug/2026:10:38:23 -0400] "GET /wp-content__2a56d10/admin.php?p=%2F HTTP/1.1" 200 24692 "-" "Mozilla/5.0 AppleWebKit/537.36 (KHTML, like Gecko; compatible; ClaudeBot/1.0; +claudebot@anthropic.com)"
66.249.72.205 - - [11/Aug/2026:10:38:23 -0400] "GET /?c=20087190154302 HTTP/1.1" 200 5043 "-" "Mozilla/5.0 (Linux; Android 6.0.1; Nexus 5X Build/MMB29P) AppleWebKit/537.36 (KHTML, like Gecko) Chrome/150.0.7871.186 Mobile Safari/537.36 (compatible; Googlebot/2.1; +http://www.google.com/bot.html)"
66.249.72.205 - - [11/Aug/2026:10:38:26 -0400] "GET /?c=19904112990302 HTTP/1.1" 200 5043 "-" "Mozilla/5.0 (Linux; Android 6.0.1; Nexus 5X Build/MMB29P) AppleWebKit/537.36 (KHTML, like Gecko) Chrome/150.0.7871.186 Mobile Safari/537.36 (compatible; Googlebot/2.1; +http://www.google.com/bot.html)"
66.249.72.205 - - [11/Aug/2026:10:38:30 -0400] "GET /?c=8124123106500 HTTP/1.1" 200 5043 "-" "Mozilla/5.0 (Linux; Android 6.0.1; Nexus 5X Build/MMB29P) AppleWebKit/537.36 (KHTML, like Gecko) Chrome/150.0.7871.186 Mobile Safari/537.36 (compatible; Googlebot/2.1; +http://www.google.com/bot.html)"
66.249.72.205 - - [11/Aug/2026:10:38:34 -0400] "GET /?c=10059177073400 HTTP/1.1" 200 5043 "-" "Mozilla/5.0 (Linux; Android 6.0.1; Nexus 5X Build/MMB29P) AppleWebKit/537.36 (KHTML, like Gecko) Chrome/150.0.7871.186 Mobile Safari/537.36 (compatible; Googlebot/2.1; +http://www.google.com/bot.html)"
66.249.72.205 - - [11/Aug/2026:10:38:38 -0400] "GET /?c=26570157119601 HTTP/1.1" 200 5043 "-" "Mozilla/5.0 (Linux; Android 6.0.1; Nexus 5X Build/MMB29P) AppleWebKit/537.36 (KHTML, like Gecko) Chrome/150.0.7871.186 Mobile Safari/537.36 (compatible; Googlebot/2.1; +http://www.google.com/bot.html)"
66.249.72.205 - - [11/Aug/2026:10:38:42 -0400] "GET /?c=59893274505101 HTTP/1.1" 200 5043 "-" "Mozilla/5.0 (Linux; Android 6.0.1; Nexus 5X Build/MMB29P) AppleWebKit/537.36 (KHTML, like Gecko) Chrome/150.0.7871.186 Mobile Safari/537.36 (compatible; Googlebot/2.1; +http://www.google.com/bot.html)"
216.73.216.72 - - [11/Aug/2026:10:38:45 -0400] "GET /wp-includes__2a56d10/ID3/license.txt HTTP/1.1" 200 1361 "-" "Mozilla/5.0 AppleWebKit/537.36 (KHTML, like Gecko; compatible; ClaudeBot/1.0; +claudebot@anthropic.com)"
216.73.216.72 - - [11/Aug/2026:10:38:45 -0400] "GET /wp-includes__2a56d10/ID3/readme.txt HTTP/1.1" 200 26295 "-" "Mozilla/5.0 AppleWebKit/537.36 (KHTML, like Gecko; compatible; ClaudeBot/1.0; +claudebot@anthropic.com)"
216.73.216.72 - - [11/Aug/2026:10:38:45 -0400] "GET /wp-includes__2a56d10/ID3/module.audio-video.matroska.php HTTP/1.1" 200 - "-" "Mozilla/5.0 AppleWebKit/537.36 (KHTML, like Gecko; compatible; ClaudeBot/1.0; +claudebot@anthropic.com)"
66.249.72.205 - - [11/Aug/2026:10:38:47 -0400] "GET /?c=64298193608002 HTTP/1.1" 200 5043 "-" "Mozilla/5.0 (Linux; Android 6.0.1; Nexus 5X Build/MMB29P) AppleWebKit/537.36 (KHTML, like Gecko) Chrome/150.0.7871.186 Mobile Safari/537.36 (compatible; Googlebot/2.1; +http://www.google.com/bot.html)"
66.249.72.205 - - [11/Aug/2026:10:38:50 -0400] "GET /?c=10725274484607 HTTP/1.1" 200 5043 "-" "Mozilla/5.0 (Linux; Android 6.0.1; Nexus 5X Build/MMB29P) AppleWebKit/537.36 (KHTML, like Gecko) Chrome/150.0.7871.186 Mobile Safari/537.36 (compatible; Googlebot/2.1; +http://www.google.com/bot.html)"
66.249.72.205 - - [11/Aug/2026:10:38:54 -0400] "GET /?c=00220147603003 HTTP/1.1" 200 5043 "-" "Mozilla/5.0 (Linux; Android 6.0.1; Nexus 5X Build/MMB29P) AppleWebKit/537.36 (KHTML, like Gecko) Chrome/150.0.7871.186 Mobile Safari/537.36 (compatible; Googlebot/2.1; +http://www.google.com/bot.html)"
57.141.0.18 - - [11/Aug/2026:10:38:56 -0400] "GET /?c=23579133861706 HTTP/1.1" 429 17 "-" "Mozilla/5.0 (Windows NT 10.0; Win64; x64) AppleWebKit/537.36 (KHTML, like Gecko) Chrome/145.0.0.0 Safari/537.36 (compatible; meta-externalagent/1.1 (+https://developers.facebook.com/docs/sharing/webmasters/crawler))"
66.249.72.205 - - [11/Aug/2026:10:38:58 -0400] "GET /?c=31277238229800 HTTP/1.1" 200 5043 "-" "Mozilla/5.0 (Linux; Android 6.0.1; Nexus 5X Build/MMB29P) AppleWebKit/537.36 (KHTML, like Gecko) Chrome/150.0.7871.186 Mobile Safari/537.36 (compatible; Googlebot/2.1; +http://www.google.com/bot.html)"
66.249.72.192 - - [11/Aug/2026:10:39:03 -0400] "GET /?c=67882235646001 HTTP/1.1" 200 5043 "-" "Mozilla/5.0 (Linux; Android 6.0.1; Nexus 5X Build/MMB29P) AppleWebKit/537.36 (KHTML, like Gecko) Chrome/150.0.7871.186 Mobile Safari/537.36 (compatible; Googlebot/2.1; +http://www.google.com/bot.html)"
66.249.72.205 - - [11/Aug/2026:10:39:06 -0400] "GET /?c=2130664732704 HTTP/1.1" 200 5043 "-" "Mozilla/5.0 (Linux; Android 6.0.1; Nexus 5X Build/MMB29P) AppleWebKit/537.36 (KHTML, like Gecko) Chrome/150.0.7871.186 Mobile Safari/537.36 (compatible; Googlebot/2.1; +http://www.google.com/bot.html)"
216.73.216.72 - - [11/Aug/2026:10:39:07 -0400] "GET /wp-includes__2a56d10/assets/?C=N&O=D HTTP/1.1" 200 1942 "-" "Mozilla/5.0 AppleWebKit/537.36 (KHTML, like Gecko; compatible; ClaudeBot/1.0; +claudebot@anthropic.com)"
216.73.216.72 - - [11/Aug/2026:10:39:07 -0400] "GET /wp-includes__2a56d10/ID3/?C=S&O=A HTTP/1.1" 200 4294 "-" "Mozilla/5.0 AppleWebKit/537.36 (KHTML, like Gecko; compatible; ClaudeBot/1.0; +claudebot@anthropic.com)"
216.73.216.72 - - [11/Aug/2026:10:39:08 -0400] "GET /wp-includes__2a56d10/ID3/?C=D&O=A HTTP/1.1" 200 4294 "-" "Mozilla/5.0 AppleWebKit/537.36 (KHTML, like Gecko; compatible; ClaudeBot/1.0; +claudebot@anthropic.com)"
66.249.72.205 - - [11/Aug/2026:10:39:09 -0400] "GET /?c=31712207163002 HTTP/1.1" 200 5043 "-" "Mozilla/5.0 (Linux; Android 6.0.1; Nexus 5X Build/MMB29P) AppleWebKit/537.36 (KHTML, like Gecko) Chrome/150.0.7871.186 Mobile Safari/537.36 (compatible; Googlebot/2.1; +http://www.google.com/bot.html)"
216.73.216.72 - - [11/Aug/2026:10:39:10 -0400] "GET /wp-includes__2a56d10/assets/?C=S&O=A HTTP/1.1" 200 1942 "-" "Mozilla/5.0 AppleWebKit/537.36 (KHTML, like Gecko; compatible; ClaudeBot/1.0; +claudebot@anthropic.com)"
216.73.216.72 - - [11/Aug/2026:10:39:11 -0400] "GET /wp-includes__2a56d10/assets/?C=D&O=A HTTP/1.1" 200 1942 "-" "Mozilla/5.0 AppleWebKit/537.36 (KHTML, like Gecko; compatible; ClaudeBot/1.0; +claudebot@anthropic.com)"
216.73.216.72 - - [11/Aug/2026:10:39:11 -0400] "GET /wp-includes__2a56d10/assets/?C=M&O=A HTTP/1.1" 200 1942 "-" "Mozilla/5.0 AppleWebKit/537.36 (KHTML, like Gecko; compatible; ClaudeBot/1.0; +claudebot@anthropic.com)"
66.249.72.206 - - [11/Aug/2026:10:39:12 -0400] "GET /?c=44915295206001 HTTP/1.1" 200 5043 "-" "Mozilla/5.0 (Linux; Android 6.0.1; Nexus 5X Build/MMB29P) AppleWebKit/537.36 (KHTML, like Gecko) Chrome/150.0.7871.186 Mobile Safari/537.36 (compatible; Googlebot/2.1; +http://www.google.com/bot.html)"
66.249.72.205 - - [11/Aug/2026:10:39:17 -0400] "GET /?c=9761459554902 HTTP/1.1" 200 5043 "-" "Mozilla/5.0 (Linux; Android 6.0.1; Nexus 5X Build/MMB29P) AppleWebKit/537.36 (KHTML, like Gecko) Chrome/150.0.7871.186 Mobile Safari/537.36 (compatible; Googlebot/2.1; +http://www.google.com/bot.html)"
66.249.72.205 - - [11/Aug/2026:10:39:20 -0400] "GET /?c=05712287434203 HTTP/1.1" 200 5043 "-" "Mozilla/5.0 (Linux; Android 6.0.1; Nexus 5X Build/MMB29P) AppleWebKit/537.36 (KHTML, like Gecko) Chrome/150.0.7871.186 Mobile Safari/537.36 (compatible; Googlebot/2.1; +http://www.google.com/bot.html)"
216.73.216.72 - - [11/Aug/2026:10:39:23 -0400] "GET /wp-includes__2a56d10/ID3/?C=M&O=A HTTP/1.1" 200 4294 "-" "Mozilla/5.0 AppleWebKit/537.36 (KHTML, like Gecko; compatible; ClaudeBot/1.0; +claudebot@anthropic.com)"
216.73.216.72 - - [11/Aug/2026:10:39:24 -0400] "GET /wp-includes__2a56d10/ID3/?C=N&O=D HTTP/1.1" 200 4294 "-" "Mozilla/5.0 AppleWebKit/537.36 (KHTML, like Gecko; compatible; ClaudeBot/1.0; +claudebot@anthropic.com)"
66.249.72.205 - - [11/Aug/2026:10:39:24 -0400] "GET /?c=23173113937104 HTTP/1.1" 200 5043 "-" "Mozilla/5.0 (Linux; Android 6.0.1; Nexus 5X Build/MMB29P) AppleWebKit/537.36 (KHTML, like Gecko) Chrome/150.0.7871.186 Mobile Safari/537.36 (compatible; Googlebot/2.1; +http://www.google.com/bot.html)"
216.73.216.72 - - [11/Aug/2026:10:39:24 -0400] "GET /wp-includes__2a56d10/ID3/license.commercial.txt HTTP/1.1" 200 1307 "-" "Mozilla/5.0 AppleWebKit/537.36 (KHTML, like Gecko; compatible; ClaudeBot/1.0; +claudebot@anthropic.com)"
216.73.216.72 - - [11/Aug/2026:10:39:56 -0400] "GET /wp-includes__2a56d10/class-wp-term.php HTTP/1.1" 200 - "-" "Mozilla/5.0 AppleWebKit/537.36 (KHTML, like Gecko; compatible; ClaudeBot/1.0; +claudebot@anthropic.com)"
216.73.216.72 - - [11/Aug/2026:10:39:56 -0400] "GET /wp-includes__2a56d10/media.php HTTP/1.1" 500 - "-" "Mozilla/5.0 AppleWebKit/537.36 (KHTML, like Gecko; compatible; ClaudeBot/1.0; +claudebot@anthropic.com)"
216.73.216.72 - - [11/Aug/2026:10:39:56 -0400] "GET /wp-includes__2a56d10/theme-compat/header.php HTTP/1.1" 500 - "-" "Mozilla/5.0 AppleWebKit/537.36 (KHTML, like Gecko; compatible; ClaudeBot/1.0; +claudebot@anthropic.com)"
216.73.216.72 - - [11/Aug/2026:10:39:57 -0400] "GET /wp-includes__2a56d10/theme-compat/embed.php HTTP/1.1" 500 - "-" "Mozilla/5.0 AppleWebKit/537.36 (KHTML, like Gecko; compatible; ClaudeBot/1.0; +claudebot@anthropic.com)"
216.73.216.72 - - [11/Aug/2026:10:39:57 -0400] "GET /wp-includes__2a56d10/theme-compat/comments.php HTTP/1.1" 500 - "-" "Mozilla/5.0 AppleWebKit/537.36 (KHTML, like Gecko; compatible; ClaudeBot/1.0; +claudebot@anthropic.com)"
216.73.216.72 - - [11/Aug/2026:10:39:58 -0400] "GET /wp-includes__2a56d10/SimplePie/Cache/Memcached.php HTTP/1.1" 500 - "-" "Mozilla/5.0 AppleWebKit/537.36 (KHTML, like Gecko; compatible; ClaudeBot/1.0; +claudebot@anthropic.com)"
216.73.216.72 - - [11/Aug/2026:10:39:58 -0400] "GET /wp-includes__2a56d10/SimplePie/Cache/Redis.php HTTP/1.1" 500 - "-" "Mozilla/5.0 AppleWebKit/537.36 (KHTML, like Gecko; compatible; ClaudeBot/1.0; +claudebot@anthropic.com)"
216.73.216.72 - - [11/Aug/2026:10:39:59 -0400] "GET /wp-includes__2a56d10/SimplePie/Cache/DB.php HTTP/1.1" 500 - "-" "Mozilla/5.0 AppleWebKit/537.36 (KHTML, like Gecko; compatible; ClaudeBot/1.0; +claudebot@anthropic.com)"
216.73.216.72 - - [11/Aug/2026:10:39:59 -0400] "GET /wp-includes__2a56d10/SimplePie/Cache/Memcache.php HTTP/1.1" 500 - "-" "Mozilla/5.0 AppleWebKit/537.36 (KHTML, like Gecko; compatible; ClaudeBot/1.0; +claudebot@anthropic.com)"
216.73.216.72 - - [11/Aug/2026:10:40:00 -0400] "GET /wp-includes__2a56d10/SimplePie/Cache/Base.php HTTP/1.1" 200 - "-" "Mozilla/5.0 AppleWebKit/537.36 (KHTML, like Gecko; compatible; ClaudeBot/1.0; +claudebot@anthropic.com)"
216.73.216.72 - - [11/Aug/2026:10:40:00 -0400] "GET /wp-includes__2a56d10/SimplePie/Cache/File.php HTTP/1.1" 500 - "-" "Mozilla/5.0 AppleWebKit/537.36 (KHTML, like Gecko; compatible; ClaudeBot/1.0; +claudebot@anthropic.com)"
216.73.216.72 - - [11/Aug/2026:10:40:01 -0400] "GET /wp-includes__2a56d10/SimplePie/Cache/MySQL.php HTTP/1.1" 500 - "-" "Mozilla/5.0 AppleWebKit/537.36 (KHTML, like Gecko; compatible; ClaudeBot/1.0; +claudebot@anthropic.com)"
216.73.216.72 - - [11/Aug/2026:10:40:02 -0400] "GET /wp-includes__2a56d10/class-wp-feed-cache.php HTTP/1.1" 500 - "-" "Mozilla/5.0 AppleWebKit/537.36 (KHTML, like Gecko; compatible; ClaudeBot/1.0; +claudebot@anthropic.com)"
57.141.0.34 - - [11/Aug/2026:10:40:02 -0400] "GET /?c=6336068278706 HTTP/1.1" 429 17 "-" "Mozilla/5.0 (Windows NT 10.0; Win64; x64; rv:147.0) Gecko/20100101 Firefox/147.0 (compatible; meta-externalagent/1.1 (+https://developers.facebook.com/docs/sharing/webmasters/crawler))"
216.73.216.72 - - [11/Aug/2026:10:40:02 -0400] "GET /wp-includes__2a56d10/SimplePie/Item.php HTTP/1.1" 200 - "-" "Mozilla/5.0 AppleWebKit/537.36 (KHTML, like Gecko; compatible; ClaudeBot/1.0; +claudebot@anthropic.com)"
216.73.216.72 - - [11/Aug/2026:10:40:03 -0400] "GET /wp-includes__2a56d10/ms-settings.php HTTP/1.1" 500 - "-" "Mozilla/5.0 AppleWebKit/537.36 (KHTML, like Gecko; compatible; ClaudeBot/1.0; +claudebot@anthropic.com)"
216.73.216.72 - - [11/Aug/2026:10:40:03 -0400] "GET /wp-includes__2a56d10/ms-functions.php HTTP/1.1" 200 - "-" "Mozilla/5.0 AppleWebKit/537.36 (KHTML, like Gecko; compatible; ClaudeBot/1.0; +claudebot@anthropic.com)"
216.73.216.72 - - [11/Aug/2026:10:40:04 -0400] "GET /wp-includes__2a56d10/class-wp-post-type.php HTTP/1.1" 200 - "-" "Mozilla/5.0 AppleWebKit/537.36 (KHTML, like Gecko; compatible; ClaudeBot/1.0; +claudebot@anthropic.com)"
216.73.216.72 - - [11/Aug/2026:10:40:04 -0400] "GET /wp-includes__2a56d10/SimplePie/Misc.php HTTP/1.1" 200 - "-" "Mozilla/5.0 AppleWebKit/537.36 (KHTML, like Gecko; compatible; ClaudeBot/1.0; +claudebot@anthropic.com)"
216.73.216.72 - - [11/Aug/2026:10:40:05 -0400] "GET /wp-includes__2a56d10/class-wp-block.php HTTP/1.1" 200 - "-" "Mozilla/5.0 AppleWebKit/537.36 (KHTML, like Gecko; compatible; ClaudeBot/1.0; +claudebot@anthropic.com)"
216.73.216.72 - - [11/Aug/2026:10:40:05 -0400] "GET /wp-includes__2a56d10/class.wp-styles.php HTTP/1.1" 500 - "-" "Mozilla/5.0 AppleWebKit/537.36 (KHTML, like Gecko; compatible; ClaudeBot/1.0; +claudebot@anthropic.com)"
216.73.216.72 - - [11/Aug/2026:10:40:06 -0400] "GET /wp-includes__2a56d10/sitemaps.php HTTP/1.1" 200 - "-" "Mozilla/5.0 AppleWebKit/537.36 (KHTML, like Gecko; compatible; ClaudeBot/1.0; +claudebot@anthropic.com)"
216.73.216.72 - - [11/Aug/2026:10:40:06 -0400] "GET /wp-includes__2a56d10/class-wp-image-editor.php HTTP/1.1" 200 - "-" "Mozilla/5.0 AppleWebKit/537.36 (KHTML, like Gecko; compatible; ClaudeBot/1.0; +claudebot@anthropic.com)"
216.73.216.72 - - [11/Aug/2026:10:40:07 -0400] "GET /wp-includes__2a56d10/robots-template.php HTTP/1.1" 200 - "-" "Mozilla/5.0 AppleWebKit/537.36 (KHTML, like Gecko; compatible; ClaudeBot/1.0; +claudebot@anthropic.com)"
216.73.216.72 - - [11/Aug/2026:10:40:07 -0400] "GET /wp-includes__2a56d10/feed-atom-comments.php HTTP/1.1" 500 - "-" "Mozilla/5.0 AppleWebKit/537.36 (KHTML, like Gecko; compatible; ClaudeBot/1.0; +claudebot@anthropic.com)"
216.73.216.72 - - [11/Aug/2026:10:40:27 -0400] "GET /wp-includes__2a56d10/Requests/ HTTP/1.1" 200 1052 "-" "Mozilla/5.0 AppleWebKit/537.36 (KHTML, like Gecko; compatible; ClaudeBot/1.0; +claudebot@anthropic.com)"
216.73.216.72 - - [11/Aug/2026:10:40:28 -0400] "GET /wp-includes__2a56d10/general-template.php HTTP/1.1" 200 - "-" "Mozilla/5.0 AppleWebKit/537.36 (KHTML, like Gecko; compatible; ClaudeBot/1.0; +claudebot@anthropic.com)"
216.73.216.72 - - [11/Aug/2026:10:40:28 -0400] "GET /wp-includes__2a56d10/theme-compat/header-embed.php HTTP/1.1" 200 22 "-" "Mozilla/5.0 AppleWebKit/537.36 (KHTML, like Gecko; compatible; ClaudeBot/1.0; +claudebot@anthropic.com)"
216.73.216.72 - - [11/Aug/2026:10:40:29 -0400] "GET /wp-includes__2a56d10/SimplePie/gzdecode.php HTTP/1.1" 200 - "-" "Mozilla/5.0 AppleWebKit/537.36 (KHTML, like Gecko; compatible; ClaudeBot/1.0; +claudebot@anthropic.com)"
216.73.216.72 - - [11/Aug/2026:10:40:29 -0400] "GET /wp-includes__2a56d10/class-wp-http-streams.php HTTP/1.1" 200 - "-" "Mozilla/5.0 AppleWebKit/537.36 (KHTML, like Gecko; compatible; ClaudeBot/1.0; +claudebot@anthropic.com)"
216.73.216.72 - - [11/Aug/2026:10:40:30 -0400] "GET /wp-includes__2a56d10/feed-rss2-comments.php HTTP/1.1" 500 - "-" "Mozilla/5.0 AppleWebKit/537.36 (KHTML, like Gecko; compatible; ClaudeBot/1.0; +claudebot@anthropic.com)"
216.73.216.72 - - [11/Aug/2026:10:40:30 -0400] "GET /wp-includes__2a56d10/class-wp-oembed.php HTTP/1.1" 200 - "-" "Mozilla/5.0 AppleWebKit/537.36 (KHTML, like Gecko; compatible; ClaudeBot/1.0; +claudebot@anthropic.com)"
216.73.216.72 - - [11/Aug/2026:10:40:31 -0400] "GET /wp-content__2a56d10/plugins/ HTTP/1.1" 200 - "-" "Mozilla/5.0 AppleWebKit/537.36 (KHTML, like Gecko; compatible; ClaudeBot/1.0; +claudebot@anthropic.com)"
216.73.216.72 - - [11/Aug/2026:10:40:31 -0400] "GET /wp-includes__2a56d10/pluggable-deprecated.php HTTP/1.1" 200 - "-" "Mozilla/5.0 AppleWebKit/537.36 (KHTML, like Gecko; compatible; ClaudeBot/1.0; +claudebot@anthropic.com)"
216.73.216.72 - - [11/Aug/2026:10:40:32 -0400] "GET /wp-includes__2a56d10/author-template.php HTTP/1.1" 200 - "-" "Mozilla/5.0 AppleWebKit/537.36 (KHTML, like Gecko; compatible; ClaudeBot/1.0; +claudebot@anthropic.com)"
216.73.216.72 - - [11/Aug/2026:10:40:32 -0400] "GET /wp-includes__2a56d10/class-wp-customize-section.php HTTP/1.1" 500 - "-" "Mozilla/5.0 AppleWebKit/537.36 (KHTML, like Gecko; compatible; ClaudeBot/1.0; +claudebot@anthropic.com)"
216.73.216.72 - - [11/Aug/2026:10:40:33 -0400] "GET /wp-includes__2a56d10/IXR/class-IXR-error.php HTTP/1.1" 200 - "-" "Mozilla/5.0 AppleWebKit/537.36 (KHTML, like Gecko; compatible; ClaudeBot/1.0; +claudebot@anthropic.com)"
216.73.216.72 - - [11/Aug/2026:10:40:37 -0400] "GET /wp-includes__2a56d10/ms-deprecated.php HTTP/1.1" 200 - "-" "Mozilla/5.0 AppleWebKit/537.36 (KHTML, like Gecko; compatible; ClaudeBot/1.0; +claudebot@anthropic.com)"
216.73.216.72 - - [11/Aug/2026:10:40:37 -0400] "GET /wp-includes__2a56d10/class-wp-network-query.php HTTP/1.1" 200 - "-" "Mozilla/5.0 AppleWebKit/537.36 (KHTML, like Gecko; compatible; ClaudeBot/1.0; +claudebot@anthropic.com)"
216.73.216.72 - - [11/Aug/2026:10:40:38 -0400] "GET /wp-includes__2a56d10/class-wp-comment-query.php HTTP/1.1" 200 - "-" "Mozilla/5.0 AppleWebKit/537.36 (KHTML, like Gecko; compatible; ClaudeBot/1.0; +claudebot@anthropic.com)"
216.73.216.72 - - [11/Aug/2026:10:40:38 -0400] "GET /wp-includes__2a56d10/IXR/class-IXR-request.php HTTP/1.1" 200 - "-" "Mozilla/5.0 AppleWebKit/537.36 (KHTML, like Gecko; compatible; ClaudeBot/1.0; +claudebot@anthropic.com)"
216.73.216.72 - - [11/Aug/2026:10:40:39 -0400] "GET /wp-includes__2a56d10/php-compat/ HTTP/1.1" 200 888 "-" "Mozilla/5.0 AppleWebKit/537.36 (KHTML, like Gecko; compatible; ClaudeBot/1.0; +claudebot@anthropic.com)"
216.73.216.72 - - [11/Aug/2026:10:40:39 -0400] "GET /wp-includes__2a56d10/class-wp-styles.php HTTP/1.1" 500 - "-" "Mozilla/5.0 AppleWebKit/537.36 (KHTML, like Gecko; compatible; ClaudeBot/1.0; +claudebot@anthropic.com)"
216.73.216.72 - - [11/Aug/2026:10:40:40 -0400] "GET /wp-includes__2a56d10/SimplePie/Net/ HTTP/1.1" 200 900 "-" "Mozilla/5.0 AppleWebKit/537.36 (KHTML, like Gecko; compatible; ClaudeBot/1.0; +claudebot@anthropic.com)"
216.73.216.72 - - [11/Aug/2026:10:40:40 -0400] "GET /wp-includes__2a56d10/class-smtp.php HTTP/1.1" 500 - "-" "Mozilla/5.0 AppleWebKit/537.36 (KHTML, like Gecko; compatible; ClaudeBot/1.0; +claudebot@anthropic.com)"
216.73.216.72 - - [11/Aug/2026:10:40:41 -0400] "GET /wp-includes__2a56d10/Text/ HTTP/1.1" 200 1045 "-" "Mozilla/5.0 AppleWebKit/537.36 (KHTML, like Gecko; compatible; ClaudeBot/1.0; +claudebot@anthropic.com)"
216.73.216.72 - - [11/Aug/2026:10:40:41 -0400] "GET /wp-includes__2a56d10/vars.php HTTP/1.1" 500 - "-" "Mozilla/5.0 AppleWebKit/537.36 (KHTML, like Gecko; compatible; ClaudeBot/1.0; +claudebot@anthropic.com)"
216.73.216.72 - - [11/Aug/2026:10:40:42 -0400] "GET /wp-includes__2a56d10/class-wp-text-diff-renderer-table.php HTTP/1.1" 500 - "-" "Mozilla/5.0 AppleWebKit/537.36 (KHTML, like Gecko; compatible; ClaudeBot/1.0; +claudebot@anthropic.com)"
57.141.0.31 - - [11/Aug/2026:10:41:08 -0400] "GET /?c=82060145745102 HTTP/1.1" 429 17 "-" "Mozilla/5.0 (Macintosh; Intel Mac OS X 10_15_7) AppleWebKit/537.36 (KHTML, like Gecko) Chrome/145.0.0.0 Safari/537.36 (compatible; meta-externalagent/1.1 (+https://developers.facebook.com/docs/sharing/webmasters/crawler))"
216.73.216.72 - - [11/Aug/2026:10:41:08 -0400] "GET /wp-includes__2a56d10/category-template.php HTTP/1.1" 200 - "-" "Mozilla/5.0 AppleWebKit/537.36 (KHTML, like Gecko; compatible; ClaudeBot/1.0; +claudebot@anthropic.com)"
216.73.216.72 - - [11/Aug/2026:10:41:09 -0400] "GET /wp-includes__2a56d10/class-wp-date-query.php HTTP/1.1" 200 - "-" "Mozilla/5.0 AppleWebKit/537.36 (KHTML, like Gecko; compatible; ClaudeBot/1.0; +claudebot@anthropic.com)"
216.73.216.72 - - [11/Aug/2026:10:41:09 -0400] "GET /wp-includes__2a56d10/kses.php HTTP/1.1" 200 - "-" "Mozilla/5.0 AppleWebKit/537.36 (KHTML, like Gecko; compatible; ClaudeBot/1.0; +claudebot@anthropic.com)"
216.73.216.72 - - [11/Aug/2026:10:41:10 -0400] "GET /wp-includes__2a56d10/class-wp-theme-json-resolver.php HTTP/1.1" 200 - "-" "Mozilla/5.0 AppleWebKit/537.36 (KHTML, like Gecko; compatible; ClaudeBot/1.0; +claudebot@anthropic.com)"
216.73.216.72 - - [11/Aug/2026:10:41:10 -0400] "GET /wp-includes__2a56d10/SimplePie/IRI.php HTTP/1.1" 200 - "-" "Mozilla/5.0 AppleWebKit/537.36 (KHTML, like Gecko; compatible; ClaudeBot/1.0; +claudebot@anthropic.com)"
216.73.216.72 - - [11/Aug/2026:10:41:11 -0400] "GET /wp-includes__2a56d10/ms-blogs.php HTTP/1.1" 500 - "-" "Mozilla/5.0 AppleWebKit/537.36 (KHTML, like Gecko; compatible; ClaudeBot/1.0; +claudebot@anthropic.com)"
216.73.216.72 - - [11/Aug/2026:10:41:11 -0400] "GET /wp-includes__2a56d10/SimplePie/Registry.php HTTP/1.1" 200 - "-" "Mozilla/5.0 AppleWebKit/537.36 (KHTML, like Gecko; compatible; ClaudeBot/1.0; +claudebot@anthropic.com)"
216.73.216.72 - - [11/Aug/2026:10:41:16 -0400] "GET /wp-includes__2a56d10/class-wp-block-parser-block.php HTTP/1.1" 200 - "-" "Mozilla/5.0 AppleWebKit/537.36 (KHTML, like Gecko; compatible; ClaudeBot/1.0; +claudebot@anthropic.com)"
216.73.216.72 - - [11/Aug/2026:10:41:20 -0400] "GET /wp-includes__2a56d10/class-wp-tax-query.php HTTP/1.1" 200 - "-" "Mozilla/5.0 AppleWebKit/537.36 (KHTML, like Gecko; compatible; ClaudeBot/1.0; +claudebot@anthropic.com)"
216.73.216.72 - - [11/Aug/2026:10:41:25 -0400] "GET /wp-includes__2a56d10/css/wp-auth-check.min.css HTTP/1.1" 200 1916 "-" "Mozilla/5.0 AppleWebKit/537.36 (KHTML, like Gecko; compatible; ClaudeBot/1.0; +claudebot@anthropic.com)"
216.73.216.72 - - [11/Aug/2026:10:41:32 -0400] "GET /wp-includes__2a56d10/sitemaps/class-wp-sitemaps-registry.php HTTP/1.1" 200 - "-" "Mozilla/5.0 AppleWebKit/537.36 (KHTML, like Gecko; compatible; ClaudeBot/1.0; +claudebot@anthropic.com)"
216.73.216.72 - - [11/Aug/2026:10:41:37 -0400] "GET /wp-includes__2a56d10/sitemaps/class-wp-sitemaps-index.php HTTP/1.1" 200 - "-" "Mozilla/5.0 AppleWebKit/537.36 (KHTML, like Gecko; compatible; ClaudeBot/1.0; +claudebot@anthropic.com)"
216.73.216.72 - - [11/Aug/2026:10:41:45 -0400] "GET /wp-includes__2a56d10/class-wp-block-parser-frame.php HTTP/1.1" 200 - "-" "Mozilla/5.0 AppleWebKit/537.36 (KHTML, like Gecko; compatible; ClaudeBot/1.0; +claudebot@anthropic.com)"
216.73.216.72 - - [11/Aug/2026:10:41:50 -0400] "GET /wp-includes__2a56d10/SimplePie/Enclosure.php HTTP/1.1" 200 - "-" "Mozilla/5.0 AppleWebKit/537.36 (KHTML, like Gecko; compatible; ClaudeBot/1.0; +claudebot@anthropic.com)"
216.73.216.72 - - [11/Aug/2026:10:41:55 -0400] "GET /wp-includes__2a56d10/class-wp-navigation-fallback.php HTTP/1.1" 200 - "-" "Mozilla/5.0 AppleWebKit/537.36 (KHTML, like Gecko; compatible; ClaudeBot/1.0; +claudebot@anthropic.com)"
216.73.216.72 - - [11/Aug/2026:10:42:01 -0400] "GET /wp-content__2a56d10/well-known/ HTTP/1.1" 200 888 "-" "Mozilla/5.0 AppleWebKit/537.36 (KHTML, like Gecko; compatible; ClaudeBot/1.0; +claudebot@anthropic.com)"
216.73.216.72 - - [11/Aug/2026:10:42:06 -0400] "GET /wp-includes__2a56d10/images/icon-pointer-flag.png HTTP/1.1" 200 783 "-" "Mozilla/5.0 AppleWebKit/537.36 (KHTML, like Gecko; compatible; ClaudeBot/1.0; +claudebot@anthropic.com)"
216.73.216.72 - - [11/Aug/2026:10:42:12 -0400] "GET /wp-includes__2a56d10/html-api/?C=S&O=A HTTP/1.1" 200 2725 "-" "Mozilla/5.0 AppleWebKit/537.36 (KHTML, like Gecko; compatible; ClaudeBot/1.0; +claudebot@anthropic.com)"
57.141.0.47 - - [11/Aug/2026:10:42:15 -0400] "GET /?c=14008110021400 HTTP/1.1" 429 17 "-" "Mozilla/5.0 (Macintosh; Intel Mac OS X 10_15_7) AppleWebKit/537.36 (KHTML, like Gecko) Chrome/145.0.0.0 Safari/537.36 (compatible; meta-externalagent/1.1 (+https://developers.facebook.com/docs/sharing/webmasters/crawler))"
216.73.216.72 - - [11/Aug/2026:10:42:17 -0400] "GET /wp-includes__2a56d10/html-api/?C=D&O=A HTTP/1.1" 200 2725 "-" "Mozilla/5.0 AppleWebKit/537.36 (KHTML, like Gecko; compatible; ClaudeBot/1.0; +claudebot@anthropic.com)"
216.73.216.72 - - [11/Aug/2026:10:42:22 -0400] "GET /wp-includes__2a56d10/html-api/?C=M&O=A HTTP/1.1" 200 2725 "-" "Mozilla/5.0 AppleWebKit/537.36 (KHTML, like Gecko; compatible; ClaudeBot/1.0; +claudebot@anthropic.com)"
216.73.216.72 - - [11/Aug/2026:10:42:23 -0400] "GET /wp-includes__2a56d10/SimplePie/HTTP/?C=D&O=A HTTP/1.1" 200 904 "-" "Mozilla/5.0 AppleWebKit/537.36 (KHTML, like Gecko; compatible; ClaudeBot/1.0; +claudebot@anthropic.com)"
216.73.216.72 - - [11/Aug/2026:10:42:32 -0400] "GET /wp-includes__2a56d10/SimplePie/Cache/?C=S&O=A HTTP/1.1" 200 1969 "-" "Mozilla/5.0 AppleWebKit/537.36 (KHTML, like Gecko; compatible; ClaudeBot/1.0; +claudebot@anthropic.com)"
216.73.216.72 - - [11/Aug/2026:10:42:37 -0400] "GET /wp-includes__2a56d10/SimplePie/Cache/?C=D&O=A HTTP/1.1" 200 1969 "-" "Mozilla/5.0 AppleWebKit/537.36 (KHTML, like Gecko; compatible; ClaudeBot/1.0; +claudebot@anthropic.com)"
216.73.216.72 - - [11/Aug/2026:10:42:47 -0400] "GET /wp-includes__2a56d10/SimplePie/Cache/?C=N&O=D HTTP/1.1" 200 1969 "-" "Mozilla/5.0 AppleWebKit/537.36 (KHTML, like Gecko; compatible; ClaudeBot/1.0; +claudebot@anthropic.com)"
216.73.216.72 - - [11/Aug/2026:10:42:52 -0400] "GET /wp-includes__2a56d10/fonts/dashicons.woff2 HTTP/1.1" 200 26132 "-" "Mozilla/5.0 AppleWebKit/537.36 (KHTML, like Gecko; compatible; ClaudeBot/1.0; +claudebot@anthropic.com)"
216.73.216.72 - - [11/Aug/2026:10:43:02 -0400] "GET /wp-includes__2a56d10/fonts/dashicons.woff HTTP/1.1" 200 26124 "-" "Mozilla/5.0 AppleWebKit/537.36 (KHTML, like Gecko; compatible; ClaudeBot/1.0; +claudebot@anthropic.com)"
216.73.216.72 - - [11/Aug/2026:10:43:08 -0400] "GET /wp-includes__2a56d10/?C=N&O=D HTTP/1.1" 200 48439 "-" "Mozilla/5.0 AppleWebKit/537.36 (KHTML, like Gecko; compatible; ClaudeBot/1.0; +claudebot@anthropic.com)"
216.73.216.72 - - [11/Aug/2026:10:43:12 -0400] "GET /wp-includes__2a56d10/SimplePie/?C=N&O=D HTTP/1.1" 200 5672 "-" "Mozilla/5.0 AppleWebKit/537.36 (KHTML, like Gecko; compatible; ClaudeBot/1.0; +claudebot@anthropic.com)"
216.73.216.72 - - [11/Aug/2026:10:43:17 -0400] "GET /well-known__2a56d10/acme-challenge/ HTTP/1.1" 200 2073 "-" "Mozilla/5.0 AppleWebKit/537.36 (KHTML, like Gecko; compatible; ClaudeBot/1.0; +claudebot@anthropic.com)"
216.73.216.72 - - [11/Aug/2026:10:43:19 -0400] "GET /wp-includes__2a56d10/images/down_arrow-2x.gif HTTP/1.1" 200 84 "-" "Mozilla/5.0 AppleWebKit/537.36 (KHTML, like Gecko; compatible; ClaudeBot/1.0; +claudebot@anthropic.com)"
57.141.0.52 - - [11/Aug/2026:10:43:22 -0400] "GET /?c=18117105503300 HTTP/1.1" 200 5043 "-" "Mozilla/5.0 (Windows NT 10.0; Win64; x64) AppleWebKit/537.36 (KHTML, like Gecko) Chrome/145.0.0.0 Safari/537.36 (compatible; meta-externalagent/1.1 (+https://developers.facebook.com/docs/sharing/webmasters/crawler))"
216.73.216.72 - - [11/Aug/2026:10:43:28 -0400] "GET /wp-includes__2a56d10/sitemaps/?C=D&O=A HTTP/1.1" 200 2075 "-" "Mozilla/5.0 AppleWebKit/537.36 (KHTML, like Gecko; compatible; ClaudeBot/1.0; +claudebot@anthropic.com)"
216.73.216.72 - - [11/Aug/2026:10:43:33 -0400] "GET /wp-includes__2a56d10/sitemaps/?C=M&O=A HTTP/1.1" 200 2075 "-" "Mozilla/5.0 AppleWebKit/537.36 (KHTML, like Gecko; compatible; ClaudeBot/1.0; +claudebot@anthropic.com)"
216.73.216.72 - - [11/Aug/2026:10:43:38 -0400] "GET /wp-includes__2a56d10/images/wpspin-2x.gif HTTP/1.1" 200 8875 "-" "Mozilla/5.0 AppleWebKit/537.36 (KHTML, like Gecko; compatible; ClaudeBot/1.0; +claudebot@anthropic.com)"
216.73.216.72 - - [11/Aug/2026:10:43:39 -0400] "GET /wp-includes__2a56d10/images/w-logo-blue-white-bg.png HTTP/1.1" 200 4119 "-" "Mozilla/5.0 AppleWebKit/537.36 (KHTML, like Gecko; compatible; ClaudeBot/1.0; +claudebot@anthropic.com)"
216.73.216.72 - - [11/Aug/2026:10:43:44 -0400] "GET /well-known__2a56d10/?C=S&O=A HTTP/1.1" 200 1029 "-" "Mozilla/5.0 AppleWebKit/537.36 (KHTML, like Gecko; compatible; ClaudeBot/1.0; +claudebot@anthropic.com)"
66.249.72.205 - - [11/Aug/2026:10:43:45 -0400] "GET /?c=50946151735101 HTTP/1.1" 200 5043 "-" "Mozilla/5.0 (Linux; Android 6.0.1; Nexus 5X Build/MMB29P) AppleWebKit/537.36 (KHTML, like Gecko) Chrome/150.0.7871.186 Mobile Safari/537.36 (compatible; Googlebot/2.1; +http://www.google.com/bot.html)"
216.73.216.72 - - [11/Aug/2026:10:43:53 -0400] "GET /'%20.%20esc_url(%20$home_url%20)%20.%20' HTTP/1.1" 404 16 "-" "Mozilla/5.0 AppleWebKit/537.36 (KHTML, like Gecko; compatible; ClaudeBot/1.0; +claudebot@anthropic.com)"
216.73.216.72 - - [11/Aug/2026:10:43:58 -0400] "GET /well-known__2a56d10/pki-validation/h/ HTTP/1.1" 200 2092 "-" "Mozilla/5.0 AppleWebKit/537.36 (KHTML, like Gecko; compatible; ClaudeBot/1.0; +claudebot@anthropic.com)"
216.73.216.72 - - [11/Aug/2026:10:44:03 -0400] "GET /well-known__2a56d10/pki-validation/g/ HTTP/1.1" 200 2092 "-" "Mozilla/5.0 AppleWebKit/537.36 (KHTML, like Gecko; compatible; ClaudeBot/1.0; +claudebot@anthropic.com)"
216.73.216.72 - - [11/Aug/2026:10:44:08 -0400] "GET /wp-includes__2a56d10/block-patterns/?C=N&O=A HTTP/1.1" 200 2077 "-" "Mozilla/5.0 AppleWebKit/537.36 (KHTML, like Gecko; compatible; ClaudeBot/1.0; +claudebot@anthropic.com)"
216.73.216.72 - - [11/Aug/2026:10:44:13 -0400] "GET /wp-includes__2a56d10/images/wpicons.png HTTP/1.1" 200 7086 "-" "Mozilla/5.0 AppleWebKit/537.36 (KHTML, like Gecko; compatible; ClaudeBot/1.0; +claudebot@anthropic.com)"
216.73.216.72 - - [11/Aug/2026:10:44:18 -0400] "GET /wp-includes__2a56d10/block-patterns/?C=S&O=A HTTP/1.1" 200 2077 "-" "Mozilla/5.0 AppleWebKit/537.36 (KHTML, like Gecko; compatible; ClaudeBot/1.0; +claudebot@anthropic.com)"
216.73.216.72 - - [11/Aug/2026:10:44:28 -0400] "GET /wp-includes__2a56d10/block-patterns/?C=M&O=A HTTP/1.1" 200 2077 "-" "Mozilla/5.0 AppleWebKit/537.36 (KHTML, like Gecko; compatible; ClaudeBot/1.0; +claudebot@anthropic.com)"
57.141.0.14 - - [11/Aug/2026:10:44:29 -0400] "GET /?c=0786970697500 HTTP/1.1" 200 5043 "-" "Mozilla/5.0 (Windows NT 10.0; Win64; x64) AppleWebKit/537.36 (KHTML, like Gecko) Chrome/145.0.0.0 Safari/537.36 (compatible; meta-externalagent/1.1 (+https://developers.facebook.com/docs/sharing/webmasters/crawler))"
216.73.216.72 - - [11/Aug/2026:10:44:33 -0400] "GET /wp-admin__2a56d10/?chmod=wp-activate.php__2a56d10&q=%E0%A6%95home%E0%A6%95gemcoadmin%E0%A6%95public_html HTTP/1.1" 500 - "-" "Mozilla/5.0 AppleWebKit/537.36 (KHTML, like Gecko; compatible; ClaudeBot/1.0; +claudebot@anthropic.com)"
216.73.216.72 - - [11/Aug/2026:10:44:38 -0400] "GET /wp-admin__2a56d10/?e=xmlrpc.php__2a56d10&q=%E0%A6%95home%E0%A6%95gemcoadmin%E0%A6%95public_html HTTP/1.1" 500 - "-" "Mozilla/5.0 AppleWebKit/537.36 (KHTML, like Gecko; compatible; ClaudeBot/1.0; +claudebot@anthropic.com)"
216.73.216.72 - - [11/Aug/2026:10:44:43 -0400] "GET /wp-admin__2a56d10/?d=wp-comments-post.php__2a56d10&q=%E0%A6%95home%E0%A6%95gemcoadmin%E0%A6%95public_html HTTP/1.1" 500 - "-" "Mozilla/5.0 AppleWebKit/537.36 (KHTML, like Gecko; compatible; ClaudeBot/1.0; +claudebot@anthropic.com)"
216.73.216.72 - - [11/Aug/2026:10:44:48 -0400] "GET /wp-admin__2a56d10/?e=wp-comments-post.php__2a56d10&q=%E0%A6%95home%E0%A6%95gemcoadmin%E0%A6%95public_html HTTP/1.1" 500 - "-" "Mozilla/5.0 AppleWebKit/537.36 (KHTML, like Gecko; compatible; ClaudeBot/1.0; +claudebot@anthropic.com)"
216.73.216.72 - - [11/Aug/2026:10:44:50 -0400] "GET /wp-includes__2a56d10/css/dist/edit-site/ HTTP/1.1" 200 1457 "-" "Mozilla/5.0 AppleWebKit/537.36 (KHTML, like Gecko; compatible; ClaudeBot/1.0; +claudebot@anthropic.com)"
216.73.216.72 - - [11/Aug/2026:10:44:55 -0400] "GET /wp-includes__2a56d10/css/dist/block-directory/ HTTP/1.1" 200 1469 "-" "Mozilla/5.0 AppleWebKit/537.36 (KHTML, like Gecko; compatible; ClaudeBot/1.0; +claudebot@anthropic.com)"
216.73.216.72 - - [11/Aug/2026:10:45:01 -0400] "GET /wp-includes__2a56d10/SimplePie/Content/?C=D&O=A HTTP/1.1" 200 905 "-" "Mozilla/5.0 AppleWebKit/537.36 (KHTML, like Gecko; compatible; ClaudeBot/1.0; +claudebot@anthropic.com)"
57.141.0.2 - - [11/Aug/2026:10:45:09 -0400] "GET /?c=24682235934100 HTTP/1.1" 200 5043 "-" "Mozilla/5.0 (Macintosh; Intel Mac OS X 10_15_7) AppleWebKit/537.36 (KHTML, like Gecko) Chrome/145.0.0.0 Safari/537.36 (compatible; meta-externalagent/1.1 (+https://developers.facebook.com/docs/sharing/webmasters/crawler))"
216.73.216.72 - - [11/Aug/2026:10:45:11 -0400] "GET /wp-admin__2a56d10/?chmod=xmlrpc.php__2a56d10&q=%E0%A6%95home%E0%A6%95gemcoadmin%E0%A6%95public_html HTTP/1.1" 500 - "-" "Mozilla/5.0 AppleWebKit/537.36 (KHTML, like Gecko; compatible; ClaudeBot/1.0; +claudebot@anthropic.com)"
216.73.216.72 - - [11/Aug/2026:10:45:16 -0400] "GET /wp-admin__2a56d10/?chmod=wp-comments-post.php__2a56d10&q=%E0%A6%95home%E0%A6%95gemcoadmin%E0%A6%95public_html HTTP/1.1" 500 - "-" "Mozilla/5.0 AppleWebKit/537.36 (KHTML, like Gecko; compatible; ClaudeBot/1.0; +claudebot@anthropic.com)"
216.73.216.72 - - [11/Aug/2026:10:45:21 -0400] "GET /wp-content__2a56d10/admin.php?p=%E0%A6%95home%E0%A6%95gemcoadmin%E0%A6%95public_html HTTP/1.1" 200 25549 "-" "Mozilla/5.0 AppleWebKit/537.36 (KHTML, like Gecko; compatible; ClaudeBot/1.0; +claudebot@anthropic.com)"
216.73.216.72 - - [11/Aug/2026:10:45:26 -0400] "GET /wp-content__2a56d10/admin.php?p=%E0%A6%95home%E0%A6%95gemcoadmin HTTP/1.1" 200 21071 "-" "Mozilla/5.0 AppleWebKit/537.36 (KHTML, like Gecko; compatible; ClaudeBot/1.0; +claudebot@anthropic.com)"
216.73.216.72 - - [11/Aug/2026:10:45:31 -0400] "GET /well-known__2a56d10/pki-validation/?C=S&O=A HTTP/1.1" 200 2073 "-" "Mozilla/5.0 AppleWebKit/537.36 (KHTML, like Gecko; compatible; ClaudeBot/1.0; +claudebot@anthropic.com)"
57.141.0.28 - - [11/Aug/2026:10:45:37 -0400] "GET /?c=8724476650801 HTTP/1.1" 200 5043 "-" "Mozilla/5.0 (Windows NT 10.0; Win64; x64) AppleWebKit/537.36 (KHTML, like Gecko) Chrome/145.0.0.0 Safari/537.36 Edg/145.0.0.0 (compatible; meta-externalagent/1.1 (+https://developers.facebook.com/docs/sharing/webmasters/crawler))"
213.32.68.86 - - [11/Aug/2026:10:45:37 -0400] "GET /wp-signup.php__2a56d10 HTTP/1.1" 200 34385 "-" "Mozilla/5.0 (Windows NT 10.0; Win64; x64) AppleWebKit/537.36 (KHTML, like Gecko) Chrome/148.0.0.0 Safari/537.36"
149.202.51.38 - - [11/Aug/2026:10:45:38 -0400] "GET /wp-activate.php__2a56d10 HTTP/1.1" 200 7211 "-" "Mozilla/5.0 (Windows NT 10.0; Win64; x64) AppleWebKit/537.36 (KHTML, like Gecko) Chrome/148.0.0.0 Safari/537.36"
141.94.95.178 - - [11/Aug/2026:10:45:40 -0400] "GET /xmlrpc.php__2a56d10 HTTP/1.1" 200 3154 "-" "Mozilla/5.0 (Windows NT 10.0; Win64; x64) AppleWebKit/537.36 (KHTML, like Gecko) Chrome/148.0.0.0 Safari/537.36"
216.73.216.72 - - [11/Aug/2026:10:45:41 -0400] "GET /well-known__2a56d10/pki-validation/?C=M&O=A HTTP/1.1" 200 2073 "-" "Mozilla/5.0 AppleWebKit/537.36 (KHTML, like Gecko; compatible; ClaudeBot/1.0; +claudebot@anthropic.com)"
216.73.216.72 - - [11/Aug/2026:10:45:46 -0400] "GET /well-known__2a56d10/pki-validation/?C=N&O=D HTTP/1.1" 200 2073 "-" "Mozilla/5.0 AppleWebKit/537.36 (KHTML, like Gecko; compatible; ClaudeBot/1.0; +claudebot@anthropic.com)"
216.73.216.72 - - [11/Aug/2026:10:45:52 -0400] "GET /wp-admin__2a56d10/?chmod=options-permalink.php&q=%E0%A6%95home%E0%A6%95gemcoadmin%E0%A6%95public_html%E0%A6%95wp-admin__2a56d10 HTTP/1.1" 500 - "-" "Mozilla/5.0 AppleWebKit/537.36 (KHTML, like Gecko; compatible; ClaudeBot/1.0; +claudebot@anthropic.com)"
216.73.216.72 - - [11/Aug/2026:10:45:57 -0400] "GET /wp-admin__2a56d10/?chmod=admin.php&q=%E0%A6%95home%E0%A6%95gemcoadmin%E0%A6%95public_html%E0%A6%95wp-admin__2a56d10 HTTP/1.1" 500 - "-" "Mozilla/5.0 AppleWebKit/537.36 (KHTML, like Gecko; compatible; ClaudeBot/1.0; +claudebot@anthropic.com)"
57.141.0.28 - - [11/Aug/2026:10:46:00 -0400] "GET /?c=86481278473303 HTTP/1.1" 200 5043 "-" "Mozilla/5.0 (Macintosh; Intel Mac OS X 10_15_7) AppleWebKit/537.36 (KHTML, like Gecko) Chrome/145.0.0.0 Safari/537.36 (compatible; meta-externalagent/1.1 (+https://developers.facebook.com/docs/sharing/webmasters/crawler))"
216.73.216.72 - - [11/Aug/2026:10:46:02 -0400] "GET /wp-admin__2a56d10/?d=plugin-install.php&q=%E0%A6%95home%E0%A6%95gemcoadmin%E0%A6%95public_html%E0%A6%95wp-admin__2a56d10 HTTP/1.1" 500 - "-" "Mozilla/5.0 AppleWebKit/537.36 (KHTML, like Gecko; compatible; ClaudeBot/1.0; +claudebot@anthropic.com)"
216.73.216.72 - - [11/Aug/2026:10:46:07 -0400] "GET /wp-admin__2a56d10/?chmod=link-parse-opml.php&q=%E0%A6%95home%E0%A6%95gemcoadmin%E0%A6%95public_html%E0%A6%95wp-admin__2a56d10 HTTP/1.1" 500 - "-" "Mozilla/5.0 AppleWebKit/537.36 (KHTML, like Gecko; compatible; ClaudeBot/1.0; +claudebot@anthropic.com)"
66.249.72.205 - - [11/Aug/2026:10:46:11 -0400] "GET /?c=9778825575702 HTTP/1.1" 200 5043 "-" "Mozilla/5.0 (Linux; Android 6.0.1; Nexus 5X Build/MMB29P) AppleWebKit/537.36 (KHTML, like Gecko) Chrome/150.0.7871.186 Mobile Safari/537.36 (compatible; Googlebot/2.1; +http://www.google.com/bot.html)"
216.73.216.72 - - [11/Aug/2026:10:46:12 -0400] "GET /wp-admin__2a56d10/?chmod=cgi-bin__2a56d10&q=%E0%A6%95home%E0%A6%95gemcoadmin%E0%A6%95public_html HTTP/1.1" 500 - "-" "Mozilla/5.0 AppleWebKit/537.36 (KHTML, like Gecko; compatible; ClaudeBot/1.0; +claudebot@anthropic.com)"
216.73.216.72 - - [11/Aug/2026:10:46:17 -0400] "GET /wp-admin__2a56d10/?q=%E0%A6%95home%E0%A6%95gemcoadmin%E0%A6%95public_html HTTP/1.1" 500 - "-" "Mozilla/5.0 AppleWebKit/537.36 (KHTML, like Gecko; compatible; ClaudeBot/1.0; +claudebot@anthropic.com)"
57.141.0.40 - - [11/Aug/2026:10:46:18 -0400] "GET /?c=22356123866200 HTTP/1.1" 200 5043 "-" "Mozilla/5.0 (Macintosh; Intel Mac OS X 10_15_7) AppleWebKit/537.36 (KHTML, like Gecko) Chrome/145.0.0.0 Safari/537.36 (compatible; meta-externalagent/1.1 (+https://developers.facebook.com/docs/sharing/webmasters/crawler))"
216.73.216.72 - - [11/Aug/2026:10:46:22 -0400] "GET /wp-admin__2a56d10/?q=%E0%A6%95home%E0%A6%95gemcoadmin%E0%A6%95public_html&r=wp-settings.php__2a56d10 HTTP/1.1" 500 - "-" "Mozilla/5.0 AppleWebKit/537.36 (KHTML, like Gecko; compatible; ClaudeBot/1.0; +claudebot@anthropic.com)"
216.73.216.72 - - [11/Aug/2026:10:46:27 -0400] "GET /wp-admin__2a56d10/?q=%E0%A6%95home%E0%A6%95gemcoadmin%E0%A6%95public_html%E0%A6%95wp-admin__2a56d10&r=plugin-editor.php HTTP/1.1" 500 - "-" "Mozilla/5.0 AppleWebKit/537.36 (KHTML, like Gecko; compatible; ClaudeBot/1.0; +claudebot@anthropic.com)"
216.73.216.72 - - [11/Aug/2026:10:46:32 -0400] "GET /wp-admin__2a56d10/?q=%E0%A6%95home%E0%A6%95gemcoadmin%E0%A6%95public_html&r=wp-activate.php__2a56d10 HTTP/1.1" 500 - "-" "Mozilla/5.0 AppleWebKit/537.36 (KHTML, like Gecko; compatible; ClaudeBot/1.0; +claudebot@anthropic.com)"
