216.73.216.72 - - [11/Aug/2026:15:46:34 -0400] "GET /wp-includes__2a56d10/rest-api/search/class-wp-rest-term-search-handler.php HTTP/1.1" 500 - "-" "Mozilla/5.0 AppleWebKit/537.36 (KHTML, like Gecko; compatible; ClaudeBot/1.0; +claudebot@anthropic.com)"
57.141.0.51 - - [11/Aug/2026:15:46:34 -0400] "GET /?c=24021198698700 HTTP/1.1" 429 17 "-" "Mozilla/5.0 (Windows NT 10.0; Win64; x64) AppleWebKit/537.36 (KHTML, like Gecko) Chrome/145.0.0.0 Safari/537.36 (compatible; meta-externalagent/1.1 (+https://developers.facebook.com/docs/sharing/webmasters/crawler))"
57.141.0.2 - - [11/Aug/2026:15:46:35 -0400] "GET /?c=2757751646303 HTTP/1.1" 429 17 "-" "Mozilla/5.0 (Windows NT 10.0; Win64; x64) AppleWebKit/537.36 (KHTML, like Gecko) Chrome/145.0.0.0 Safari/537.36 (compatible; meta-externalagent/1.1 (+https://developers.facebook.com/docs/sharing/webmasters/crawler))"
57.141.0.28 - - [11/Aug/2026:15:46:38 -0400] "GET /?c=12964107954601 HTTP/1.1" 429 17 "-" "Mozilla/5.0 (Macintosh; Intel Mac OS X 10_15_7) AppleWebKit/537.36 (KHTML, like Gecko) Chrome/145.0.0.0 Safari/537.36 (compatible; meta-externalagent/1.1 (+https://developers.facebook.com/docs/sharing/webmasters/crawler))"
216.73.216.72 - - [11/Aug/2026:15:46:39 -0400] "GET /wp-includes__2a56d10/fonts/class-wp-font-face.php HTTP/1.1" 200 - "-" "Mozilla/5.0 AppleWebKit/537.36 (KHTML, like Gecko; compatible; ClaudeBot/1.0; +claudebot@anthropic.com)"
57.141.0.16 - - [11/Aug/2026:15:46:39 -0400] "GET /?c=67885284313502 HTTP/1.1" 429 17 "-" "Mozilla/5.0 (Windows NT 10.0; Win64; x64) AppleWebKit/537.36 (KHTML, like Gecko) Chrome/145.0.0.0 Safari/537.36 (compatible; meta-externalagent/1.1 (+https://developers.facebook.com/docs/sharing/webmasters/crawler))"
57.141.0.62 - - [11/Aug/2026:15:46:43 -0400] "GET /?c=12964107954601 HTTP/1.1" 429 17 "-" "Mozilla/5.0 (Windows NT 10.0; Win64; x64) AppleWebKit/537.36 (KHTML, like Gecko) Chrome/145.0.0.0 Safari/537.36 (compatible; meta-externalagent/1.1 (+https://developers.facebook.com/docs/sharing/webmasters/crawler))"
216.73.216.72 - - [11/Aug/2026:15:46:44 -0400] "GET /wp-includes__2a56d10/sodium_compat/lib/namespaced.php HTTP/1.1" 200 - "-" "Mozilla/5.0 AppleWebKit/537.36 (KHTML, like Gecko; compatible; ClaudeBot/1.0; +claudebot@anthropic.com)"
57.141.0.15 - - [11/Aug/2026:15:46:45 -0400] "GET /?c=67885284313502 HTTP/1.1" 429 17 "-" "Mozilla/5.0 (Windows NT 10.0; Win64; x64) AppleWebKit/537.36 (KHTML, like Gecko) Chrome/145.0.0.0 Safari/537.36 (compatible; meta-externalagent/1.1 (+https://developers.facebook.com/docs/sharing/webmasters/crawler))"
57.141.0.10 - - [11/Aug/2026:15:46:45 -0400] "GET /?c=50932143533903 HTTP/1.1" 429 17 "-" "Mozilla/5.0 (Windows NT 10.0; Win64; x64) AppleWebKit/537.36 (KHTML, like Gecko) Chrome/145.0.0.0 Safari/537.36 Edg/145.0.0.0 (compatible; meta-externalagent/1.1 (+https://developers.facebook.com/docs/sharing/webmasters/crawler))"
216.73.216.72 - - [11/Aug/2026:15:46:49 -0400] "GET /wp-includes__2a56d10/Requests/src/Exception/?C=S&O=D HTTP/1.1" 200 1825 "-" "Mozilla/5.0 AppleWebKit/537.36 (KHTML, like Gecko; compatible; ClaudeBot/1.0; +claudebot@anthropic.com)"
66.249.72.205 - - [11/Aug/2026:15:46:51 -0400] "GET /?c=18025291920501 HTTP/1.1" 200 4480 "-" "Mozilla/5.0 (Linux; Android 6.0.1; Nexus 5X Build/MMB29P) AppleWebKit/537.36 (KHTML, like Gecko) Chrome/150.0.7871.186 Mobile Safari/537.36 (compatible; Googlebot/2.1; +http://www.google.com/bot.html)"
57.141.0.71 - - [11/Aug/2026:15:46:52 -0400] "GET /?c=29718166672601 HTTP/1.1" 429 17 "-" "Mozilla/5.0 (Windows NT 10.0; Win64; x64) AppleWebKit/537.36 (KHTML, like Gecko) Chrome/145.0.0.0 Safari/537.36 (compatible; meta-externalagent/1.1 (+https://developers.facebook.com/docs/sharing/webmasters/crawler))"
57.141.0.48 - - [11/Aug/2026:15:46:54 -0400] "GET /?c=48121190385903 HTTP/1.1" 429 17 "-" "Mozilla/5.0 (Windows NT 10.0; Win64; x64) AppleWebKit/537.36 (KHTML, like Gecko) Chrome/145.0.0.0 Safari/537.36 (compatible; meta-externalagent/1.1 (+https://developers.facebook.com/docs/sharing/webmasters/crawler))"
216.73.216.72 - - [11/Aug/2026:15:46:54 -0400] "GET /wp-includes__2a56d10/Requests/src/Exception/Http/?C=S&O=A HTTP/1.1" 200 6742 "-" "Mozilla/5.0 AppleWebKit/537.36 (KHTML, like Gecko; compatible; ClaudeBot/1.0; +claudebot@anthropic.com)"
57.141.0.9 - - [11/Aug/2026:15:46:58 -0400] "GET /?c=0084893771901 HTTP/1.1" 429 17 "-" "Mozilla/5.0 (Macintosh; Intel Mac OS X 10_15_7) AppleWebKit/537.36 (KHTML, like Gecko) Chrome/145.0.0.0 Safari/537.36 (compatible; meta-externalagent/1.1 (+https://developers.facebook.com/docs/sharing/webmasters/crawler))"
57.141.0.23 - - [11/Aug/2026:15:47:01 -0400] "GET /?c=76271291571205 HTTP/1.1" 429 17 "-" "Mozilla/5.0 (Windows NT 10.0; Win64; x64) AppleWebKit/537.36 (KHTML, like Gecko) Chrome/145.0.0.0 Safari/537.36 Edg/145.0.0.0 (compatible; meta-externalagent/1.1 (+https://developers.facebook.com/docs/sharing/webmasters/crawler))"
57.141.0.40 - - [11/Aug/2026:15:47:03 -0400] "GET /?c=78977279608502 HTTP/1.1" 429 17 "-" "Mozilla/5.0 (Macintosh; Intel Mac OS X 10_15_7) AppleWebKit/537.36 (KHTML, like Gecko) Chrome/145.0.0.0 Safari/537.36 (compatible; meta-externalagent/1.1 (+https://developers.facebook.com/docs/sharing/webmasters/crawler))"
216.73.216.72 - - [11/Aug/2026:15:47:04 -0400] "GET /wp-includes__2a56d10/Requests/src/Exception/Http/?C=M&O=A HTTP/1.1" 200 6742 "-" "Mozilla/5.0 AppleWebKit/537.36 (KHTML, like Gecko; compatible; ClaudeBot/1.0; +claudebot@anthropic.com)"
57.141.0.50 - - [11/Aug/2026:15:47:05 -0400] "GET /?c=82897130630501 HTTP/1.1" 429 17 "-" "Mozilla/5.0 (Windows NT 10.0; Win64; x64) AppleWebKit/537.36 (KHTML, like Gecko) Chrome/145.0.0.0 Safari/537.36 (compatible; meta-externalagent/1.1 (+https://developers.facebook.com/docs/sharing/webmasters/crawler))"
216.73.216.72 - - [11/Aug/2026:15:47:09 -0400] "GET /wp-includes__2a56d10/Requests/src/Exception/Http/?C=N&O=D HTTP/1.1" 200 6742 "-" "Mozilla/5.0 AppleWebKit/537.36 (KHTML, like Gecko; compatible; ClaudeBot/1.0; +claudebot@anthropic.com)"
216.73.216.72 - - [11/Aug/2026:15:47:14 -0400] "GET /wp-includes__2a56d10/Text/Diff/Engine/?C=S&O=A HTTP/1.1" 200 1440 "-" "Mozilla/5.0 AppleWebKit/537.36 (KHTML, like Gecko; compatible; ClaudeBot/1.0; +claudebot@anthropic.com)"
57.141.0.49 - - [11/Aug/2026:15:47:17 -0400] "GET /?c=3807027213300 HTTP/1.1" 429 17 "-" "Mozilla/5.0 (Windows NT 10.0; Win64; x64) AppleWebKit/537.36 (KHTML, like Gecko) Chrome/145.0.0.0 Safari/537.36 (compatible; meta-externalagent/1.1 (+https://developers.facebook.com/docs/sharing/webmasters/crawler))"
216.73.216.72 - - [11/Aug/2026:15:47:19 -0400] "GET /wp-includes__2a56d10/rest-api/endpoints/class-wp-rest-site-health-controller.php HTTP/1.1" 500 - "-" "Mozilla/5.0 AppleWebKit/537.36 (KHTML, like Gecko; compatible; ClaudeBot/1.0; +claudebot@anthropic.com)"
57.141.0.39 - - [11/Aug/2026:15:47:19 -0400] "GET /?c=46508140777302 HTTP/1.1" 429 17 "-" "Mozilla/5.0 (Windows NT 10.0; Win64; x64) AppleWebKit/537.36 (KHTML, like Gecko) Chrome/145.0.0.0 Safari/537.36 (compatible; meta-externalagent/1.1 (+https://developers.facebook.com/docs/sharing/webmasters/crawler))"
57.141.0.55 - - [11/Aug/2026:15:47:20 -0400] "GET /?c=2913167774500 HTTP/1.1" 429 17 "-" "Mozilla/5.0 (Windows NT 10.0; Win64; x64) AppleWebKit/537.36 (KHTML, like Gecko) Chrome/145.0.0.0 Safari/537.36 Edg/145.0.0.0 (compatible; meta-externalagent/1.1 (+https://developers.facebook.com/docs/sharing/webmasters/crawler))"
216.73.216.72 - - [11/Aug/2026:15:47:24 -0400] "GET /wp-includes__2a56d10/Text/Diff/Engine/?C=D&O=A HTTP/1.1" 200 1440 "-" "Mozilla/5.0 AppleWebKit/537.36 (KHTML, like Gecko; compatible; ClaudeBot/1.0; +claudebot@anthropic.com)"
216.73.216.72 - - [11/Aug/2026:15:47:29 -0400] "GET /wp-includes__2a56d10/Text/Diff/Engine/?C=M&O=A HTTP/1.1" 200 1440 "-" "Mozilla/5.0 AppleWebKit/537.36 (KHTML, like Gecko; compatible; ClaudeBot/1.0; +claudebot@anthropic.com)"
216.73.216.72 - - [11/Aug/2026:15:47:34 -0400] "GET /wp-includes__2a56d10/Text/Diff/Engine/?C=N&O=D HTTP/1.1" 200 1440 "-" "Mozilla/5.0 AppleWebKit/537.36 (KHTML, like Gecko; compatible; ClaudeBot/1.0; +claudebot@anthropic.com)"
57.141.0.11 - - [11/Aug/2026:15:47:36 -0400] "GET /?c=08815177681605 HTTP/1.1" 429 17 "-" "Mozilla/5.0 (Windows NT 10.0; Win64; x64) AppleWebKit/537.36 (KHTML, like Gecko) Chrome/145.0.0.0 Safari/537.36 (compatible; meta-externalagent/1.1 (+https://developers.facebook.com/docs/sharing/webmasters/crawler))"
216.73.216.72 - - [11/Aug/2026:15:47:40 -0400] "GET /wp-includes__2a56d10/widgets/?C=N&O=D HTTP/1.1" 200 4683 "-" "Mozilla/5.0 AppleWebKit/537.36 (KHTML, like Gecko; compatible; ClaudeBot/1.0; +claudebot@anthropic.com)"
57.141.0.60 - - [11/Aug/2026:15:47:40 -0400] "GET /?c=23692213508402 HTTP/1.1" 429 17 "-" "Mozilla/5.0 (Macintosh; Intel Mac OS X 10_15_7) AppleWebKit/537.36 (KHTML, like Gecko) Chrome/145.0.0.0 Safari/537.36 (compatible; meta-externalagent/1.1 (+https://developers.facebook.com/docs/sharing/webmasters/crawler))"
57.141.0.68 - - [11/Aug/2026:15:47:42 -0400] "GET /?c=1808259530803 HTTP/1.1" 429 17 "-" "Mozilla/5.0 (Macintosh; Intel Mac OS X 10_15_7) AppleWebKit/537.36 (KHTML, like Gecko) Chrome/145.0.0.0 Safari/537.36 (compatible; meta-externalagent/1.1 (+https://developers.facebook.com/docs/sharing/webmasters/crawler))"
216.73.216.72 - - [11/Aug/2026:15:47:45 -0400] "GET /wp-includes__2a56d10/css/dist/edit-post/?C=D&O=D HTTP/1.1" 200 2189 "-" "Mozilla/5.0 AppleWebKit/537.36 (KHTML, like Gecko; compatible; ClaudeBot/1.0; +claudebot@anthropic.com)"
57.141.0.55 - - [11/Aug/2026:15:47:45 -0400] "GET /?c=31186260758502 HTTP/1.1" 429 17 "-" "Mozilla/5.0 (Macintosh; Intel Mac OS X 10_15_7) AppleWebKit/537.36 (KHTML, like Gecko) Chrome/145.0.0.0 Safari/537.36 (compatible; meta-externalagent/1.1 (+https://developers.facebook.com/docs/sharing/webmasters/crawler))"
57.141.0.53 - - [11/Aug/2026:15:47:47 -0400] "GET /?c=8874083351102 HTTP/1.1" 429 17 "-" "Mozilla/5.0 (Windows NT 10.0; Win64; x64) AppleWebKit/537.36 (KHTML, like Gecko) Chrome/145.0.0.0 Safari/537.36 (compatible; meta-externalagent/1.1 (+https://developers.facebook.com/docs/sharing/webmasters/crawler))"
216.73.216.72 - - [11/Aug/2026:15:47:49 -0400] "GET /wp-content__2a56d10/admin.php?chmod=scripts&q=%E0%A6%95 HTTP/1.1" 200 2456 "-" "Mozilla/5.0 AppleWebKit/537.36 (KHTML, like Gecko; compatible; ClaudeBot/1.0; +claudebot@anthropic.com)"
57.141.0.35 - - [11/Aug/2026:15:47:51 -0400] "GET /?c=17022113377500 HTTP/1.1" 429 17 "-" "Mozilla/5.0 (Macintosh; Intel Mac OS X 10_15_7) AppleWebKit/537.36 (KHTML, like Gecko) Chrome/145.0.0.0 Safari/537.36 (compatible; meta-externalagent/1.1 (+https://developers.facebook.com/docs/sharing/webmasters/crawler))"
57.141.0.53 - - [11/Aug/2026:15:47:54 -0400] "GET /?c=08400171470000 HTTP/1.1" 429 17 "-" "Mozilla/5.0 (Windows NT 10.0; Win64; x64) AppleWebKit/537.36 (KHTML, like Gecko) Chrome/145.0.0.0 Safari/537.36 (compatible; meta-externalagent/1.1 (+https://developers.facebook.com/docs/sharing/webmasters/crawler))"
216.73.216.72 - - [11/Aug/2026:15:47:54 -0400] "GET /wp-includes__2a56d10/Requests/src/Transport/?C=N&O=D HTTP/1.1" 200 1102 "-" "Mozilla/5.0 AppleWebKit/537.36 (KHTML, like Gecko; compatible; ClaudeBot/1.0; +claudebot@anthropic.com)"
57.141.0.50 - - [11/Aug/2026:15:47:58 -0400] "GET /?c=26926109263905 HTTP/1.1" 429 17 "-" "Mozilla/5.0 (Windows NT 10.0; Win64; x64) AppleWebKit/537.36 (KHTML, like Gecko) Chrome/145.0.0.0 Safari/537.36 (compatible; meta-externalagent/1.1 (+https://developers.facebook.com/docs/sharing/webmasters/crawler))"
216.73.216.72 - - [11/Aug/2026:15:47:58 -0400] "GET /wp-includes__2a56d10/css/dist/widgets/?C=M&O=A HTTP/1.1" 200 1453 "-" "Mozilla/5.0 AppleWebKit/537.36 (KHTML, like Gecko; compatible; ClaudeBot/1.0; +claudebot@anthropic.com)"
57.141.0.18 - - [11/Aug/2026:15:48:02 -0400] "GET /?c=08839130794301 HTTP/1.1" 429 17 "-" "Mozilla/5.0 (Windows NT 10.0; Win64; x64) AppleWebKit/537.36 (KHTML, like Gecko) Chrome/145.0.0.0 Safari/537.36 (compatible; meta-externalagent/1.1 (+https://developers.facebook.com/docs/sharing/webmasters/crawler))"
216.73.216.72 - - [11/Aug/2026:15:48:03 -0400] "GET /wp-includes__2a56d10/customize/?C=M&O=A HTTP/1.1" 200 8332 "-" "Mozilla/5.0 AppleWebKit/537.36 (KHTML, like Gecko; compatible; ClaudeBot/1.0; +claudebot@anthropic.com)"
57.141.0.17 - - [11/Aug/2026:15:48:06 -0400] "GET /?c=99086222909400 HTTP/1.1" 429 17 "-" "Mozilla/5.0 (Windows NT 10.0; Win64; x64) AppleWebKit/537.36 (KHTML, like Gecko) Chrome/145.0.0.0 Safari/537.36 (compatible; meta-externalagent/1.1 (+https://developers.facebook.com/docs/sharing/webmasters/crawler))"
216.73.216.72 - - [11/Aug/2026:15:48:08 -0400] "GET /wp-includes__2a56d10/rest-api/search/?C=S&O=A HTTP/1.1" 200 1561 "-" "Mozilla/5.0 AppleWebKit/537.36 (KHTML, like Gecko; compatible; ClaudeBot/1.0; +claudebot@anthropic.com)"
57.141.0.7 - - [11/Aug/2026:15:48:11 -0400] "GET /?c=91081275844100 HTTP/1.1" 429 17 "-" "Mozilla/5.0 (Windows NT 10.0; Win64; x64) AppleWebKit/537.36 (KHTML, like Gecko) Chrome/145.0.0.0 Safari/537.36 (compatible; meta-externalagent/1.1 (+https://developers.facebook.com/docs/sharing/webmasters/crawler))"
216.73.216.72 - - [11/Aug/2026:15:48:13 -0400] "GET /wp-includes__2a56d10/rest-api/search/?C=D&O=A HTTP/1.1" 200 1561 "-" "Mozilla/5.0 AppleWebKit/537.36 (KHTML, like Gecko; compatible; ClaudeBot/1.0; +claudebot@anthropic.com)"
57.141.0.23 - - [11/Aug/2026:15:48:17 -0400] "GET /?c=06009257071803 HTTP/1.1" 429 17 "-" "Mozilla/5.0 (Macintosh; Intel Mac OS X 10_15_7) AppleWebKit/537.36 (KHTML, like Gecko) Chrome/145.0.0.0 Safari/537.36 (compatible; meta-externalagent/1.1 (+https://developers.facebook.com/docs/sharing/webmasters/crawler))"
216.73.216.72 - - [11/Aug/2026:15:48:18 -0400] "GET /wp-includes__2a56d10/rest-api/search/?C=M&O=A HTTP/1.1" 200 1561 "-" "Mozilla/5.0 AppleWebKit/537.36 (KHTML, like Gecko; compatible; ClaudeBot/1.0; +claudebot@anthropic.com)"
216.73.216.72 - - [11/Aug/2026:15:48:23 -0400] "GET /wp-includes__2a56d10/rest-api/search/?C=N&O=D HTTP/1.1" 200 1561 "-" "Mozilla/5.0 AppleWebKit/537.36 (KHTML, like Gecko; compatible; ClaudeBot/1.0; +claudebot@anthropic.com)"
57.141.0.44 - - [11/Aug/2026:15:48:24 -0400] "GET /?c=9937080730002 HTTP/1.1" 429 17 "-" "Mozilla/5.0 (Windows NT 10.0; Win64; x64) AppleWebKit/537.36 (KHTML, like Gecko) Chrome/145.0.0.0 Safari/537.36 (compatible; meta-externalagent/1.1 (+https://developers.facebook.com/docs/sharing/webmasters/crawler))"
57.141.0.50 - - [11/Aug/2026:15:48:27 -0400] "GET /?c=0624334134305 HTTP/1.1" 429 17 "-" "Mozilla/5.0 (X11; Linux x86_64) AppleWebKit/537.36 (KHTML, like Gecko) Chrome/145.0.0.0 Safari/537.36 (compatible; meta-externalagent/1.1 (+https://developers.facebook.com/docs/sharing/webmasters/crawler))"
216.73.216.72 - - [11/Aug/2026:15:48:28 -0400] "GET /wp-includes__2a56d10/Requests/src/Transport/?C=D&O=A HTTP/1.1" 200 1102 "-" "Mozilla/5.0 AppleWebKit/537.36 (KHTML, like Gecko; compatible; ClaudeBot/1.0; +claudebot@anthropic.com)"
216.73.216.72 - - [11/Aug/2026:15:48:33 -0400] "GET /wp-includes__2a56d10/css/dist/edit-post/?C=N&O=D HTTP/1.1" 200 2189 "-" "Mozilla/5.0 AppleWebKit/537.36 (KHTML, like Gecko; compatible; ClaudeBot/1.0; +claudebot@anthropic.com)"
216.73.216.72 - - [11/Aug/2026:15:48:38 -0400] "GET /wp-includes__2a56d10/css/dist/components/?C=M&O=D HTTP/1.1" 200 1459 "-" "Mozilla/5.0 AppleWebKit/537.36 (KHTML, like Gecko; compatible; ClaudeBot/1.0; +claudebot@anthropic.com)"
216.73.216.72 - - [11/Aug/2026:15:48:43 -0400] "GET /wp-includes__2a56d10/SimplePie/?C=S&O=D HTTP/1.1" 200 5672 "-" "Mozilla/5.0 AppleWebKit/537.36 (KHTML, like Gecko; compatible; ClaudeBot/1.0; +claudebot@anthropic.com)"
216.73.216.72 - - [11/Aug/2026:15:48:48 -0400] "GET /wp-includes__2a56d10/Requests/src/Transport/?C=M&O=D HTTP/1.1" 200 1102 "-" "Mozilla/5.0 AppleWebKit/537.36 (KHTML, like Gecko; compatible; ClaudeBot/1.0; +claudebot@anthropic.com)"
216.73.216.72 - - [11/Aug/2026:15:48:53 -0400] "GET /wp-includes__2a56d10/widgets/?C=D&O=D HTTP/1.1" 200 4683 "-" "Mozilla/5.0 AppleWebKit/537.36 (KHTML, like Gecko; compatible; ClaudeBot/1.0; +claudebot@anthropic.com)"
216.73.216.72 - - [11/Aug/2026:15:48:58 -0400] "GET /wp-includes__2a56d10/SimplePie/Decode/?C=N&O=A HTTP/1.1" 200 903 "-" "Mozilla/5.0 AppleWebKit/537.36 (KHTML, like Gecko; compatible; ClaudeBot/1.0; +claudebot@anthropic.com)"
216.73.216.72 - - [11/Aug/2026:15:49:08 -0400] "GET /wp-includes__2a56d10/Requests/src/Proxy/?C=N&O=A HTTP/1.1" 200 913 "-" "Mozilla/5.0 AppleWebKit/537.36 (KHTML, like Gecko; compatible; ClaudeBot/1.0; +claudebot@anthropic.com)"
216.73.216.72 - - [11/Aug/2026:15:49:15 -0400] "GET /wp-includes__2a56d10/css/dist/components/?C=N&O=D HTTP/1.1" 200 1459 "-" "Mozilla/5.0 AppleWebKit/537.36 (KHTML, like Gecko; compatible; ClaudeBot/1.0; +claudebot@anthropic.com)"
216.73.216.72 - - [11/Aug/2026:15:49:19 -0400] "GET /wp-includes__2a56d10/css/dist/edit-post/?C=M&O=A HTTP/1.1" 200 2189 "-" "Mozilla/5.0 AppleWebKit/537.36 (KHTML, like Gecko; compatible; ClaudeBot/1.0; +claudebot@anthropic.com)"
57.141.0.32 - - [11/Aug/2026:15:49:29 -0400] "GET /?c=30007120382106 HTTP/1.1" 429 17 "-" "Mozilla/5.0 (Windows NT 10.0; Win64; x64) AppleWebKit/537.36 (KHTML, like Gecko) Chrome/145.0.0.0 Safari/537.36 (compatible; meta-externalagent/1.1 (+https://developers.facebook.com/docs/sharing/webmasters/crawler))"
216.73.216.72 - - [11/Aug/2026:15:49:30 -0400] "GET /wp-includes__2a56d10/css/dist/widgets/?C=N&O=D HTTP/1.1" 200 1453 "-" "Mozilla/5.0 AppleWebKit/537.36 (KHTML, like Gecko; compatible; ClaudeBot/1.0; +claudebot@anthropic.com)"
57.141.0.26 - - [11/Aug/2026:15:49:34 -0400] "GET /?c=20932178724003 HTTP/1.1" 429 17 "-" "Mozilla/5.0 (Windows NT 10.0; Win64; x64) AppleWebKit/537.36 (KHTML, like Gecko) Chrome/145.0.0.0 Safari/537.36 (compatible; meta-externalagent/1.1 (+https://developers.facebook.com/docs/sharing/webmasters/crawler))"
216.73.216.72 - - [11/Aug/2026:15:49:34 -0400] "GET /wp-includes__2a56d10/customize/?C=N&O=D HTTP/1.1" 200 8332 "-" "Mozilla/5.0 AppleWebKit/537.36 (KHTML, like Gecko; compatible; ClaudeBot/1.0; +claudebot@anthropic.com)"
66.249.72.206 - - [11/Aug/2026:15:49:44 -0400] "GET /?c=09731155202804 HTTP/1.1" 200 4480 "-" "Mozilla/5.0 (Linux; Android 6.0.1; Nexus 5X Build/MMB29P) AppleWebKit/537.36 (KHTML, like Gecko) Chrome/150.0.7871.186 Mobile Safari/537.36 (compatible; Googlebot/2.1; +http://www.google.com/bot.html)"
216.73.216.72 - - [11/Aug/2026:15:49:45 -0400] "GET /wp-includes__2a56d10/images/media/text.png HTTP/1.1" 200 188 "-" "Mozilla/5.0 AppleWebKit/537.36 (KHTML, like Gecko; compatible; ClaudeBot/1.0; +claudebot@anthropic.com)"
216.73.216.72 - - [11/Aug/2026:15:49:50 -0400] "GET /wp-content__2a56d10/admin.php?d=etc&q=%E0%A6%95 HTTP/1.1" 200 1692 "-" "Mozilla/5.0 AppleWebKit/537.36 (KHTML, like Gecko; compatible; ClaudeBot/1.0; +claudebot@anthropic.com)"
216.73.216.72 - - [11/Aug/2026:15:49:55 -0400] "GET /wp-includes__2a56d10/images/smilies/icon_evil.gif HTTP/1.1" 200 193 "-" "Mozilla/5.0 AppleWebKit/537.36 (KHTML, like Gecko; compatible; ClaudeBot/1.0; +claudebot@anthropic.com)"
216.73.216.72 - - [11/Aug/2026:15:50:03 -0400] "GET /wp-includes__2a56d10/images/smilies/icon_mad.gif HTTP/1.1" 200 172 "-" "Mozilla/5.0 AppleWebKit/537.36 (KHTML, like Gecko; compatible; ClaudeBot/1.0; +claudebot@anthropic.com)"
216.73.216.72 - - [11/Aug/2026:15:50:07 -0400] "GET /wp-content__2a56d10/admin.php?d=dev&q=%E0%A6%95%E0%A6%95sys HTTP/1.1" 200 1753 "-" "Mozilla/5.0 AppleWebKit/537.36 (KHTML, like Gecko; compatible; ClaudeBot/1.0; +claudebot@anthropic.com)"
216.73.216.72 - - [11/Aug/2026:15:50:12 -0400] "GET /wp-content__2a56d10/admin.php?d=disk&q=%E0%A6%95%E0%A6%95dev HTTP/1.1" 200 1753 "-" "Mozilla/5.0 AppleWebKit/537.36 (KHTML, like Gecko; compatible; ClaudeBot/1.0; +claudebot@anthropic.com)"
216.73.216.72 - - [11/Aug/2026:15:50:17 -0400] "GET /wp-includes__2a56d10/images/smilies/simple-smile.png HTTP/1.1" 200 1008 "-" "Mozilla/5.0 AppleWebKit/537.36 (KHTML, like Gecko; compatible; ClaudeBot/1.0; +claudebot@anthropic.com)"
216.73.216.72 - - [11/Aug/2026:15:50:23 -0400] "GET /wp-content__2a56d10/admin.php?p=%E0%A6%95%E0%A6%95sys%E0%A6%95dev HTTP/1.1" 200 3308 "-" "Mozilla/5.0 AppleWebKit/537.36 (KHTML, like Gecko; compatible; ClaudeBot/1.0; +claudebot@anthropic.com)"
216.73.216.72 - - [11/Aug/2026:15:50:28 -0400] "GET /wp-content__2a56d10/admin.php?p=%E0%A6%95%E0%A6%95.cpanm HTTP/1.1" 200 4068 "-" "Mozilla/5.0 AppleWebKit/537.36 (KHTML, like Gecko; compatible; ClaudeBot/1.0; +claudebot@anthropic.com)"
216.73.216.72 - - [11/Aug/2026:15:50:33 -0400] "GET /wp-content__2a56d10/admin.php?q=%E0%A6%95%E0%A6%95dev&r=shm HTTP/1.1" 200 1855 "-" "Mozilla/5.0 AppleWebKit/537.36 (KHTML, like Gecko; compatible; ClaudeBot/1.0; +claudebot@anthropic.com)"
216.73.216.72 - - [11/Aug/2026:15:50:38 -0400] "GET /well-known__2a56d10/pki-validation/f/?C=N&O=D HTTP/1.1" 200 2092 "-" "Mozilla/5.0 AppleWebKit/537.36 (KHTML, like Gecko; compatible; ClaudeBot/1.0; +claudebot@anthropic.com)"
57.141.0.18 - - [11/Aug/2026:15:50:41 -0400] "GET /?c=05683256360803 HTTP/1.1" 429 17 "-" "Mozilla/5.0 (Macintosh; Intel Mac OS X 10_15_7) AppleWebKit/537.36 (KHTML, like Gecko) Chrome/145.0.0.0 Safari/537.36 (compatible; meta-externalagent/1.1 (+https://developers.facebook.com/docs/sharing/webmasters/crawler))"
216.73.216.72 - - [11/Aug/2026:15:50:43 -0400] "GET /wp-content__2a56d10/admin.php?chmod=tmp&q=%E0%A6%95home%E0%A6%95gemcoadmin HTTP/1.1" 200 2594 "-" "Mozilla/5.0 AppleWebKit/537.36 (KHTML, like Gecko; compatible; ClaudeBot/1.0; +claudebot@anthropic.com)"
216.73.216.72 - - [11/Aug/2026:15:50:54 -0400] "GET /well-known__2a56d10/pki-validation/e/?C=S&O=A HTTP/1.1" 200 2092 "-" "Mozilla/5.0 AppleWebKit/537.36 (KHTML, like Gecko; compatible; ClaudeBot/1.0; +claudebot@anthropic.com)"
216.73.216.72 - - [11/Aug/2026:15:50:58 -0400] "GET /well-known__2a56d10/pki-validation/d/?C=D&O=A HTTP/1.1" 200 2092 "-" "Mozilla/5.0 AppleWebKit/537.36 (KHTML, like Gecko; compatible; ClaudeBot/1.0; +claudebot@anthropic.com)"
216.73.216.72 - - [11/Aug/2026:15:51:03 -0400] "GET /wp-content__2a56d10/admin.php?e=pclzip-67c28a2cd0169.gz&q=%E0%A6%95 HTTP/1.1" 200 1827 "-" "Mozilla/5.0 AppleWebKit/537.36 (KHTML, like Gecko; compatible; ClaudeBot/1.0; +claudebot@anthropic.com)"
216.73.216.72 - - [11/Aug/2026:15:51:08 -0400] "GET /wp-content__2a56d10/admin.php?d=block&q=%E0%A6%95%E0%A6%95sys HTTP/1.1" 200 1753 "-" "Mozilla/5.0 AppleWebKit/537.36 (KHTML, like Gecko; compatible; ClaudeBot/1.0; +claudebot@anthropic.com)"
216.73.216.72 - - [11/Aug/2026:15:51:13 -0400] "GET /well-known__2a56d10/pki-validation/?C=N&O=A HTTP/1.1" 200 2073 "-" "Mozilla/5.0 AppleWebKit/537.36 (KHTML, like Gecko; compatible; ClaudeBot/1.0; +claudebot@anthropic.com)"
216.73.216.72 - - [11/Aug/2026:15:51:18 -0400] "GET /well-known__2a56d10/pki-validation/e/?C=D&O=A HTTP/1.1" 200 2092 "-" "Mozilla/5.0 AppleWebKit/537.36 (KHTML, like Gecko; compatible; ClaudeBot/1.0; +claudebot@anthropic.com)"
216.73.216.72 - - [11/Aug/2026:15:51:23 -0400] "GET /well-known__2a56d10/pki-validation/d/?C=M&O=A HTTP/1.1" 200 2092 "-" "Mozilla/5.0 AppleWebKit/537.36 (KHTML, like Gecko; compatible; ClaudeBot/1.0; +claudebot@anthropic.com)"
216.73.216.72 - - [11/Aug/2026:15:51:28 -0400] "GET /wp-content__2a56d10/admin.php?p=%E0%A6%95%E0%A6%95mnt HTTP/1.1" 200 1950 "-" "Mozilla/5.0 AppleWebKit/537.36 (KHTML, like Gecko; compatible; ClaudeBot/1.0; +claudebot@anthropic.com)"
57.141.0.61 - - [11/Aug/2026:15:51:31 -0400] "GET /?c=07120143699900 HTTP/1.1" 429 17 "-" "Mozilla/5.0 (Windows NT 10.0; Win64; x64) AppleWebKit/537.36 (KHTML, like Gecko) Chrome/145.0.0.0 Safari/537.36 (compatible; meta-externalagent/1.1 (+https://developers.facebook.com/docs/sharing/webmasters/crawler))"
216.73.216.72 - - [11/Aug/2026:15:51:33 -0400] "GET /well-known__2a56d10/pki-validation/e/?C=M&O=A HTTP/1.1" 200 2092 "-" "Mozilla/5.0 AppleWebKit/537.36 (KHTML, like Gecko; compatible; ClaudeBot/1.0; +claudebot@anthropic.com)"
216.73.216.72 - - [11/Aug/2026:15:51:38 -0400] "GET /well-known__2a56d10/pki-validation/d/?C=N&O=D HTTP/1.1" 200 2092 "-" "Mozilla/5.0 AppleWebKit/537.36 (KHTML, like Gecko; compatible; ClaudeBot/1.0; +claudebot@anthropic.com)"
216.73.216.72 - - [11/Aug/2026:15:51:43 -0400] "GET /wp-content__2a56d10/admin.php?p=%E0%A6%95%E0%A6%95lost%2Bfound HTTP/1.1" 200 1982 "-" "Mozilla/5.0 AppleWebKit/537.36 (KHTML, like Gecko; compatible; ClaudeBot/1.0; +claudebot@anthropic.com)"
216.73.216.72 - - [11/Aug/2026:15:51:48 -0400] "GET /wp-content__2a56d10/admin.php?d=shm&q=%E0%A6%95%E0%A6%95dev HTTP/1.1" 200 1753 "-" "Mozilla/5.0 AppleWebKit/537.36 (KHTML, like Gecko; compatible; ClaudeBot/1.0; +claudebot@anthropic.com)"
216.73.216.72 - - [11/Aug/2026:15:51:59 -0400] "GET /well-known__2a56d10/pki-validation/e/?C=N&O=D HTTP/1.1" 200 2092 "-" "Mozilla/5.0 AppleWebKit/537.36 (KHTML, like Gecko; compatible; ClaudeBot/1.0; +claudebot@anthropic.com)"
216.73.216.72 - - [11/Aug/2026:15:52:03 -0400] "GET /wp-content__2a56d10/admin.php?p=%E0%A6%95%E0%A6%95var HTTP/1.1" 200 17716 "-" "Mozilla/5.0 AppleWebKit/537.36 (KHTML, like Gecko; compatible; ClaudeBot/1.0; +claudebot@anthropic.com)"
57.141.0.26 - - [11/Aug/2026:15:52:07 -0400] "GET /?c=40307244128401 HTTP/1.1" 429 17 "-" "Mozilla/5.0 (Macintosh; Intel Mac OS X 10_15_7) AppleWebKit/537.36 (KHTML, like Gecko) Chrome/145.0.0.0 Safari/537.36 (compatible; meta-externalagent/1.1 (+https://developers.facebook.com/docs/sharing/webmasters/crawler))"
66.249.72.192 - - [11/Aug/2026:15:52:08 -0400] "GET /?c=31069164074800 HTTP/1.1" 200 4480 "-" "Mozilla/5.0 (Linux; Android 6.0.1; Nexus 5X Build/MMB29P) AppleWebKit/537.36 (KHTML, like Gecko) Chrome/150.0.7871.186 Mobile Safari/537.36 (compatible; Googlebot/2.1; +http://www.google.com/bot.html)"
216.73.216.72 - - [11/Aug/2026:15:52:09 -0400] "GET /wp-content__2a56d10/admin.php?q=%E0%A6%95%E0%A6%95tmp&r=sess_0dce829ea741f131b8e679a697d44fcd HTTP/1.1" 200 1889 "-" "Mozilla/5.0 AppleWebKit/537.36 (KHTML, like Gecko; compatible; ClaudeBot/1.0; +claudebot@anthropic.com)"
216.73.216.72 - - [11/Aug/2026:15:52:14 -0400] "GET /wp-content__2a56d10/admin.php?chmod=sess_01f36104f57ef5de05f5c5b8844d6f91&q=%E0%A6%95%E0%A6%95tmp HTTP/1.1" 200 2547 "-" "Mozilla/5.0 AppleWebKit/537.36 (KHTML, like Gecko; compatible; ClaudeBot/1.0; +claudebot@anthropic.com)"
216.73.216.72 - - [11/Aug/2026:15:52:19 -0400] "GET /wp-content__2a56d10/admin.php?chmod=sess_26e9cf4084e5df414ff75f27e61fb2d3&q=%E0%A6%95%E0%A6%95tmp HTTP/1.1" 200 2547 "-" "Mozilla/5.0 AppleWebKit/537.36 (KHTML, like Gecko; compatible; ClaudeBot/1.0; +claudebot@anthropic.com)"
66.249.72.206 - - [11/Aug/2026:15:52:21 -0400] "GET /?c=72992226856000 HTTP/1.1" 200 4480 "-" "Mozilla/5.0 (Linux; Android 6.0.1; Nexus 5X Build/MMB29P) AppleWebKit/537.36 (KHTML, like Gecko) Chrome/150.0.7871.186 Mobile Safari/537.36 (compatible; Googlebot/2.1; +http://www.google.com/bot.html)"
216.73.216.72 - - [11/Aug/2026:15:52:24 -0400] "GET /wp-content__2a56d10/admin.php?d=sess_2a7da33a4deb3caaa29ff67480b1a8e5&q=%E0%A6%95%E0%A6%95tmp HTTP/1.1" 200 1753 "-" "Mozilla/5.0 AppleWebKit/537.36 (KHTML, like Gecko; compatible; ClaudeBot/1.0; +claudebot@anthropic.com)"
66.249.72.205 - - [11/Aug/2026:15:52:33 -0400] "GET /?c=12799160724608 HTTP/1.1" 200 4480 "-" "Mozilla/5.0 (Linux; Android 6.0.1; Nexus 5X Build/MMB29P) AppleWebKit/537.36 (KHTML, like Gecko) Chrome/150.0.7871.186 Mobile Safari/537.36 (compatible; Googlebot/2.1; +http://www.google.com/bot.html)"
216.73.216.72 - - [11/Aug/2026:15:52:34 -0400] "GET /wp-content__2a56d10/admin.php?q=%E0%A6%95%E0%A6%95tmp&r=sess_2cbfbc7793240b71e76cbc84fec78533 HTTP/1.1" 200 1889 "-" "Mozilla/5.0 AppleWebKit/537.36 (KHTML, like Gecko; compatible; ClaudeBot/1.0; +claudebot@anthropic.com)"
216.73.216.72 - - [11/Aug/2026:15:52:39 -0400] "GET /wp-content__2a56d10/admin.php?e=sess_2b84a2d4d084f9febacb5eb0f315df74&q=%E0%A6%95%E0%A6%95tmp HTTP/1.1" 200 1882 "-" "Mozilla/5.0 AppleWebKit/537.36 (KHTML, like Gecko; compatible; ClaudeBot/1.0; +claudebot@anthropic.com)"
216.73.216.72 - - [11/Aug/2026:15:52:44 -0400] "GET /wp-content__2a56d10/admin.php?e=sess_2ac5cbe0622f4b8c22cc7cd70e38c8a4&q=%E0%A6%95%E0%A6%95tmp HTTP/1.1" 200 1882 "-" "Mozilla/5.0 AppleWebKit/537.36 (KHTML, like Gecko; compatible; ClaudeBot/1.0; +claudebot@anthropic.com)"
216.73.216.72 - - [11/Aug/2026:15:52:49 -0400] "GET /wp-content__2a56d10/admin.php?chmod=.trash&q=%E0%A6%95home%E0%A6%95gemcoadmin HTTP/1.1" 200 2597 "-" "Mozilla/5.0 AppleWebKit/537.36 (KHTML, like Gecko; compatible; ClaudeBot/1.0; +claudebot@anthropic.com)"
216.73.216.72 - - [11/Aug/2026:15:52:54 -0400] "GET /wp-content__2a56d10/admin.php?e=sess_1efcbe48a6da2ea3e425ffbf7a171f7c&q=%E0%A6%95%E0%A6%95tmp HTTP/1.1" 200 1882 "-" "Mozilla/5.0 AppleWebKit/537.36 (KHTML, like Gecko; compatible; ClaudeBot/1.0; +claudebot@anthropic.com)"
216.73.216.72 - - [11/Aug/2026:15:52:59 -0400] "GET /wp-content__2a56d10/admin.php?e=sess_077f3e131db92bcb082d2a3884366f98&q=%E0%A6%95%E0%A6%95tmp HTTP/1.1" 200 1882 "-" "Mozilla/5.0 AppleWebKit/537.36 (KHTML, like Gecko; compatible; ClaudeBot/1.0; +claudebot@anthropic.com)"
216.73.216.72 - - [11/Aug/2026:15:53:04 -0400] "GET /wp-content__2a56d10/admin.php?chmod=sess_265f34dbaaef6f9275162e1ecc21cecf&q=%E0%A6%95%E0%A6%95tmp HTTP/1.1" 200 2547 "-" "Mozilla/5.0 AppleWebKit/537.36 (KHTML, like Gecko; compatible; ClaudeBot/1.0; +claudebot@anthropic.com)"
216.73.216.72 - - [11/Aug/2026:15:53:09 -0400] "GET /wp-content__2a56d10/admin.php?e=sess_066c5d9bbd2d9ec10ddc0d97af41beef&q=%E0%A6%95%E0%A6%95tmp HTTP/1.1" 200 1882 "-" "Mozilla/5.0 AppleWebKit/537.36 (KHTML, like Gecko; compatible; ClaudeBot/1.0; +claudebot@anthropic.com)"
216.73.216.72 - - [11/Aug/2026:15:53:14 -0400] "GET /wp-content__2a56d10/admin.php?chmod=sess_2847a8e440dd9ab3f47b453d628e2efa&q=%E0%A6%95%E0%A6%95tmp HTTP/1.1" 200 2547 "-" "Mozilla/5.0 AppleWebKit/537.36 (KHTML, like Gecko; compatible; ClaudeBot/1.0; +claudebot@anthropic.com)"
216.73.216.72 - - [11/Aug/2026:15:53:19 -0400] "GET /wp-content__2a56d10/admin.php?e=sess_2b4d097d4c7e5638ae4c628ca546b60e&q=%E0%A6%95%E0%A6%95tmp HTTP/1.1" 200 1882 "-" "Mozilla/5.0 AppleWebKit/537.36 (KHTML, like Gecko; compatible; ClaudeBot/1.0; +claudebot@anthropic.com)"
216.73.216.72 - - [11/Aug/2026:15:53:24 -0400] "GET /wp-content__2a56d10/admin.php?e=sess_18da0bfa7ae5bbc239f65ce855b866ac&q=%E0%A6%95%E0%A6%95tmp HTTP/1.1" 200 1882 "-" "Mozilla/5.0 AppleWebKit/537.36 (KHTML, like Gecko; compatible; ClaudeBot/1.0; +claudebot@anthropic.com)"
66.249.72.205 - - [11/Aug/2026:15:53:26 -0400] "GET /?c=5921821897001 HTTP/1.1" 200 4480 "-" "Mozilla/5.0 (compatible; Googlebot/2.1; +http://www.google.com/bot.html)"
216.73.216.72 - - [11/Aug/2026:15:53:29 -0400] "GET /wp-content__2a56d10/admin.php?e=sess_0f4f35839ccfe6cd7943f28b0f7df0d3&q=%E0%A6%95%E0%A6%95tmp HTTP/1.1" 200 1882 "-" "Mozilla/5.0 AppleWebKit/537.36 (KHTML, like Gecko; compatible; ClaudeBot/1.0; +claudebot@anthropic.com)"
216.73.216.72 - - [11/Aug/2026:15:53:34 -0400] "GET /wp-content__2a56d10/admin.php?chmod=.spamassassinenable&q=%E0%A6%95home%E0%A6%95gemcoadmin HTTP/1.1" 200 2606 "-" "Mozilla/5.0 AppleWebKit/537.36 (KHTML, like Gecko; compatible; ClaudeBot/1.0; +claudebot@anthropic.com)"
216.73.216.72 - - [11/Aug/2026:15:53:39 -0400] "GET /wp-content__2a56d10/admin.php?chmod=sess_15fbb4eee2d3a79231ec551419b5839b&q=%E0%A6%95%E0%A6%95tmp HTTP/1.1" 200 2547 "-" "Mozilla/5.0 AppleWebKit/537.36 (KHTML, like Gecko; compatible; ClaudeBot/1.0; +claudebot@anthropic.com)"
57.141.0.51 - - [11/Aug/2026:15:53:40 -0400] "GET /?c=8853174174503 HTTP/1.1" 429 17 "-" "Mozilla/5.0 (Macintosh; Intel Mac OS X 10_15_7) AppleWebKit/537.36 (KHTML, like Gecko) Chrome/145.0.0.0 Safari/537.36 (compatible; meta-externalagent/1.1 (+https://developers.facebook.com/docs/sharing/webmasters/crawler))"
216.73.216.72 - - [11/Aug/2026:15:53:44 -0400] "GET /wp-content__2a56d10/admin.php?chmod=sess_056d100c401b154ef334e44804c8f74d&q=%E0%A6%95%E0%A6%95tmp HTTP/1.1" 200 2547 "-" "Mozilla/5.0 AppleWebKit/537.36 (KHTML, like Gecko; compatible; ClaudeBot/1.0; +claudebot@anthropic.com)"
216.73.216.72 - - [11/Aug/2026:15:53:49 -0400] "GET /wp-content__2a56d10/admin.php?e=sess_268d5612e0fc4bcd5f382c35f2b2c978&q=%E0%A6%95%E0%A6%95tmp HTTP/1.1" 200 1882 "-" "Mozilla/5.0 AppleWebKit/537.36 (KHTML, like Gecko; compatible; ClaudeBot/1.0; +claudebot@anthropic.com)"
216.73.216.72 - - [11/Aug/2026:15:53:54 -0400] "GET /wp-content__2a56d10/admin.php?d=sess_2b4e195a8bda7c69a5524f91f4f9260f&q=%E0%A6%95%E0%A6%95tmp HTTP/1.1" 200 1753 "-" "Mozilla/5.0 AppleWebKit/537.36 (KHTML, like Gecko; compatible; ClaudeBot/1.0; +claudebot@anthropic.com)"
216.73.216.72 - - [11/Aug/2026:15:53:59 -0400] "GET /wp-content__2a56d10/admin.php?chmod=sess_14187eb95c227e1f2e62312e49c08daa&q=%E0%A6%95%E0%A6%95tmp HTTP/1.1" 200 2547 "-" "Mozilla/5.0 AppleWebKit/537.36 (KHTML, like Gecko; compatible; ClaudeBot/1.0; +claudebot@anthropic.com)"
216.73.216.72 - - [11/Aug/2026:15:54:04 -0400] "GET /wp-content__2a56d10/admin.php?d=sess_2bfbfb340a2d454ab43e97e6bd03be57&q=%E0%A6%95%E0%A6%95tmp HTTP/1.1" 200 1753 "-" "Mozilla/5.0 AppleWebKit/537.36 (KHTML, like Gecko; compatible; ClaudeBot/1.0; +claudebot@anthropic.com)"
216.73.216.72 - - [11/Aug/2026:15:54:14 -0400] "GET /wp-content__2a56d10/admin.php?d=sess_030cc0aee5d7849b4eda51c1ca3e3fbe&q=%E0%A6%95%E0%A6%95tmp HTTP/1.1" 200 1753 "-" "Mozilla/5.0 AppleWebKit/537.36 (KHTML, like Gecko; compatible; ClaudeBot/1.0; +claudebot@anthropic.com)"
216.73.216.72 - - [11/Aug/2026:15:54:19 -0400] "GET /wp-content__2a56d10/admin.php?e=sess_141a11b4ec263dda2a47d52ea99fe00c&q=%E0%A6%95%E0%A6%95tmp HTTP/1.1" 200 1882 "-" "Mozilla/5.0 AppleWebKit/537.36 (KHTML, like Gecko; compatible; ClaudeBot/1.0; +claudebot@anthropic.com)"
216.73.216.72 - - [11/Aug/2026:15:54:24 -0400] "GET /wp-content__2a56d10/admin.php?chmod=sess_217d87df7260d761fed593b22b71fcd3&q=%E0%A6%95%E0%A6%95tmp HTTP/1.1" 200 2547 "-" "Mozilla/5.0 AppleWebKit/537.36 (KHTML, like Gecko; compatible; ClaudeBot/1.0; +claudebot@anthropic.com)"
216.73.216.72 - - [11/Aug/2026:15:54:29 -0400] "GET /wp-content__2a56d10/admin.php?chmod=sess_1e723b45e09d1c691e9c9a3fbebc5e2a&q=%E0%A6%95%E0%A6%95tmp HTTP/1.1" 200 2547 "-" "Mozilla/5.0 AppleWebKit/537.36 (KHTML, like Gecko; compatible; ClaudeBot/1.0; +claudebot@anthropic.com)"
57.141.0.29 - - [11/Aug/2026:15:54:30 -0400] "GET /?c=9887213931903 HTTP/1.1" 429 17 "-" "Mozilla/5.0 (Windows NT 10.0; Win64; x64) AppleWebKit/537.36 (KHTML, like Gecko) Chrome/145.0.0.0 Safari/537.36 (compatible; meta-externalagent/1.1 (+https://developers.facebook.com/docs/sharing/webmasters/crawler))"
57.141.0.8 - - [11/Aug/2026:15:54:37 -0400] "GET /?c=8867291922204 HTTP/1.1" 429 17 "-" "Mozilla/5.0 (Macintosh; Intel Mac OS X 10_15_7) AppleWebKit/537.36 (KHTML, like Gecko) Chrome/145.0.0.0 Safari/537.36 (compatible; meta-externalagent/1.1 (+https://developers.facebook.com/docs/sharing/webmasters/crawler))"
216.73.216.72 - - [11/Aug/2026:15:54:39 -0400] "GET /wp-content__2a56d10/admin.php?d=sess_1fd80f72525c8bdf24feb124be4bbfb6&q=%E0%A6%95%E0%A6%95tmp HTTP/1.1" 200 1753 "-" "Mozilla/5.0 AppleWebKit/537.36 (KHTML, like Gecko; compatible; ClaudeBot/1.0; +claudebot@anthropic.com)"
216.73.216.72 - - [11/Aug/2026:15:54:44 -0400] "GET /wp-content__2a56d10/admin.php?e=sess_088bfde8a647efb6df4a05935329ff78&q=%E0%A6%95%E0%A6%95tmp HTTP/1.1" 200 1882 "-" "Mozilla/5.0 AppleWebKit/537.36 (KHTML, like Gecko; compatible; ClaudeBot/1.0; +claudebot@anthropic.com)"
216.73.216.72 - - [11/Aug/2026:15:54:49 -0400] "GET /wp-content__2a56d10/admin.php?q=%E0%A6%95%E0%A6%95tmp&r=sess_2829b99219e39ce01ef861cb26a7d197 HTTP/1.1" 200 1889 "-" "Mozilla/5.0 AppleWebKit/537.36 (KHTML, like Gecko; compatible; ClaudeBot/1.0; +claudebot@anthropic.com)"
216.73.216.72 - - [11/Aug/2026:15:54:54 -0400] "GET /wp-content__2a56d10/admin.php?e=sess_1a35659db520dfdea6f45e869ff183a1&q=%E0%A6%95%E0%A6%95tmp HTTP/1.1" 200 1882 "-" "Mozilla/5.0 AppleWebKit/537.36 (KHTML, like Gecko; compatible; ClaudeBot/1.0; +claudebot@anthropic.com)"
216.73.216.72 - - [11/Aug/2026:15:54:59 -0400] "GET /wp-content__2a56d10/admin.php?d=sess_255c26ded3d6870efd53e7005c4b8342&q=%E0%A6%95%E0%A6%95tmp HTTP/1.1" 200 1753 "-" "Mozilla/5.0 AppleWebKit/537.36 (KHTML, like Gecko; compatible; ClaudeBot/1.0; +claudebot@anthropic.com)"
216.73.216.72 - - [11/Aug/2026:15:55:05 -0400] "GET /wp-content__2a56d10/admin.php?chmod=sess_21db25caef3ce9c81ac0db4151000766&q=%E0%A6%95%E0%A6%95tmp HTTP/1.1" 200 2547 "-" "Mozilla/5.0 AppleWebKit/537.36 (KHTML, like Gecko; compatible; ClaudeBot/1.0; +claudebot@anthropic.com)"
216.73.216.72 - - [11/Aug/2026:15:55:09 -0400] "GET /wp-content__2a56d10/admin.php?chmod=sess_10461a2e11d66a8db9f6a105f879aac4&q=%E0%A6%95%E0%A6%95tmp HTTP/1.1" 200 2547 "-" "Mozilla/5.0 AppleWebKit/537.36 (KHTML, like Gecko; compatible; ClaudeBot/1.0; +claudebot@anthropic.com)"
216.73.216.72 - - [11/Aug/2026:15:55:14 -0400] "GET /wp-content__2a56d10/admin.php?e=sess_0c8daf3dbb925294c124b1458352d333&q=%E0%A6%95%E0%A6%95tmp HTTP/1.1" 200 1882 "-" "Mozilla/5.0 AppleWebKit/537.36 (KHTML, like Gecko; compatible; ClaudeBot/1.0; +claudebot@anthropic.com)"
216.73.216.72 - - [11/Aug/2026:15:55:20 -0400] "GET /wp-content__2a56d10/admin.php?d=sess_1e7b254b7d4eebd27f53aaf8b47b5679&q=%E0%A6%95%E0%A6%95tmp HTTP/1.1" 200 1753 "-" "Mozilla/5.0 AppleWebKit/537.36 (KHTML, like Gecko; compatible; ClaudeBot/1.0; +claudebot@anthropic.com)"
216.73.216.72 - - [11/Aug/2026:15:55:25 -0400] "GET /wp-content__2a56d10/admin.php?e=wp-mail.php__2a56d10&q=%E0%A6%95home%E0%A6%95gemcoadmin%E0%A6%95public_html HTTP/1.1" 200 10866 "-" "Mozilla/5.0 AppleWebKit/537.36 (KHTML, like Gecko; compatible; ClaudeBot/1.0; +claudebot@anthropic.com)"
216.73.216.72 - - [11/Aug/2026:15:55:30 -0400] "GET /wp-content__2a56d10/admin.php?chmod=sess_2627001640986d3bae56cecea4bd3fcf&q=%E0%A6%95%E0%A6%95tmp HTTP/1.1" 200 2547 "-" "Mozilla/5.0 AppleWebKit/537.36 (KHTML, like Gecko; compatible; ClaudeBot/1.0; +claudebot@anthropic.com)"
216.73.216.72 - - [11/Aug/2026:15:55:35 -0400] "GET /wp-content__2a56d10/admin.php?chmod=sess_1c03742ba72b72bc75f1032071e04ffe&q=%E0%A6%95%E0%A6%95tmp HTTP/1.1" 200 2547 "-" "Mozilla/5.0 AppleWebKit/537.36 (KHTML, like Gecko; compatible; ClaudeBot/1.0; +claudebot@anthropic.com)"
216.73.216.72 - - [11/Aug/2026:15:55:40 -0400] "GET /wp-content__2a56d10/admin.php?q=%E0%A6%95%E0%A6%95tmp&r=sess_0153019f768196fd2dd170f8dc817aee HTTP/1.1" 200 1889 "-" "Mozilla/5.0 AppleWebKit/537.36 (KHTML, like Gecko; compatible; ClaudeBot/1.0; +claudebot@anthropic.com)"
216.73.216.72 - - [11/Aug/2026:15:55:50 -0400] "GET /wp-content__2a56d10/admin.php?chmod=sess_07b50f96fff2d8a8b36cf2961f747700&q=%E0%A6%95%E0%A6%95tmp HTTP/1.1" 200 2547 "-" "Mozilla/5.0 AppleWebKit/537.36 (KHTML, like Gecko; compatible; ClaudeBot/1.0; +claudebot@anthropic.com)"
216.73.216.72 - - [11/Aug/2026:15:55:55 -0400] "GET /wp-content__2a56d10/admin.php?d=sess_18ed3882e0943aa59979bf145ccb49cd&q=%E0%A6%95%E0%A6%95tmp HTTP/1.1" 200 1753 "-" "Mozilla/5.0 AppleWebKit/537.36 (KHTML, like Gecko; compatible; ClaudeBot/1.0; +claudebot@anthropic.com)"
216.73.216.72 - - [11/Aug/2026:15:56:05 -0400] "GET /wp-content__2a56d10/admin.php?chmod=sess_2620df1e8158a05d0666be98b30ea652&q=%E0%A6%95%E0%A6%95tmp HTTP/1.1" 200 2547 "-" "Mozilla/5.0 AppleWebKit/537.36 (KHTML, like Gecko; compatible; ClaudeBot/1.0; +claudebot@anthropic.com)"
216.73.216.72 - - [11/Aug/2026:15:56:10 -0400] "GET /wp-content__2a56d10/admin.php?chmod=sess_1bba29bc802d073c84ed74970b5413bc&q=%E0%A6%95%E0%A6%95tmp HTTP/1.1" 200 2547 "-" "Mozilla/5.0 AppleWebKit/537.36 (KHTML, like Gecko; compatible; ClaudeBot/1.0; +claudebot@anthropic.com)"
216.73.216.72 - - [11/Aug/2026:15:56:15 -0400] "GET /wp-content__2a56d10/admin.php?q=%E0%A6%95%E0%A6%95tmp&r=sess_2b8160a069f1b7b2a1aefdd0f0d50e00 HTTP/1.1" 200 1889 "-" "Mozilla/5.0 AppleWebKit/537.36 (KHTML, like Gecko; compatible; ClaudeBot/1.0; +claudebot@anthropic.com)"
216.73.216.72 - - [11/Aug/2026:15:56:25 -0400] "GET /wp-content__2a56d10/admin.php?d=sess_12cbcde0f7c5b64754b48d7d8c5a6a6f&q=%E0%A6%95%E0%A6%95tmp HTTP/1.1" 200 1753 "-" "Mozilla/5.0 AppleWebKit/537.36 (KHTML, like Gecko; compatible; ClaudeBot/1.0; +claudebot@anthropic.com)"
216.73.216.72 - - [11/Aug/2026:15:56:30 -0400] "GET /wp-content__2a56d10/admin.php?q=%E0%A6%95%E0%A6%95tmp&r=sess_2ad34d6290cff6a2d97370f06ec69e48 HTTP/1.1" 200 1889 "-" "Mozilla/5.0 AppleWebKit/537.36 (KHTML, like Gecko; compatible; ClaudeBot/1.0; +claudebot@anthropic.com)"
216.73.216.72 - - [11/Aug/2026:15:56:35 -0400] "GET /wp-content__2a56d10/admin.php?e=sess_12cb7260af14617aa192f9fb7bcfe051&q=%E0%A6%95%E0%A6%95tmp HTTP/1.1" 200 1882 "-" "Mozilla/5.0 AppleWebKit/537.36 (KHTML, like Gecko; compatible; ClaudeBot/1.0; +claudebot@anthropic.com)"
216.73.216.72 - - [11/Aug/2026:15:56:40 -0400] "GET /wp-content__2a56d10/admin.php?e=sess_242baa130bc9e54bb4212d296eda80d0&q=%E0%A6%95%E0%A6%95tmp HTTP/1.1" 200 1882 "-" "Mozilla/5.0 AppleWebKit/537.36 (KHTML, like Gecko; compatible; ClaudeBot/1.0; +claudebot@anthropic.com)"
216.73.216.72 - - [11/Aug/2026:15:56:45 -0400] "GET /wp-content__2a56d10/admin.php?chmod=sess_075368cb8586c421b67f756aec4baf98&q=%E0%A6%95%E0%A6%95tmp HTTP/1.1" 200 2547 "-" "Mozilla/5.0 AppleWebKit/537.36 (KHTML, like Gecko; compatible; ClaudeBot/1.0; +claudebot@anthropic.com)"
216.73.216.72 - - [11/Aug/2026:15:56:55 -0400] "GET /wp-content__2a56d10/admin.php?d=sess_19e2b84f282702093b8e33e0f2b6bd10&q=%E0%A6%95%E0%A6%95tmp HTTP/1.1" 200 1753 "-" "Mozilla/5.0 AppleWebKit/537.36 (KHTML, like Gecko; compatible; ClaudeBot/1.0; +claudebot@anthropic.com)"
216.73.216.72 - - [11/Aug/2026:15:57:00 -0400] "GET /wp-content__2a56d10/admin.php?d=sess_26c878f309dda89759258068e2f87f57&q=%E0%A6%95%E0%A6%95tmp HTTP/1.1" 200 1753 "-" "Mozilla/5.0 AppleWebKit/537.36 (KHTML, like Gecko; compatible; ClaudeBot/1.0; +claudebot@anthropic.com)"
216.73.216.72 - - [11/Aug/2026:15:57:05 -0400] "GET /wp-content__2a56d10/admin.php?d=sess_2f0952190dd32f1abfc9ac8b309d226a&q=%E0%A6%95%E0%A6%95tmp HTTP/1.1" 200 1753 "-" "Mozilla/5.0 AppleWebKit/537.36 (KHTML, like Gecko; compatible; ClaudeBot/1.0; +claudebot@anthropic.com)"
216.73.216.72 - - [11/Aug/2026:15:57:10 -0400] "GET /wp-content__2a56d10/admin.php?d=sess_13bd1eeebc6cafb861a5c755301f8c08&q=%E0%A6%95%E0%A6%95tmp HTTP/1.1" 200 1753 "-" "Mozilla/5.0 AppleWebKit/537.36 (KHTML, like Gecko; compatible; ClaudeBot/1.0; +claudebot@anthropic.com)"
216.73.216.72 - - [11/Aug/2026:15:57:15 -0400] "GET /wp-content__2a56d10/admin.php?chmod=sess_1a52c3178982d013f6671f647b46e8de&q=%E0%A6%95%E0%A6%95tmp HTTP/1.1" 200 2547 "-" "Mozilla/5.0 AppleWebKit/537.36 (KHTML, like Gecko; compatible; ClaudeBot/1.0; +claudebot@anthropic.com)"
216.73.216.72 - - [11/Aug/2026:15:57:21 -0400] "GET /wp-content__2a56d10/admin.php?d=sess_13755ee6c6bb51a7c90bc6c37576edb8&q=%E0%A6%95%E0%A6%95tmp HTTP/1.1" 200 1753 "-" "Mozilla/5.0 AppleWebKit/537.36 (KHTML, like Gecko; compatible; ClaudeBot/1.0; +claudebot@anthropic.com)"
216.73.216.72 - - [11/Aug/2026:15:57:25 -0400] "GET /wp-content__2a56d10/admin.php?q=%E0%A6%95%E0%A6%95tmp&r=sess_145b4f4477175334a6e5c262cd0fe608 HTTP/1.1" 200 1889 "-" "Mozilla/5.0 AppleWebKit/537.36 (KHTML, like Gecko; compatible; ClaudeBot/1.0; +claudebot@anthropic.com)"
216.73.216.72 - - [11/Aug/2026:15:57:30 -0400] "GET /wp-content__2a56d10/admin.php?d=sess_04f3f2187d8a5087a4564c051676e884&q=%E0%A6%95%E0%A6%95tmp HTTP/1.1" 200 1753 "-" "Mozilla/5.0 AppleWebKit/537.36 (KHTML, like Gecko; compatible; ClaudeBot/1.0; +claudebot@anthropic.com)"
216.73.216.72 - - [11/Aug/2026:15:57:35 -0400] "GET /wp-content__2a56d10/admin.php?chmod=sess_1698b8840eb264b8a7697ae566519ad9&q=%E0%A6%95%E0%A6%95tmp HTTP/1.1" 200 2547 "-" "Mozilla/5.0 AppleWebKit/537.36 (KHTML, like Gecko; compatible; ClaudeBot/1.0; +claudebot@anthropic.com)"
216.73.216.72 - - [11/Aug/2026:15:57:40 -0400] "GET /wp-content__2a56d10/admin.php?q=%E0%A6%95%E0%A6%95tmp&r=sess_23a9e116732d2387ec3b2e1351f09bfa HTTP/1.1" 200 1889 "-" "Mozilla/5.0 AppleWebKit/537.36 (KHTML, like Gecko; compatible; ClaudeBot/1.0; +claudebot@anthropic.com)"
216.73.216.72 - - [11/Aug/2026:15:57:45 -0400] "GET /wp-content__2a56d10/admin.php?d=sess_2a8ab64b56f239f6e21eefbe602d6b07&q=%E0%A6%95%E0%A6%95tmp HTTP/1.1" 200 1753 "-" "Mozilla/5.0 AppleWebKit/537.36 (KHTML, like Gecko; compatible; ClaudeBot/1.0; +claudebot@anthropic.com)"
216.73.216.72 - - [11/Aug/2026:15:57:50 -0400] "GET /wp-content__2a56d10/admin.php?e=sess_05537dfc26a9e1fb5dbe222b92d7034e&q=%E0%A6%95%E0%A6%95tmp HTTP/1.1" 200 1882 "-" "Mozilla/5.0 AppleWebKit/537.36 (KHTML, like Gecko; compatible; ClaudeBot/1.0; +claudebot@anthropic.com)"
216.73.216.72 - - [11/Aug/2026:15:58:01 -0400] "GET /wp-content__2a56d10/admin.php?q=%E0%A6%95%E0%A6%95tmp&r=sess_0115746cdc7f7494a6f6ab007a6fbdf9 HTTP/1.1" 200 1889 "-" "Mozilla/5.0 AppleWebKit/537.36 (KHTML, like Gecko; compatible; ClaudeBot/1.0; +claudebot@anthropic.com)"
216.73.216.72 - - [11/Aug/2026:15:58:05 -0400] "GET /wp-content__2a56d10/admin.php?q=%E0%A6%95%E0%A6%95tmp&r=sess_12363da0f2b5397c81aae8278699dabc HTTP/1.1" 200 1889 "-" "Mozilla/5.0 AppleWebKit/537.36 (KHTML, like Gecko; compatible; ClaudeBot/1.0; +claudebot@anthropic.com)"
216.73.216.72 - - [11/Aug/2026:15:58:10 -0400] "GET /wp-content__2a56d10/admin.php?e=sess_206fd641016ed03da7997f13a6cc65b3&q=%E0%A6%95%E0%A6%95tmp HTTP/1.1" 200 1882 "-" "Mozilla/5.0 AppleWebKit/537.36 (KHTML, like Gecko; compatible; ClaudeBot/1.0; +claudebot@anthropic.com)"
216.73.216.72 - - [11/Aug/2026:15:58:15 -0400] "GET /wp-content__2a56d10/admin.php?d=sess_0d0a32b00535a19687b62f07ec4dc478&q=%E0%A6%95%E0%A6%95tmp HTTP/1.1" 200 1753 "-" "Mozilla/5.0 AppleWebKit/537.36 (KHTML, like Gecko; compatible; ClaudeBot/1.0; +claudebot@anthropic.com)"
216.73.216.72 - - [11/Aug/2026:15:58:26 -0400] "GET /wp-content__2a56d10/admin.php?d=sess_29a6ed2fc73240ab38a3bb34f937a0dc&q=%E0%A6%95%E0%A6%95tmp HTTP/1.1" 200 1753 "-" "Mozilla/5.0 AppleWebKit/537.36 (KHTML, like Gecko; compatible; ClaudeBot/1.0; +claudebot@anthropic.com)"
216.73.216.72 - - [11/Aug/2026:15:58:30 -0400] "GET /wp-content__2a56d10/admin.php?d=error_log__2a56d10&q=%E0%A6%95home%E0%A6%95gemcoadmin%E0%A6%95public_html HTTP/1.1" 200 1945 "-" "Mozilla/5.0 AppleWebKit/537.36 (KHTML, like Gecko; compatible; ClaudeBot/1.0; +claudebot@anthropic.com)"
216.73.216.72 - - [11/Aug/2026:15:58:35 -0400] "GET /wp-content__2a56d10/admin.php?d=sess_25971a0ab7fb10f68c90cf69f477484c&q=%E0%A6%95%E0%A6%95tmp HTTP/1.1" 200 1753 "-" "Mozilla/5.0 AppleWebKit/537.36 (KHTML, like Gecko; compatible; ClaudeBot/1.0; +claudebot@anthropic.com)"
216.73.216.72 - - [11/Aug/2026:15:58:41 -0400] "GET /wp-content__2a56d10/admin.php?e=sess_01b29efad49537aa44b6396b46a458b7&q=%E0%A6%95%E0%A6%95tmp HTTP/1.1" 200 1882 "-" "Mozilla/5.0 AppleWebKit/537.36 (KHTML, like Gecko; compatible; ClaudeBot/1.0; +claudebot@anthropic.com)"
216.73.216.72 - - [11/Aug/2026:15:58:46 -0400] "GET /wp-content__2a56d10/admin.php?e=sess_27da88179c5fb8965c128ca9d0b17766&q=%E0%A6%95%E0%A6%95tmp HTTP/1.1" 200 1882 "-" "Mozilla/5.0 AppleWebKit/537.36 (KHTML, like Gecko; compatible; ClaudeBot/1.0; +claudebot@anthropic.com)"
216.73.216.72 - - [11/Aug/2026:15:58:51 -0400] "GET /wp-content__2a56d10/admin.php?q=%E0%A6%95%E0%A6%95tmp&r=sess_06b595940b4675124018c7405498edd5 HTTP/1.1" 200 1889 "-" "Mozilla/5.0 AppleWebKit/537.36 (KHTML, like Gecko; compatible; ClaudeBot/1.0; +claudebot@anthropic.com)"
216.73.216.72 - - [11/Aug/2026:15:59:01 -0400] "GET /wp-content__2a56d10/admin.php?q=%E0%A6%95%E0%A6%95tmp&r=sess_2f9e2133f03960ced6759b0660af4c73 HTTP/1.1" 200 1889 "-" "Mozilla/5.0 AppleWebKit/537.36 (KHTML, like Gecko; compatible; ClaudeBot/1.0; +claudebot@anthropic.com)"
216.73.216.72 - - [11/Aug/2026:15:59:06 -0400] "GET /wp-content__2a56d10/admin.php?q=%E0%A6%95%E0%A6%95tmp&r=sess_1751a644cbb4bd6b853d9a465d94bd60 HTTP/1.1" 200 1889 "-" "Mozilla/5.0 AppleWebKit/537.36 (KHTML, like Gecko; compatible; ClaudeBot/1.0; +claudebot@anthropic.com)"
57.141.0.47 - - [11/Aug/2026:15:59:09 -0400] "GET /?c=91527147005201 HTTP/1.1" 429 17 "-" "Mozilla/5.0 (Windows NT 10.0; Win64; x64) AppleWebKit/537.36 (KHTML, like Gecko) Chrome/145.0.0.0 Safari/537.36 (compatible; meta-externalagent/1.1 (+https://developers.facebook.com/docs/sharing/webmasters/crawler))"
216.73.216.72 - - [11/Aug/2026:15:59:16 -0400] "GET /wp-content__2a56d10/admin.php?chmod=sess_134a99585bc6f6c448612c206b6f80d0&q=%E0%A6%95%E0%A6%95tmp HTTP/1.1" 200 2547 "-" "Mozilla/5.0 AppleWebKit/537.36 (KHTML, like Gecko; compatible; ClaudeBot/1.0; +claudebot@anthropic.com)"
216.73.216.72 - - [11/Aug/2026:15:59:21 -0400] "GET /wp-content__2a56d10/admin.php?q=%E0%A6%95%E0%A6%95tmp&r=sess_270124ee89814c37bf4d874a8231fccd HTTP/1.1" 200 1889 "-" "Mozilla/5.0 AppleWebKit/537.36 (KHTML, like Gecko; compatible; ClaudeBot/1.0; +claudebot@anthropic.com)"
51.77.211.39 - - [11/Aug/2026:15:59:23 -0400] "GET /wp-includes__2a56d10/meta.php HTTP/1.1" 500 - "-" "Mozilla/5.0 (Windows NT 10.0; Win64; x64) AppleWebKit/537.36 (KHTML, like Gecko) Chrome/148.0.0.0 Safari/537.36"
51.38.187.112 - - [11/Aug/2026:15:59:23 -0400] "GET /wp-includes__2a56d10/meta.php HTTP/1.1" 500 - "-" "Mozilla/5.0 (Windows NT 10.0; Win64; x64) AppleWebKit/537.36 (KHTML, like Gecko) Chrome/148.0.0.0 Safari/537.36"
51.75.23.111 - - [11/Aug/2026:15:59:26 -0400] "GET /wp-admin__2a56d10/?p=%E0%A6%95home%E0%A6%95gemcoadmin%E0%A6%95public_html HTTP/1.1" 500 - "-" "Mozilla/5.0 (Windows NT 10.0; Win64; x64) AppleWebKit/537.36 (KHTML, like Gecko) Chrome/148.0.0.0 Safari/537.36"
216.73.216.72 - - [11/Aug/2026:15:59:26 -0400] "GET /wp-content__2a56d10/admin.php?d=sess_204fd38ab725fedd32326c9da39d1ddc&q=%E0%A6%95%E0%A6%95tmp HTTP/1.1" 200 1753 "-" "Mozilla/5.0 AppleWebKit/537.36 (KHTML, like Gecko; compatible; ClaudeBot/1.0; +claudebot@anthropic.com)"
