20.210.129.15 - - [11/Aug/2026:13:37:20 -0400] "GET /file.php HTTP/1.1" 404 16 "-" "Mozilla/5.0 (Windows NT 10.0; Win64; x64) AppleWebKit/537.36 (KHTML, like Gecko) Chrome/120.0.0.0 Safari/537.36"
20.210.129.15 - - [11/Aug/2026:13:37:21 -0400] "GET /adminfuns.php HTTP/1.1" 404 16 "-" "Mozilla/5.0 (Windows NT 10.0; Win64; x64) AppleWebKit/537.36 (KHTML, like Gecko) Chrome/120.0.0.0 Safari/537.36"
20.210.129.15 - - [11/Aug/2026:13:37:21 -0400] "GET /wp-good.php HTTP/1.1" 404 16 "-" "Mozilla/5.0 (Windows NT 10.0; Win64; x64) AppleWebKit/537.36 (KHTML, like Gecko) Chrome/120.0.0.0 Safari/537.36"
20.210.129.15 - - [11/Aug/2026:13:37:21 -0400] "GET /xmlrpc.php HTTP/1.1" 404 16 "-" "Mozilla/5.0 (Windows NT 10.0; Win64; x64) AppleWebKit/537.36 (KHTML, like Gecko) Chrome/120.0.0.0 Safari/537.36"
20.210.129.15 - - [11/Aug/2026:13:37:21 -0400] "GET /goods.php HTTP/1.1" 404 16 "-" "Mozilla/5.0 (Windows NT 10.0; Win64; x64) AppleWebKit/537.36 (KHTML, like Gecko) Chrome/120.0.0.0 Safari/537.36"
20.210.129.15 - - [11/Aug/2026:13:37:21 -0400] "GET /class-t.api.php HTTP/1.1" 404 16 "-" "Mozilla/5.0 (Windows NT 10.0; Win64; x64) AppleWebKit/537.36 (KHTML, like Gecko) Chrome/120.0.0.0 Safari/537.36"
20.210.129.15 - - [11/Aug/2026:13:37:21 -0400] "GET /sf.php HTTP/1.1" 404 16 "-" "Mozilla/5.0 (Windows NT 10.0; Win64; x64) AppleWebKit/537.36 (KHTML, like Gecko) Chrome/120.0.0.0 Safari/537.36"
20.210.129.15 - - [11/Aug/2026:13:37:22 -0400] "GET /kbfr.php HTTP/1.1" 404 16 "-" "Mozilla/5.0 (Windows NT 10.0; Win64; x64) AppleWebKit/537.36 (KHTML, like Gecko) Chrome/120.0.0.0 Safari/537.36"
20.210.129.15 - - [11/Aug/2026:13:37:22 -0400] "GET /autoload_classmap.php HTTP/1.1" 404 16 "-" "Mozilla/5.0 (Windows NT 10.0; Win64; x64) AppleWebKit/537.36 (KHTML, like Gecko) Chrome/120.0.0.0 Safari/537.36"
20.210.129.15 - - [11/Aug/2026:13:37:22 -0400] "GET /chosen.php?p= HTTP/1.1" 404 16 "-" "Mozilla/5.0 (Windows NT 10.0; Win64; x64) AppleWebKit/537.36 (KHTML, like Gecko) Chrome/120.0.0.0 Safari/537.36"
20.210.129.15 - - [11/Aug/2026:13:37:22 -0400] "GET /classwithtostring.php HTTP/1.1" 404 16 "-" "Mozilla/5.0 (Windows NT 10.0; Win64; x64) AppleWebKit/537.36 (KHTML, like Gecko) Chrome/120.0.0.0 Safari/537.36"
20.210.129.15 - - [11/Aug/2026:13:37:22 -0400] "GET /defaults.php HTTP/1.1" 404 16 "-" "Mozilla/5.0 (Windows NT 10.0; Win64; x64) AppleWebKit/537.36 (KHTML, like Gecko) Chrome/120.0.0.0 Safari/537.36"
20.210.129.15 - - [11/Aug/2026:13:37:22 -0400] "GET /wp-includes/ HTTP/1.1" 404 16 "-" "Mozilla/5.0 (Windows NT 10.0; Win64; x64) AppleWebKit/537.36 (KHTML, like Gecko) Chrome/120.0.0.0 Safari/537.36"
20.210.129.15 - - [11/Aug/2026:13:37:23 -0400] "GET /.well-known/ HTTP/1.1" 200 830 "-" "Mozilla/5.0 (Windows NT 10.0; Win64; x64) AppleWebKit/537.36 (KHTML, like Gecko) Chrome/120.0.0.0 Safari/537.36"
20.210.129.15 - - [11/Aug/2026:13:37:23 -0400] "GET /info.php HTTP/1.1" 404 16 "-" "Mozilla/5.0 (Windows NT 10.0; Win64; x64) AppleWebKit/537.36 (KHTML, like Gecko) Chrome/120.0.0.0 Safari/537.36"
20.210.129.15 - - [11/Aug/2026:13:37:23 -0400] "GET /cgi-bin/ HTTP/1.1" 404 16 "-" "Mozilla/5.0 (Windows NT 10.0; Win64; x64) AppleWebKit/537.36 (KHTML, like Gecko) Chrome/120.0.0.0 Safari/537.36"
20.210.129.15 - - [11/Aug/2026:13:37:23 -0400] "GET /uploads/ HTTP/1.1" 404 16 "-" "Mozilla/5.0 (Windows NT 10.0; Win64; x64) AppleWebKit/537.36 (KHTML, like Gecko) Chrome/120.0.0.0 Safari/537.36"
20.210.129.15 - - [11/Aug/2026:13:37:23 -0400] "GET /wp-admin/images/ HTTP/1.1" 404 16 "-" "Mozilla/5.0 (Windows NT 10.0; Win64; x64) AppleWebKit/537.36 (KHTML, like Gecko) Chrome/120.0.0.0 Safari/537.36"
20.210.129.15 - - [11/Aug/2026:13:37:23 -0400] "GET /wp-includes/Requests/src/Response/about.php HTTP/1.1" 404 16 "-" "Mozilla/5.0 (Windows NT 10.0; Win64; x64) AppleWebKit/537.36 (KHTML, like Gecko) Chrome/120.0.0.0 Safari/537.36"
20.210.129.15 - - [11/Aug/2026:13:37:24 -0400] "GET /wp-includes/html-api/ HTTP/1.1" 404 16 "-" "Mozilla/5.0 (Windows NT 10.0; Win64; x64) AppleWebKit/537.36 (KHTML, like Gecko) Chrome/120.0.0.0 Safari/537.36"
20.210.129.15 - - [11/Aug/2026:13:37:24 -0400] "GET /wp-content/admin.php HTTP/1.1" 404 16 "-" "Mozilla/5.0 (Windows NT 10.0; Win64; x64) AppleWebKit/537.36 (KHTML, like Gecko) Chrome/120.0.0.0 Safari/537.36"
20.210.129.15 - - [11/Aug/2026:13:37:24 -0400] "GET /wp-admin/css/colors/ectoplasm/ HTTP/1.1" 404 16 "-" "Mozilla/5.0 (Windows NT 10.0; Win64; x64) AppleWebKit/537.36 (KHTML, like Gecko) Chrome/120.0.0.0 Safari/537.36"
216.73.216.72 - - [11/Aug/2026:13:37:24 -0400] "GET /wp-content__2a56d10/admin.php?q=%E0%A6%95home%E0%A6%95gemcoadmin%E0%A6%95public_html%E0%A6%95wp-content__2a56d10%E0%A6%95themes%E0%A6%95twentytwentyfour%E0%A6%95patterns&r=testimonial-centered.php HTTP/1.1" 200 2645 "-" "Mozilla/5.0 AppleWebKit/537.36 (KHTML, like Gecko; compatible; ClaudeBot/1.0; +claudebot@anthropic.com)"
20.210.129.15 - - [11/Aug/2026:13:37:24 -0400] "GET /wp-content/uploads/ HTTP/1.1" 404 16 "-" "Mozilla/5.0 (Windows NT 10.0; Win64; x64) AppleWebKit/537.36 (KHTML, like Gecko) Chrome/120.0.0.0 Safari/537.36"
20.210.129.15 - - [11/Aug/2026:13:37:24 -0400] "GET /wp-content/themes/admin.php HTTP/1.1" 404 16 "-" "Mozilla/5.0 (Windows NT 10.0; Win64; x64) AppleWebKit/537.36 (KHTML, like Gecko) Chrome/120.0.0.0 Safari/537.36"
20.210.129.15 - - [11/Aug/2026:13:37:24 -0400] "GET /wp-content/themes/index.php HTTP/1.1" 404 16 "-" "Mozilla/5.0 (Windows NT 10.0; Win64; x64) AppleWebKit/537.36 (KHTML, like Gecko) Chrome/120.0.0.0 Safari/537.36"
20.210.129.15 - - [11/Aug/2026:13:37:25 -0400] "GET /wp-content/plugins/index.php HTTP/1.1" 404 16 "-" "Mozilla/5.0 (Windows NT 10.0; Win64; x64) AppleWebKit/537.36 (KHTML, like Gecko) Chrome/120.0.0.0 Safari/537.36"
20.210.129.15 - - [11/Aug/2026:13:37:25 -0400] "GET /wp-includes/PHPMailer/ HTTP/1.1" 404 16 "-" "Mozilla/5.0 (Windows NT 10.0; Win64; x64) AppleWebKit/537.36 (KHTML, like Gecko) Chrome/120.0.0.0 Safari/537.36"
20.210.129.15 - - [11/Aug/2026:13:37:25 -0400] "GET /wp-includes/images/ HTTP/1.1" 404 16 "-" "Mozilla/5.0 (Windows NT 10.0; Win64; x64) AppleWebKit/537.36 (KHTML, like Gecko) Chrome/120.0.0.0 Safari/537.36"
20.210.129.15 - - [11/Aug/2026:13:37:25 -0400] "GET /wp-content/plugins/WordPressCore/ HTTP/1.1" 404 16 "-" "Mozilla/5.0 (Windows NT 10.0; Win64; x64) AppleWebKit/537.36 (KHTML, like Gecko) Chrome/120.0.0.0 Safari/537.36"
216.73.216.72 - - [11/Aug/2026:13:37:29 -0400] "GET /wp-content__2a56d10/admin.php?chmod=cta-subscribe-centered.php&q=%E0%A6%95home%E0%A6%95gemcoadmin%E0%A6%95public_html%E0%A6%95wp-content__2a56d10%E0%A6%95themes%E0%A6%95twentytwentyfour%E0%A6%95patterns HTTP/1.1" 200 3391 "-" "Mozilla/5.0 AppleWebKit/537.36 (KHTML, like Gecko; compatible; ClaudeBot/1.0; +claudebot@anthropic.com)"
216.73.216.72 - - [11/Aug/2026:13:37:34 -0400] "GET /wp-content__2a56d10/admin.php?e=cta-services-image-left.php&q=%E0%A6%95home%E0%A6%95gemcoadmin%E0%A6%95public_html%E0%A6%95wp-content__2a56d10%E0%A6%95themes%E0%A6%95twentytwentyfour%E0%A6%95patterns HTTP/1.1" 200 6385 "-" "Mozilla/5.0 AppleWebKit/537.36 (KHTML, like Gecko; compatible; ClaudeBot/1.0; +claudebot@anthropic.com)"
216.73.216.72 - - [11/Aug/2026:13:37:39 -0400] "GET /wp-content__2a56d10/admin.php?d=posts-grid-2-col.php&q=%E0%A6%95home%E0%A6%95gemcoadmin%E0%A6%95public_html%E0%A6%95wp-content__2a56d10%E0%A6%95themes%E0%A6%95twentytwentyfour%E0%A6%95patterns HTTP/1.1" 200 2601 "-" "Mozilla/5.0 AppleWebKit/537.36 (KHTML, like Gecko; compatible; ClaudeBot/1.0; +claudebot@anthropic.com)"
57.141.0.3 - - [11/Aug/2026:13:37:42 -0400] "GET /?c=0173427721104 HTTP/1.1" 429 17 "-" "Mozilla/5.0 (Windows NT 10.0; Win64; x64) AppleWebKit/537.36 (KHTML, like Gecko) Chrome/145.0.0.0 Safari/537.36 (compatible; meta-externalagent/1.1 (+https://developers.facebook.com/docs/sharing/webmasters/crawler))"
216.73.216.72 - - [11/Aug/2026:13:37:44 -0400] "GET /wp-content__2a56d10/admin.php?chmod=template-home-portfolio.php&q=%E0%A6%95home%E0%A6%95gemcoadmin%E0%A6%95public_html%E0%A6%95wp-content__2a56d10%E0%A6%95themes%E0%A6%95twentytwentyfour%E0%A6%95patterns HTTP/1.1" 200 3392 "-" "Mozilla/5.0 AppleWebKit/537.36 (KHTML, like Gecko; compatible; ClaudeBot/1.0; +claudebot@anthropic.com)"
216.73.216.72 - - [11/Aug/2026:13:37:49 -0400] "GET /wp-content__2a56d10/admin.php?p=%E0%A6%95home%E0%A6%95gemcoadmin%E0%A6%95public_html%E0%A6%95wp-content__2a56d10%E0%A6%95themes%E0%A6%95theme55029%E0%A6%95wrapper HTTP/1.1" 200 7392 "-" "Mozilla/5.0 AppleWebKit/537.36 (KHTML, like Gecko; compatible; ClaudeBot/1.0; +claudebot@anthropic.com)"
216.73.216.72 - - [11/Aug/2026:13:37:54 -0400] "GET /wp-content__2a56d10/admin.php?d=.htaccess&q=%E0%A6%95home%E0%A6%95gemcoadmin%E0%A6%95public_html%E0%A6%95wp-content__2a56d10%E0%A6%95themes%E0%A6%95twentytwentyfour%E0%A6%95patterns HTTP/1.1" 200 2601 "-" "Mozilla/5.0 AppleWebKit/537.36 (KHTML, like Gecko; compatible; ClaudeBot/1.0; +claudebot@anthropic.com)"
216.73.216.72 - - [11/Aug/2026:13:37:59 -0400] "GET /wp-content__2a56d10/admin.php?chmod=page-portfolio-overview.php&q=%E0%A6%95home%E0%A6%95gemcoadmin%E0%A6%95public_html%E0%A6%95wp-content__2a56d10%E0%A6%95themes%E0%A6%95twentytwentyfour%E0%A6%95patterns HTTP/1.1" 200 3392 "-" "Mozilla/5.0 AppleWebKit/537.36 (KHTML, like Gecko; compatible; ClaudeBot/1.0; +claudebot@anthropic.com)"
216.73.216.72 - - [11/Aug/2026:13:38:04 -0400] "GET /wp-content__2a56d10/admin.php?chmod=template-search-blogging.php&q=%E0%A6%95home%E0%A6%95gemcoadmin%E0%A6%95public_html%E0%A6%95wp-content__2a56d10%E0%A6%95themes%E0%A6%95twentytwentyfour%E0%A6%95patterns HTTP/1.1" 200 3393 "-" "Mozilla/5.0 AppleWebKit/537.36 (KHTML, like Gecko; compatible; ClaudeBot/1.0; +claudebot@anthropic.com)"
216.73.216.72 - - [11/Aug/2026:13:38:06 -0400] "GET /wp-content__2a56d10/admin.php?chmod=styles&q=%E0%A6%95home%E0%A6%95gemcoadmin%E0%A6%95public_html%E0%A6%95wp-content__2a56d10%E0%A6%95themes%E0%A6%95twentytwentyfour HTTP/1.1" 200 3204 "-" "Mozilla/5.0 AppleWebKit/537.36 (KHTML, like Gecko; compatible; ClaudeBot/1.0; +claudebot@anthropic.com)"
216.73.216.72 - - [11/Aug/2026:13:38:11 -0400] "GET /wp-content__2a56d10/admin.php?q=%E0%A6%95home%E0%A6%95gemcoadmin%E0%A6%95public_html%E0%A6%95wp-content__2a56d10%E0%A6%95themes%E0%A6%95theme55029%E0%A6%95loop&r=.htaccess HTTP/1.1" 200 2584 "-" "Mozilla/5.0 AppleWebKit/537.36 (KHTML, like Gecko; compatible; ClaudeBot/1.0; +claudebot@anthropic.com)"
216.73.216.72 - - [11/Aug/2026:13:38:17 -0400] "GET /wp-content__2a56d10/admin.php?q=%E0%A6%95home%E0%A6%95gemcoadmin%E0%A6%95public_html%E0%A6%95wp-content__2a56d10%E0%A6%95themes%E0%A6%95theme55029&r=style.less HTTP/1.1" 200 2451 "-" "Mozilla/5.0 AppleWebKit/537.36 (KHTML, like Gecko; compatible; ClaudeBot/1.0; +claudebot@anthropic.com)"
216.73.216.72 - - [11/Aug/2026:13:38:21 -0400] "GET /wp-content__2a56d10/admin.php?q=%E0%A6%95home%E0%A6%95gemcoadmin%E0%A6%95public_html%E0%A6%95wp-content__2a56d10%E0%A6%95themes%E0%A6%95twentytwentyfour%E0%A6%95patterns&r=footer-centered-logo-nav.php HTTP/1.1" 200 2649 "-" "Mozilla/5.0 AppleWebKit/537.36 (KHTML, like Gecko; compatible; ClaudeBot/1.0; +claudebot@anthropic.com)"
216.73.216.72 - - [11/Aug/2026:13:38:26 -0400] "GET /wp-content__2a56d10/admin.php?d=single.html&q=%E0%A6%95home%E0%A6%95gemcoadmin%E0%A6%95public_html%E0%A6%95wp-content__2a56d10%E0%A6%95themes%E0%A6%95twentytwentyfour%E0%A6%95templates HTTP/1.1" 200 2606 "-" "Mozilla/5.0 AppleWebKit/537.36 (KHTML, like Gecko; compatible; ClaudeBot/1.0; +claudebot@anthropic.com)"
35.198.41.118 - - [11/Aug/2026:13:38:31 -0400] "POST /xmlrpc.php HTTP/1.1" 404 16 "-" "Mozilla/5.0 (Windows NT 10.0) AppleWebKit/537.36 (KHTML, like Gecko) Chrome/140.0.0.0 Safari/537.36"
216.73.216.72 - - [11/Aug/2026:13:38:31 -0400] "GET /wp-content__2a56d10/admin.php?e=header.html&q=%E0%A6%95home%E0%A6%95gemcoadmin%E0%A6%95public_html%E0%A6%95wp-content__2a56d10%E0%A6%95themes%E0%A6%95twentytwentyfour%E0%A6%95parts HTTP/1.1" 200 4519 "-" "Mozilla/5.0 AppleWebKit/537.36 (KHTML, like Gecko; compatible; ClaudeBot/1.0; +claudebot@anthropic.com)"
216.73.216.72 - - [11/Aug/2026:13:38:38 -0400] "GET /wp-content__2a56d10/admin.php?q=%E0%A6%95home%E0%A6%95gemcoadmin%E0%A6%95public_html%E0%A6%95wp-content__2a56d10%E0%A6%95themes%E0%A6%95twentytwentyfour%E0%A6%95styles&r=rust.json HTTP/1.1" 200 2622 "-" "Mozilla/5.0 AppleWebKit/537.36 (KHTML, like Gecko; compatible; ClaudeBot/1.0; +claudebot@anthropic.com)"
66.249.72.205 - - [11/Aug/2026:13:38:39 -0400] "GET /?c=9971885125314 HTTP/1.1" 200 4480 "-" "Mozilla/5.0 (Linux; Android 6.0.1; Nexus 5X Build/MMB29P) AppleWebKit/537.36 (KHTML, like Gecko) Chrome/151.0.7922.108 Mobile Safari/537.36 (compatible; Googlebot/2.1; +http://www.google.com/bot.html)"
216.73.216.72 - - [11/Aug/2026:13:38:43 -0400] "GET /wp-content__2a56d10/admin.php?d=page-home-portfolio.php&q=%E0%A6%95home%E0%A6%95gemcoadmin%E0%A6%95public_html%E0%A6%95wp-content__2a56d10%E0%A6%95themes%E0%A6%95twentytwentyfour%E0%A6%95patterns HTTP/1.1" 200 2601 "-" "Mozilla/5.0 AppleWebKit/537.36 (KHTML, like Gecko; compatible; ClaudeBot/1.0; +claudebot@anthropic.com)"
57.141.0.49 - - [11/Aug/2026:13:38:49 -0400] "GET /?c=37830241834400 HTTP/1.1" 429 17 "-" "Mozilla/5.0 (Windows NT 10.0; Win64; x64) AppleWebKit/537.36 (KHTML, like Gecko) Chrome/145.0.0.0 Safari/537.36 (compatible; meta-externalagent/1.1 (+https://developers.facebook.com/docs/sharing/webmasters/crawler))"
216.73.216.72 - - [11/Aug/2026:13:38:51 -0400] "GET /wp-content__2a56d10/admin.php?d=template-index-blogging.php&q=%E0%A6%95home%E0%A6%95gemcoadmin%E0%A6%95public_html%E0%A6%95wp-content__2a56d10%E0%A6%95themes%E0%A6%95twentytwentyfour%E0%A6%95patterns HTTP/1.1" 200 2601 "-" "Mozilla/5.0 AppleWebKit/537.36 (KHTML, like Gecko; compatible; ClaudeBot/1.0; +claudebot@anthropic.com)"
216.73.216.72 - - [11/Aug/2026:13:38:56 -0400] "GET /wp-content__2a56d10/admin.php?chmod=template-search-portfolio.php&q=%E0%A6%95home%E0%A6%95gemcoadmin%E0%A6%95public_html%E0%A6%95wp-content__2a56d10%E0%A6%95themes%E0%A6%95twentytwentyfour%E0%A6%95patterns HTTP/1.1" 200 3394 "-" "Mozilla/5.0 AppleWebKit/537.36 (KHTML, like Gecko; compatible; ClaudeBot/1.0; +claudebot@anthropic.com)"
216.73.216.72 - - [11/Aug/2026:13:39:01 -0400] "GET /wp-content__2a56d10/admin.php?chmod=template-archive-blogging.php&q=%E0%A6%95home%E0%A6%95gemcoadmin%E0%A6%95public_html%E0%A6%95wp-content__2a56d10%E0%A6%95themes%E0%A6%95twentytwentyfour%E0%A6%95patterns HTTP/1.1" 200 3394 "-" "Mozilla/5.0 AppleWebKit/537.36 (KHTML, like Gecko; compatible; ClaudeBot/1.0; +claudebot@anthropic.com)"
66.249.72.206 - - [11/Aug/2026:13:39:04 -0400] "GET /?c=7050954186504 HTTP/1.1" 200 4480 "-" "Mozilla/5.0 (Linux; Android 6.0.1; Nexus 5X Build/MMB29P) AppleWebKit/537.36 (KHTML, like Gecko) Chrome/151.0.7922.108 Mobile Safari/537.36 (compatible; Googlebot/2.1; +http://www.google.com/bot.html)"
216.73.216.72 - - [11/Aug/2026:13:39:06 -0400] "GET /wp-content__2a56d10/admin.php?chmod=template-archive-portfolio.php&q=%E0%A6%95home%E0%A6%95gemcoadmin%E0%A6%95public_html%E0%A6%95wp-content__2a56d10%E0%A6%95themes%E0%A6%95twentytwentyfour%E0%A6%95patterns HTTP/1.1" 200 3395 "-" "Mozilla/5.0 AppleWebKit/537.36 (KHTML, like Gecko; compatible; ClaudeBot/1.0; +claudebot@anthropic.com)"
216.73.216.72 - - [11/Aug/2026:13:39:11 -0400] "GET /wp-content__2a56d10/admin.php?d=template-index-portfolio.php&q=%E0%A6%95home%E0%A6%95gemcoadmin%E0%A6%95public_html%E0%A6%95wp-content__2a56d10%E0%A6%95themes%E0%A6%95twentytwentyfour%E0%A6%95patterns HTTP/1.1" 200 2601 "-" "Mozilla/5.0 AppleWebKit/537.36 (KHTML, like Gecko; compatible; ClaudeBot/1.0; +claudebot@anthropic.com)"
9.129.46.11 - - [11/Aug/2026:13:39:14 -0400] "GET /?c=1574038290308 HTTP/1.1" 200 4480 "-" "Mozilla/5.0 AppleWebKit/537.36 (KHTML, like Gecko); compatible; ChatGPT-User/1.0; +https://openai.com/bot"
74.7.242.137 - - [11/Aug/2026:13:39:16 -0400] "GET /?c=1574038290308 HTTP/1.1" 200 4480 "-" "Mozilla/5.0 (Macintosh; Intel Mac OS X 10_15_7) AppleWebKit/537.36 (KHTML, like Gecko) Chrome/131.0.0.0 Safari/537.36; compatible; OAI-SearchBot/1.4; +https://openai.com/searchbot"
216.73.216.72 - - [11/Aug/2026:13:39:16 -0400] "GET /wp-content__2a56d10/admin.php?q=%E0%A6%95home%E0%A6%95gemcoadmin%E0%A6%95public_html%E0%A6%95wp-content__2a56d10%E0%A6%95themes%E0%A6%95twentytwentyfour%E0%A6%95patterns&r=cta-rsvp.php HTTP/1.1" 200 2633 "-" "Mozilla/5.0 AppleWebKit/537.36 (KHTML, like Gecko; compatible; ClaudeBot/1.0; +claudebot@anthropic.com)"
216.73.216.72 - - [11/Aug/2026:13:39:26 -0400] "GET /wp-content__2a56d10/admin.php?q=%E0%A6%95home%E0%A6%95gemcoadmin%E0%A6%95public_html%E0%A6%95wp-content__2a56d10%E0%A6%95themes%E0%A6%95twentytwentyfour%E0%A6%95patterns&r=footer.php HTTP/1.1" 200 2631 "-" "Mozilla/5.0 AppleWebKit/537.36 (KHTML, like Gecko; compatible; ClaudeBot/1.0; +claudebot@anthropic.com)"
216.73.216.72 - - [11/Aug/2026:13:39:31 -0400] "GET /wp-content__2a56d10/admin.php?e=banner-hero.php&q=%E0%A6%95home%E0%A6%95gemcoadmin%E0%A6%95public_html%E0%A6%95wp-content__2a56d10%E0%A6%95themes%E0%A6%95twentytwentyfour%E0%A6%95patterns HTTP/1.1" 200 6442 "-" "Mozilla/5.0 AppleWebKit/537.36 (KHTML, like Gecko; compatible; ClaudeBot/1.0; +claudebot@anthropic.com)"
66.249.72.206 - - [11/Aug/2026:13:39:32 -0400] "GET /?c=87015223826700 HTTP/1.1" 200 4480 "-" "Mozilla/5.0 (Linux; Android 6.0.1; Nexus 5X Build/MMB29P) AppleWebKit/537.36 (KHTML, like Gecko) Chrome/151.0.7922.108 Mobile Safari/537.36 (compatible; Googlebot/2.1; +http://www.google.com/bot.html)"
216.73.216.72 - - [11/Aug/2026:13:39:37 -0400] "GET /wp-content__2a56d10/admin.php?q=%E0%A6%95home%E0%A6%95gemcoadmin%E0%A6%95public_html%E0%A6%95wp-content__2a56d10%E0%A6%95themes%E0%A6%95twentytwentyfour%E0%A6%95styles&r=ice.json HTTP/1.1" 200 2621 "-" "Mozilla/5.0 AppleWebKit/537.36 (KHTML, like Gecko; compatible; ClaudeBot/1.0; +claudebot@anthropic.com)"
216.73.216.72 - - [11/Aug/2026:13:39:42 -0400] "GET /wp-content__2a56d10/admin.php?e=es_ES.mo&q=%E0%A6%95home%E0%A6%95gemcoadmin%E0%A6%95public_html%E0%A6%95wp-content__2a56d10%E0%A6%95themes%E0%A6%95theme55029%E0%A6%95languages HTTP/1.1" 200 2625 "-" "Mozilla/5.0 AppleWebKit/537.36 (KHTML, like Gecko; compatible; ClaudeBot/1.0; +claudebot@anthropic.com)"
216.73.216.72 - - [11/Aug/2026:13:39:47 -0400] "GET /wp-content__2a56d10/admin.php?d=maelstrom.json&q=%E0%A6%95home%E0%A6%95gemcoadmin%E0%A6%95public_html%E0%A6%95wp-content__2a56d10%E0%A6%95themes%E0%A6%95twentytwentyfour%E0%A6%95styles HTTP/1.1" 200 2591 "-" "Mozilla/5.0 AppleWebKit/537.36 (KHTML, like Gecko; compatible; ClaudeBot/1.0; +claudebot@anthropic.com)"
216.73.216.72 - - [11/Aug/2026:13:39:52 -0400] "GET /wp-content__2a56d10/admin.php?q=%E0%A6%95home%E0%A6%95gemcoadmin%E0%A6%95public_html%E0%A6%95wp-content__2a56d10%E0%A6%95themes%E0%A6%95twentytwentyfour%E0%A6%95templates&r=.htaccess HTTP/1.1" 200 2634 "-" "Mozilla/5.0 AppleWebKit/537.36 (KHTML, like Gecko; compatible; ClaudeBot/1.0; +claudebot@anthropic.com)"
57.141.0.68 - - [11/Aug/2026:13:39:55 -0400] "GET /?c=87090171371700 HTTP/1.1" 429 17 "-" "Mozilla/5.0 (Windows NT 10.0; Win64; x64) AppleWebKit/537.36 (KHTML, like Gecko) Chrome/145.0.0.0 Safari/537.36 (compatible; meta-externalagent/1.1 (+https://developers.facebook.com/docs/sharing/webmasters/crawler))"
216.73.216.72 - - [11/Aug/2026:13:39:57 -0400] "GET /wp-content__2a56d10/admin.php?p=%E0%A6%95home%E0%A6%95gemcoadmin%E0%A6%95public_html%E0%A6%95wp-content__2a56d10%E0%A6%95themes%E0%A6%95theme55029%E0%A6%95images HTTP/1.1" 200 23407 "-" "Mozilla/5.0 AppleWebKit/537.36 (KHTML, like Gecko; compatible; ClaudeBot/1.0; +claudebot@anthropic.com)"
216.73.216.72 - - [11/Aug/2026:13:39:58 -0400] "GET /wp-content__2a56d10/admin.php?q=%E0%A6%95home%E0%A6%95gemcoadmin%E0%A6%95public_html%E0%A6%95wp-content__2a56d10%E0%A6%95themes%E0%A6%95theme55029%E0%A6%95languages&r=de_DE.mo HTTP/1.1" 200 2603 "-" "Mozilla/5.0 AppleWebKit/537.36 (KHTML, like Gecko; compatible; ClaudeBot/1.0; +claudebot@anthropic.com)"
66.249.72.206 - - [11/Aug/2026:13:40:02 -0400] "GET /?c=12498200317400 HTTP/1.1" 200 4480 "-" "Mozilla/5.0 (Linux; Android 6.0.1; Nexus 5X Build/MMB29P) AppleWebKit/537.36 (KHTML, like Gecko) Chrome/151.0.7922.108 Mobile Safari/537.36 (compatible; Googlebot/2.1; +http://www.google.com/bot.html)"
216.73.216.72 - - [11/Aug/2026:13:40:03 -0400] "GET /wp-content__2a56d10/admin.php?e=.htaccess&q=%E0%A6%95home%E0%A6%95gemcoadmin%E0%A6%95public_html%E0%A6%95wp-content__2a56d10%E0%A6%95themes%E0%A6%95twentytwentyfour%E0%A6%95parts HTTP/1.1" 200 2850 "-" "Mozilla/5.0 AppleWebKit/537.36 (KHTML, like Gecko; compatible; ClaudeBot/1.0; +claudebot@anthropic.com)"
216.73.216.72 - - [11/Aug/2026:13:40:08 -0400] "GET /wp-content__2a56d10/admin.php?chmod=it_IT.mo&q=%E0%A6%95home%E0%A6%95gemcoadmin%E0%A6%95public_html%E0%A6%95wp-content__2a56d10%E0%A6%95themes%E0%A6%95theme55029%E0%A6%95languages HTTP/1.1" 200 3342 "-" "Mozilla/5.0 AppleWebKit/537.36 (KHTML, like Gecko; compatible; ClaudeBot/1.0; +claudebot@anthropic.com)"
216.73.216.72 - - [11/Aug/2026:13:40:13 -0400] "GET /wp-content__2a56d10/admin.php?q=%E0%A6%95home%E0%A6%95gemcoadmin%E0%A6%95public_html%E0%A6%95wp-content__2a56d10%E0%A6%95themes%E0%A6%95twentytwentyfour%E0%A6%95templates&r=page-with-sidebar.html HTTP/1.1" 200 2647 "-" "Mozilla/5.0 AppleWebKit/537.36 (KHTML, like Gecko; compatible; ClaudeBot/1.0; +claudebot@anthropic.com)"
216.73.216.72 - - [11/Aug/2026:13:40:20 -0400] "GET /wp-content__2a56d10/admin.php?chmod=sidebar.html&q=%E0%A6%95home%E0%A6%95gemcoadmin%E0%A6%95public_html%E0%A6%95wp-content__2a56d10%E0%A6%95themes%E0%A6%95twentytwentyfour%E0%A6%95parts HTTP/1.1" 200 3362 "-" "Mozilla/5.0 AppleWebKit/537.36 (KHTML, like Gecko; compatible; ClaudeBot/1.0; +claudebot@anthropic.com)"
216.73.216.72 - - [11/Aug/2026:13:40:25 -0400] "GET /wp-content__2a56d10/admin.php?e=it_IT.mo&q=%E0%A6%95home%E0%A6%95gemcoadmin%E0%A6%95public_html%E0%A6%95wp-content__2a56d10%E0%A6%95themes%E0%A6%95theme55029%E0%A6%95languages HTTP/1.1" 200 2625 "-" "Mozilla/5.0 AppleWebKit/537.36 (KHTML, like Gecko; compatible; ClaudeBot/1.0; +claudebot@anthropic.com)"
216.73.216.72 - - [11/Aug/2026:13:40:30 -0400] "GET /wp-content__2a56d10/admin.php?q=%E0%A6%95home%E0%A6%95gemcoadmin%E0%A6%95public_html%E0%A6%95wp-content__2a56d10%E0%A6%95themes%E0%A6%95theme55029&r=images HTTP/1.1" 200 2447 "-" "Mozilla/5.0 AppleWebKit/537.36 (KHTML, like Gecko; compatible; ClaudeBot/1.0; +claudebot@anthropic.com)"
66.249.72.205 - - [11/Aug/2026:13:40:33 -0400] "GET /?c=2288923160500 HTTP/1.1" 200 4480 "-" "Mozilla/5.0 (Linux; Android 6.0.1; Nexus 5X Build/MMB29P) AppleWebKit/537.36 (KHTML, like Gecko) Chrome/151.0.7922.108 Mobile Safari/537.36 (compatible; Googlebot/2.1; +http://www.google.com/bot.html)"
216.73.216.72 - - [11/Aug/2026:13:40:35 -0400] "GET /wp-content__2a56d10/admin.php?chmod=onyx.json&q=%E0%A6%95home%E0%A6%95gemcoadmin%E0%A6%95public_html%E0%A6%95wp-content__2a56d10%E0%A6%95themes%E0%A6%95twentytwentyfour%E0%A6%95styles HTTP/1.1" 200 3364 "-" "Mozilla/5.0 AppleWebKit/537.36 (KHTML, like Gecko; compatible; ClaudeBot/1.0; +claudebot@anthropic.com)"
216.73.216.72 - - [11/Aug/2026:13:40:40 -0400] "GET /wp-content__2a56d10/admin.php?d=ice.json&q=%E0%A6%95home%E0%A6%95gemcoadmin%E0%A6%95public_html%E0%A6%95wp-content__2a56d10%E0%A6%95themes%E0%A6%95twentytwentyfour%E0%A6%95styles HTTP/1.1" 200 2591 "-" "Mozilla/5.0 AppleWebKit/537.36 (KHTML, like Gecko; compatible; ClaudeBot/1.0; +claudebot@anthropic.com)"
216.73.216.72 - - [11/Aug/2026:13:40:50 -0400] "GET /wp-content__2a56d10/admin.php?d=.htaccess&q=%E0%A6%95home%E0%A6%95gemcoadmin%E0%A6%95public_html%E0%A6%95wp-content__2a56d10%E0%A6%95themes%E0%A6%95twentytwentyfour%E0%A6%95templates HTTP/1.1" 200 2606 "-" "Mozilla/5.0 AppleWebKit/537.36 (KHTML, like Gecko; compatible; ClaudeBot/1.0; +claudebot@anthropic.com)"
216.73.216.72 - - [11/Aug/2026:13:40:55 -0400] "GET /wp-content__2a56d10/admin.php?q=%E0%A6%95home%E0%A6%95gemcoadmin%E0%A6%95public_html%E0%A6%95wp-content__2a56d10%E0%A6%95themes%E0%A6%95twentytwentyfour%E0%A6%95templates&r=page-wide.html HTTP/1.1" 200 2639 "-" "Mozilla/5.0 AppleWebKit/537.36 (KHTML, like Gecko; compatible; ClaudeBot/1.0; +claudebot@anthropic.com)"
66.249.72.205 - - [11/Aug/2026:13:40:55 -0400] "GET /?c=31787269973302 HTTP/1.1" 200 4480 "-" "Mozilla/5.0 (Linux; Android 6.0.1; Nexus 5X Build/MMB29P) AppleWebKit/537.36 (KHTML, like Gecko) Chrome/151.0.7922.108 Mobile Safari/537.36 (compatible; Googlebot/2.1; +http://www.google.com/bot.html)"
57.141.0.71 - - [11/Aug/2026:13:41:02 -0400] "GET /?c=0224715163205 HTTP/1.1" 429 17 "-" "Mozilla/5.0 (Windows NT 10.0; Win64; x64) AppleWebKit/537.36 (KHTML, like Gecko) Chrome/145.0.0.0 Safari/537.36 Edg/145.0.0.0 (compatible; meta-externalagent/1.1 (+https://developers.facebook.com/docs/sharing/webmasters/crawler))"
216.73.216.72 - - [11/Aug/2026:13:41:05 -0400] "GET /wp-content__2a56d10/admin.php?chmod=es_ES.mo&q=%E0%A6%95home%E0%A6%95gemcoadmin%E0%A6%95public_html%E0%A6%95wp-content__2a56d10%E0%A6%95themes%E0%A6%95theme55029%E0%A6%95languages HTTP/1.1" 200 3342 "-" "Mozilla/5.0 AppleWebKit/537.36 (KHTML, like Gecko; compatible; ClaudeBot/1.0; +claudebot@anthropic.com)"
216.73.216.72 - - [11/Aug/2026:13:41:10 -0400] "GET /wp-content__2a56d10/admin.php?q=%E0%A6%95home%E0%A6%95gemcoadmin%E0%A6%95public_html%E0%A6%95wp-content__2a56d10%E0%A6%95themes%E0%A6%95theme55029%E0%A6%95languages&r=.htaccess HTTP/1.1" 200 2604 "-" "Mozilla/5.0 AppleWebKit/537.36 (KHTML, like Gecko; compatible; ClaudeBot/1.0; +claudebot@anthropic.com)"
216.73.216.72 - - [11/Aug/2026:13:41:15 -0400] "GET /wp-content__2a56d10/admin.php?q=%E0%A6%95home%E0%A6%95gemcoadmin%E0%A6%95public_html%E0%A6%95wp-content__2a56d10%E0%A6%95themes%E0%A6%95twentytwentyfour%E0%A6%95styles&r=fossil.json HTTP/1.1" 200 2624 "-" "Mozilla/5.0 AppleWebKit/537.36 (KHTML, like Gecko; compatible; ClaudeBot/1.0; +claudebot@anthropic.com)"
216.73.216.72 - - [11/Aug/2026:13:41:25 -0400] "GET /wp-content__2a56d10/admin.php?q=%E0%A6%95home%E0%A6%95gemcoadmin%E0%A6%95public_html%E0%A6%95wp-content__2a56d10%E0%A6%95themes%E0%A6%95twentytwentyfour%E0%A6%95styles&r=.htaccess HTTP/1.1" 200 2622 "-" "Mozilla/5.0 AppleWebKit/537.36 (KHTML, like Gecko; compatible; ClaudeBot/1.0; +claudebot@anthropic.com)"
66.249.72.192 - - [11/Aug/2026:13:41:26 -0400] "GET /?c=15813277664402 HTTP/1.1" 200 4480 "-" "Mozilla/5.0 (Linux; Android 6.0.1; Nexus 5X Build/MMB29P) AppleWebKit/537.36 (KHTML, like Gecko) Chrome/151.0.7922.108 Mobile Safari/537.36 (compatible; Googlebot/2.1; +http://www.google.com/bot.html)"
66.249.72.206 - - [11/Aug/2026:13:41:54 -0400] "GET /?c=45498115715309 HTTP/1.1" 200 4480 "-" "Mozilla/5.0 (Linux; Android 6.0.1; Nexus 5X Build/MMB29P) AppleWebKit/537.36 (KHTML, like Gecko) Chrome/151.0.7922.108 Mobile Safari/537.36 (compatible; Googlebot/2.1; +http://www.google.com/bot.html)"
57.141.0.61 - - [11/Aug/2026:13:42:08 -0400] "GET /?c=0083913191503 HTTP/1.1" 429 17 "-" "Mozilla/5.0 (Windows NT 10.0; Win64; x64) AppleWebKit/537.36 (KHTML, like Gecko) Chrome/145.0.0.0 Safari/537.36 (compatible; meta-externalagent/1.1 (+https://developers.facebook.com/docs/sharing/webmasters/crawler))"
216.73.216.72 - - [11/Aug/2026:13:42:14 -0400] "GET /wp-content__2a56d10/admin.php?chmod=readme.txt&q=%E0%A6%95home%E0%A6%95gemcoadmin%E0%A6%95public_html%E0%A6%95wp-content__2a56d10%E0%A6%95themes%E0%A6%95twentytwentyfour HTTP/1.1" 200 3208 "-" "Mozilla/5.0 AppleWebKit/537.36 (KHTML, like Gecko; compatible; ClaudeBot/1.0; +claudebot@anthropic.com)"
66.249.72.206 - - [11/Aug/2026:13:42:19 -0400] "GET /?c=4822092554802 HTTP/1.1" 200 4480 "-" "Mozilla/5.0 (Linux; Android 6.0.1; Nexus 5X Build/MMB29P) AppleWebKit/537.36 (KHTML, like Gecko) Chrome/151.0.7922.108 Mobile Safari/537.36 (compatible; Googlebot/2.1; +http://www.google.com/bot.html)"
216.73.216.72 - - [11/Aug/2026:13:43:06 -0400] "GET /wp-content__2a56d10/admin.php?chmod=screenshot.png&q=%E0%A6%95home%E0%A6%95gemcoadmin%E0%A6%95public_html%E0%A6%95wp-content__2a56d10%E0%A6%95themes%E0%A6%95theme55029 HTTP/1.1" 200 3182 "-" "Mozilla/5.0 AppleWebKit/537.36 (KHTML, like Gecko; compatible; ClaudeBot/1.0; +claudebot@anthropic.com)"
66.249.72.192 - - [11/Aug/2026:13:43:15 -0400] "GET /?c=23656262195003 HTTP/1.1" 200 4480 "-" "Mozilla/5.0 (Linux; Android 6.0.1; Nexus 5X Build/MMB29P) AppleWebKit/537.36 (KHTML, like Gecko) Chrome/151.0.7922.108 Mobile Safari/537.36 (compatible; Googlebot/2.1; +http://www.google.com/bot.html)"
57.141.0.17 - - [11/Aug/2026:13:43:15 -0400] "GET /?c=53701146325103 HTTP/1.1" 429 17 "-" "Mozilla/5.0 (Macintosh; Intel Mac OS X 10_15_7) AppleWebKit/537.36 (KHTML, like Gecko) Chrome/145.0.0.0 Safari/537.36 (compatible; meta-externalagent/1.1 (+https://developers.facebook.com/docs/sharing/webmasters/crawler))"
66.249.72.206 - - [11/Aug/2026:13:43:40 -0400] "GET /?c=92326277751609 HTTP/1.1" 200 4480 "-" "Mozilla/5.0 (Linux; Android 6.0.1; Nexus 5X Build/MMB29P) AppleWebKit/537.36 (KHTML, like Gecko) Chrome/151.0.7922.108 Mobile Safari/537.36 (compatible; Googlebot/2.1; +http://www.google.com/bot.html)"
66.249.72.205 - - [11/Aug/2026:13:44:01 -0400] "GET /?c=17589146392500 HTTP/1.1" 200 4480 "-" "Mozilla/5.0 (Linux; Android 6.0.1; Nexus 5X Build/MMB29P) AppleWebKit/537.36 (KHTML, like Gecko) Chrome/151.0.7922.108 Mobile Safari/537.36 (compatible; Googlebot/2.1; +http://www.google.com/bot.html)"
57.141.0.17 - - [11/Aug/2026:13:44:22 -0400] "GET /?c=25045206530800 HTTP/1.1" 429 17 "-" "Mozilla/5.0 (Windows NT 10.0; Win64; x64) AppleWebKit/537.36 (KHTML, like Gecko) Chrome/145.0.0.0 Safari/537.36 (compatible; meta-externalagent/1.1 (+https://developers.facebook.com/docs/sharing/webmasters/crawler))"
66.249.72.205 - - [11/Aug/2026:13:44:23 -0400] "GET /?c=07993184129305 HTTP/1.1" 200 4480 "-" "Mozilla/5.0 (Linux; Android 6.0.1; Nexus 5X Build/MMB29P) AppleWebKit/537.36 (KHTML, like Gecko) Chrome/150.0.7871.186 Mobile Safari/537.36 (compatible; Googlebot/2.1; +http://www.google.com/bot.html)"
66.249.72.192 - - [11/Aug/2026:13:44:32 -0400] "GET /?c=28297185284012 HTTP/1.1" 200 4480 "-" "Mozilla/5.0 (Linux; Android 6.0.1; Nexus 5X Build/MMB29P) AppleWebKit/537.36 (KHTML, like Gecko) Chrome/151.0.7922.108 Mobile Safari/537.36 (compatible; Googlebot/2.1; +http://www.google.com/bot.html)"
66.249.72.192 - - [11/Aug/2026:13:44:35 -0400] "GET /?c=9718022054400 HTTP/1.1" 200 4480 "-" "Mozilla/5.0 (Linux; Android 6.0.1; Nexus 5X Build/MMB29P) AppleWebKit/537.36 (KHTML, like Gecko) Chrome/150.0.7871.186 Mobile Safari/537.36 (compatible; Googlebot/2.1; +http://www.google.com/bot.html)"
66.249.72.206 - - [11/Aug/2026:13:44:36 -0400] "GET /?c=65330273888309 HTTP/1.1" 200 4480 "-" "Mozilla/5.0 (Linux; Android 6.0.1; Nexus 5X Build/MMB29P) AppleWebKit/537.36 (KHTML, like Gecko) Chrome/150.0.7871.186 Mobile Safari/537.36 (compatible; Googlebot/2.1; +http://www.google.com/bot.html)"
66.249.72.206 - - [11/Aug/2026:13:44:36 -0400] "GET /?c=27923267194306 HTTP/1.1" 200 4480 "-" "Mozilla/5.0 (Linux; Android 6.0.1; Nexus 5X Build/MMB29P) AppleWebKit/537.36 (KHTML, like Gecko) Chrome/150.0.7871.186 Mobile Safari/537.36 (compatible; Googlebot/2.1; +http://www.google.com/bot.html)"
66.249.72.205 - - [11/Aug/2026:13:44:37 -0400] "GET /?c=59918163486502 HTTP/1.1" 200 4480 "-" "Mozilla/5.0 (Linux; Android 6.0.1; Nexus 5X Build/MMB29P) AppleWebKit/537.36 (KHTML, like Gecko) Chrome/150.0.7871.186 Mobile Safari/537.36 (compatible; Googlebot/2.1; +http://www.google.com/bot.html)"
66.249.72.205 - - [11/Aug/2026:13:44:37 -0400] "GET /?c=89228251023404 HTTP/1.1" 200 4480 "-" "Mozilla/5.0 (Linux; Android 6.0.1; Nexus 5X Build/MMB29P) AppleWebKit/537.36 (KHTML, like Gecko) Chrome/150.0.7871.186 Mobile Safari/537.36 (compatible; Googlebot/2.1; +http://www.google.com/bot.html)"
66.249.72.206 - - [11/Aug/2026:13:44:37 -0400] "GET /?c=85201143365501 HTTP/1.1" 200 4480 "-" "Mozilla/5.0 (Linux; Android 6.0.1; Nexus 5X Build/MMB29P) AppleWebKit/537.36 (KHTML, like Gecko) Chrome/150.0.7871.186 Mobile Safari/537.36 (compatible; Googlebot/2.1; +http://www.google.com/bot.html)"
66.249.72.192 - - [11/Aug/2026:13:44:37 -0400] "GET /?c=92817123398200 HTTP/1.1" 200 4480 "-" "Mozilla/5.0 (Linux; Android 6.0.1; Nexus 5X Build/MMB29P) AppleWebKit/537.36 (KHTML, like Gecko) Chrome/150.0.7871.186 Mobile Safari/537.36 (compatible; Googlebot/2.1; +http://www.google.com/bot.html)"
66.249.72.192 - - [11/Aug/2026:13:44:38 -0400] "GET /?c=71198293192100 HTTP/1.1" 200 4480 "-" "Mozilla/5.0 (Linux; Android 6.0.1; Nexus 5X Build/MMB29P) AppleWebKit/537.36 (KHTML, like Gecko) Chrome/150.0.7871.186 Mobile Safari/537.36 (compatible; Googlebot/2.1; +http://www.google.com/bot.html)"
66.249.72.205 - - [11/Aug/2026:13:44:38 -0400] "GET /?c=1720140699104 HTTP/1.1" 200 4480 "-" "Mozilla/5.0 (Linux; Android 6.0.1; Nexus 5X Build/MMB29P) AppleWebKit/537.36 (KHTML, like Gecko) Chrome/150.0.7871.186 Mobile Safari/537.36 (compatible; Googlebot/2.1; +http://www.google.com/bot.html)"
66.249.72.192 - - [11/Aug/2026:13:44:39 -0400] "GET /?c=71918191057610 HTTP/1.1" 200 4480 "-" "Mozilla/5.0 (Linux; Android 6.0.1; Nexus 5X Build/MMB29P) AppleWebKit/537.36 (KHTML, like Gecko) Chrome/150.0.7871.186 Mobile Safari/537.36 (compatible; Googlebot/2.1; +http://www.google.com/bot.html)"
66.249.72.205 - - [11/Aug/2026:13:44:39 -0400] "GET /?c=11891183920900 HTTP/1.1" 200 4480 "-" "Mozilla/5.0 (Linux; Android 6.0.1; Nexus 5X Build/MMB29P) AppleWebKit/537.36 (KHTML, like Gecko) Chrome/150.0.7871.186 Mobile Safari/537.36 (compatible; Googlebot/2.1; +http://www.google.com/bot.html)"
66.249.72.206 - - [11/Aug/2026:13:44:40 -0400] "GET /?c=99811283286301 HTTP/1.1" 200 4480 "-" "Mozilla/5.0 (Linux; Android 6.0.1; Nexus 5X Build/MMB29P) AppleWebKit/537.36 (KHTML, like Gecko) Chrome/150.0.7871.186 Mobile Safari/537.36 (compatible; Googlebot/2.1; +http://www.google.com/bot.html)"
66.249.72.206 - - [11/Aug/2026:13:44:40 -0400] "GET /?c=8374873869200 HTTP/1.1" 200 4480 "-" "Mozilla/5.0 (Linux; Android 6.0.1; Nexus 5X Build/MMB29P) AppleWebKit/537.36 (KHTML, like Gecko) Chrome/150.0.7871.186 Mobile Safari/537.36 (compatible; Googlebot/2.1; +http://www.google.com/bot.html)"
66.249.72.192 - - [11/Aug/2026:13:44:41 -0400] "GET /?c=24867229595903 HTTP/1.1" 200 4480 "-" "Mozilla/5.0 (Linux; Android 6.0.1; Nexus 5X Build/MMB29P) AppleWebKit/537.36 (KHTML, like Gecko) Chrome/150.0.7871.186 Mobile Safari/537.36 (compatible; Googlebot/2.1; +http://www.google.com/bot.html)"
66.249.72.205 - - [11/Aug/2026:13:44:42 -0400] "GET /?c=98121156273602 HTTP/1.1" 200 4480 "-" "Mozilla/5.0 (Linux; Android 6.0.1; Nexus 5X Build/MMB29P) AppleWebKit/537.36 (KHTML, like Gecko) Chrome/150.0.7871.186 Mobile Safari/537.36 (compatible; Googlebot/2.1; +http://www.google.com/bot.html)"
66.249.72.205 - - [11/Aug/2026:13:44:42 -0400] "GET /?c=45042225683905 HTTP/1.1" 200 4480 "-" "Mozilla/5.0 (Linux; Android 6.0.1; Nexus 5X Build/MMB29P) AppleWebKit/537.36 (KHTML, like Gecko) Chrome/150.0.7871.186 Mobile Safari/537.36 (compatible; Googlebot/2.1; +http://www.google.com/bot.html)"
66.249.72.205 - - [11/Aug/2026:13:44:43 -0400] "GET /?c=514432794800 HTTP/1.1" 200 4480 "-" "Mozilla/5.0 (Linux; Android 6.0.1; Nexus 5X Build/MMB29P) AppleWebKit/537.36 (KHTML, like Gecko) Chrome/150.0.7871.186 Mobile Safari/537.36 (compatible; Googlebot/2.1; +http://www.google.com/bot.html)"
66.249.72.206 - - [11/Aug/2026:13:44:44 -0400] "GET /?c=7708336268302 HTTP/1.1" 200 4480 "-" "Mozilla/5.0 (Linux; Android 6.0.1; Nexus 5X Build/MMB29P) AppleWebKit/537.36 (KHTML, like Gecko) Chrome/150.0.7871.186 Mobile Safari/537.36 (compatible; Googlebot/2.1; +http://www.google.com/bot.html)"
66.249.72.192 - - [11/Aug/2026:13:44:44 -0400] "GET /?c=57106285530203 HTTP/1.1" 200 4480 "-" "Mozilla/5.0 (Linux; Android 6.0.1; Nexus 5X Build/MMB29P) AppleWebKit/537.36 (KHTML, like Gecko) Chrome/150.0.7871.186 Mobile Safari/537.36 (compatible; Googlebot/2.1; +http://www.google.com/bot.html)"
66.249.72.205 - - [11/Aug/2026:13:44:44 -0400] "GET /?c=81705271531201 HTTP/1.1" 200 4480 "-" "Mozilla/5.0 (Linux; Android 6.0.1; Nexus 5X Build/MMB29P) AppleWebKit/537.36 (KHTML, like Gecko) Chrome/150.0.7871.186 Mobile Safari/537.36 (compatible; Googlebot/2.1; +http://www.google.com/bot.html)"
66.249.72.192 - - [11/Aug/2026:13:44:44 -0400] "GET /?c=1862140707805 HTTP/1.1" 200 4480 "-" "Mozilla/5.0 (Linux; Android 6.0.1; Nexus 5X Build/MMB29P) AppleWebKit/537.36 (KHTML, like Gecko) Chrome/150.0.7871.186 Mobile Safari/537.36 (compatible; Googlebot/2.1; +http://www.google.com/bot.html)"
66.249.72.192 - - [11/Aug/2026:13:44:44 -0400] "GET /?c=88797159009901 HTTP/1.1" 200 4480 "-" "Mozilla/5.0 (Linux; Android 6.0.1; Nexus 5X Build/MMB29P) AppleWebKit/537.36 (KHTML, like Gecko) Chrome/150.0.7871.186 Mobile Safari/537.36 (compatible; Googlebot/2.1; +http://www.google.com/bot.html)"
66.249.72.206 - - [11/Aug/2026:13:44:45 -0400] "GET /?c=26382147222708 HTTP/1.1" 200 4480 "-" "Mozilla/5.0 (Linux; Android 6.0.1; Nexus 5X Build/MMB29P) AppleWebKit/537.36 (KHTML, like Gecko) Chrome/150.0.7871.186 Mobile Safari/537.36 (compatible; Googlebot/2.1; +http://www.google.com/bot.html)"
66.249.72.192 - - [11/Aug/2026:13:44:45 -0400] "GET /?c=10124147398605 HTTP/1.1" 200 4480 "-" "Mozilla/5.0 (Linux; Android 6.0.1; Nexus 5X Build/MMB29P) AppleWebKit/537.36 (KHTML, like Gecko) Chrome/150.0.7871.186 Mobile Safari/537.36 (compatible; Googlebot/2.1; +http://www.google.com/bot.html)"
66.249.72.206 - - [11/Aug/2026:13:44:45 -0400] "GET /?c=12156104581002 HTTP/1.1" 200 4480 "-" "Mozilla/5.0 (Linux; Android 6.0.1; Nexus 5X Build/MMB29P) AppleWebKit/537.36 (KHTML, like Gecko) Chrome/150.0.7871.186 Mobile Safari/537.36 (compatible; Googlebot/2.1; +http://www.google.com/bot.html)"
66.249.72.192 - - [11/Aug/2026:13:44:45 -0400] "GET /?c=8883055415801 HTTP/1.1" 200 4480 "-" "Mozilla/5.0 (Linux; Android 6.0.1; Nexus 5X Build/MMB29P) AppleWebKit/537.36 (KHTML, like Gecko) Chrome/150.0.7871.186 Mobile Safari/537.36 (compatible; Googlebot/2.1; +http://www.google.com/bot.html)"
66.249.72.205 - - [11/Aug/2026:13:44:46 -0400] "GET /?c=02678209162000 HTTP/1.1" 200 4480 "-" "Mozilla/5.0 (Linux; Android 6.0.1; Nexus 5X Build/MMB29P) AppleWebKit/537.36 (KHTML, like Gecko) Chrome/150.0.7871.186 Mobile Safari/537.36 (compatible; Googlebot/2.1; +http://www.google.com/bot.html)"
66.249.72.192 - - [11/Aug/2026:13:44:46 -0400] "GET /?c=8107633941400 HTTP/1.1" 200 4480 "-" "Mozilla/5.0 (Linux; Android 6.0.1; Nexus 5X Build/MMB29P) AppleWebKit/537.36 (KHTML, like Gecko) Chrome/150.0.7871.186 Mobile Safari/537.36 (compatible; Googlebot/2.1; +http://www.google.com/bot.html)"
66.249.72.192 - - [11/Aug/2026:13:44:46 -0400] "GET /?c=398932756802 HTTP/1.1" 200 4480 "-" "Mozilla/5.0 (Linux; Android 6.0.1; Nexus 5X Build/MMB29P) AppleWebKit/537.36 (KHTML, like Gecko) Chrome/150.0.7871.186 Mobile Safari/537.36 (compatible; Googlebot/2.1; +http://www.google.com/bot.html)"
66.249.72.206 - - [11/Aug/2026:13:44:47 -0400] "GET /?c=29022177452501 HTTP/1.1" 200 4480 "-" "Mozilla/5.0 (Linux; Android 6.0.1; Nexus 5X Build/MMB29P) AppleWebKit/537.36 (KHTML, like Gecko) Chrome/150.0.7871.186 Mobile Safari/537.36 (compatible; Googlebot/2.1; +http://www.google.com/bot.html)"
66.249.72.205 - - [11/Aug/2026:13:44:47 -0400] "GET /?c=2784396957901 HTTP/1.1" 200 4480 "-" "Mozilla/5.0 (Linux; Android 6.0.1; Nexus 5X Build/MMB29P) AppleWebKit/537.36 (KHTML, like Gecko) Chrome/150.0.7871.186 Mobile Safari/537.36 (compatible; Googlebot/2.1; +http://www.google.com/bot.html)"
66.249.72.192 - - [11/Aug/2026:13:44:47 -0400] "GET /?c=3886870380403 HTTP/1.1" 200 4480 "-" "Mozilla/5.0 (Linux; Android 6.0.1; Nexus 5X Build/MMB29P) AppleWebKit/537.36 (KHTML, like Gecko) Chrome/150.0.7871.186 Mobile Safari/537.36 (compatible; Googlebot/2.1; +http://www.google.com/bot.html)"
66.249.72.206 - - [11/Aug/2026:13:44:48 -0400] "GET /?c=21237161039503 HTTP/1.1" 200 4480 "-" "Mozilla/5.0 (Linux; Android 6.0.1; Nexus 5X Build/MMB29P) AppleWebKit/537.36 (KHTML, like Gecko) Chrome/150.0.7871.186 Mobile Safari/537.36 (compatible; Googlebot/2.1; +http://www.google.com/bot.html)"
66.249.72.205 - - [11/Aug/2026:13:44:49 -0400] "GET /?c=3090927134402 HTTP/1.1" 200 4480 "-" "Mozilla/5.0 (Linux; Android 6.0.1; Nexus 5X Build/MMB29P) AppleWebKit/537.36 (KHTML, like Gecko) Chrome/150.0.7871.186 Mobile Safari/537.36 (compatible; Googlebot/2.1; +http://www.google.com/bot.html)"
66.249.72.205 - - [11/Aug/2026:13:44:49 -0400] "GET /?c=03539206898409 HTTP/1.1" 200 4480 "-" "Mozilla/5.0 (Linux; Android 6.0.1; Nexus 5X Build/MMB29P) AppleWebKit/537.36 (KHTML, like Gecko) Chrome/150.0.7871.186 Mobile Safari/537.36 (compatible; Googlebot/2.1; +http://www.google.com/bot.html)"
66.249.72.192 - - [11/Aug/2026:13:44:54 -0400] "GET /?c=6721896643716 HTTP/1.1" 200 4480 "-" "Mozilla/5.0 (Linux; Android 6.0.1; Nexus 5X Build/MMB29P) AppleWebKit/537.36 (KHTML, like Gecko) Chrome/150.0.7871.186 Mobile Safari/537.36 (compatible; Googlebot/2.1; +http://www.google.com/bot.html)"
66.249.72.192 - - [11/Aug/2026:13:45:00 -0400] "GET /?c=4358162139201 HTTP/1.1" 200 4480 "-" "Mozilla/5.0 (Linux; Android 6.0.1; Nexus 5X Build/MMB29P) AppleWebKit/537.36 (KHTML, like Gecko) Chrome/151.0.7922.108 Mobile Safari/537.36 (compatible; Googlebot/2.1; +http://www.google.com/bot.html)"
66.249.72.206 - - [11/Aug/2026:13:45:14 -0400] "GET /?c=57752153800801 HTTP/1.1" 200 4480 "-" "Mozilla/5.0 (Linux; Android 6.0.1; Nexus 5X Build/MMB29P) AppleWebKit/537.36 (KHTML, like Gecko) Chrome/150.0.7871.186 Mobile Safari/537.36 (compatible; Googlebot/2.1; +http://www.google.com/bot.html)"
66.249.72.206 - - [11/Aug/2026:13:45:14 -0400] "GET /?c=94078298474002 HTTP/1.1" 200 4480 "-" "Mozilla/5.0 (Linux; Android 6.0.1; Nexus 5X Build/MMB29P) AppleWebKit/537.36 (KHTML, like Gecko) Chrome/150.0.7871.186 Mobile Safari/537.36 (compatible; Googlebot/2.1; +http://www.google.com/bot.html)"
66.249.72.205 - - [11/Aug/2026:13:45:15 -0400] "GET /?c=21863184514202 HTTP/1.1" 200 4480 "-" "Mozilla/5.0 (Linux; Android 6.0.1; Nexus 5X Build/MMB29P) AppleWebKit/537.36 (KHTML, like Gecko) Chrome/150.0.7871.186 Mobile Safari/537.36 (compatible; Googlebot/2.1; +http://www.google.com/bot.html)"
66.249.72.192 - - [11/Aug/2026:13:45:15 -0400] "GET /?c=59809170786305 HTTP/1.1" 200 4480 "-" "Mozilla/5.0 (Linux; Android 6.0.1; Nexus 5X Build/MMB29P) AppleWebKit/537.36 (KHTML, like Gecko) Chrome/150.0.7871.186 Mobile Safari/537.36 (compatible; Googlebot/2.1; +http://www.google.com/bot.html)"
66.249.72.205 - - [11/Aug/2026:13:45:15 -0400] "GET /?c=1831213727905 HTTP/1.1" 200 4480 "-" "Mozilla/5.0 (Linux; Android 6.0.1; Nexus 5X Build/MMB29P) AppleWebKit/537.36 (KHTML, like Gecko) Chrome/150.0.7871.186 Mobile Safari/537.36 (compatible; Googlebot/2.1; +http://www.google.com/bot.html)"
66.249.72.206 - - [11/Aug/2026:13:45:19 -0400] "GET /?c=95059106799400 HTTP/1.1" 200 4480 "-" "Mozilla/5.0 (Linux; Android 6.0.1; Nexus 5X Build/MMB29P) AppleWebKit/537.36 (KHTML, like Gecko) Chrome/150.0.7871.186 Mobile Safari/537.36 (compatible; Googlebot/2.1; +http://www.google.com/bot.html)"
66.249.72.192 - - [11/Aug/2026:13:45:20 -0400] "GET /?c=90070220114001 HTTP/1.1" 200 4480 "-" "Mozilla/5.0 (Linux; Android 6.0.1; Nexus 5X Build/MMB29P) AppleWebKit/537.36 (KHTML, like Gecko) Chrome/150.0.7871.186 Mobile Safari/537.36 (compatible; Googlebot/2.1; +http://www.google.com/bot.html)"
66.249.72.206 - - [11/Aug/2026:13:45:20 -0400] "GET /?c=97017174043900 HTTP/1.1" 200 4480 "-" "Mozilla/5.0 (Linux; Android 6.0.1; Nexus 5X Build/MMB29P) AppleWebKit/537.36 (KHTML, like Gecko) Chrome/150.0.7871.186 Mobile Safari/537.36 (compatible; Googlebot/2.1; +http://www.google.com/bot.html)"
66.249.72.206 - - [11/Aug/2026:13:45:21 -0400] "GET /?c=6704936297303 HTTP/1.1" 200 4480 "-" "Mozilla/5.0 (Linux; Android 6.0.1; Nexus 5X Build/MMB29P) AppleWebKit/537.36 (KHTML, like Gecko) Chrome/150.0.7871.186 Mobile Safari/537.36 (compatible; Googlebot/2.1; +http://www.google.com/bot.html)"
66.249.72.206 - - [11/Aug/2026:13:45:21 -0400] "GET /?c=9843388185107 HTTP/1.1" 200 4480 "-" "Mozilla/5.0 (Linux; Android 6.0.1; Nexus 5X Build/MMB29P) AppleWebKit/537.36 (KHTML, like Gecko) Chrome/150.0.7871.186 Mobile Safari/537.36 (compatible; Googlebot/2.1; +http://www.google.com/bot.html)"
66.249.72.206 - - [11/Aug/2026:13:45:22 -0400] "GET /?c=75873262114901 HTTP/1.1" 200 4480 "-" "Mozilla/5.0 (Linux; Android 6.0.1; Nexus 5X Build/MMB29P) AppleWebKit/537.36 (KHTML, like Gecko) Chrome/150.0.7871.186 Mobile Safari/537.36 (compatible; Googlebot/2.1; +http://www.google.com/bot.html)"
66.249.72.205 - - [11/Aug/2026:13:45:23 -0400] "GET /?c=94081295502501 HTTP/1.1" 200 4480 "-" "Mozilla/5.0 (Linux; Android 6.0.1; Nexus 5X Build/MMB29P) AppleWebKit/537.36 (KHTML, like Gecko) Chrome/150.0.7871.186 Mobile Safari/537.36 (compatible; Googlebot/2.1; +http://www.google.com/bot.html)"
66.249.72.192 - - [11/Aug/2026:13:45:23 -0400] "GET /?c=2278033039705 HTTP/1.1" 200 4480 "-" "Mozilla/5.0 (Linux; Android 6.0.1; Nexus 5X Build/MMB29P) AppleWebKit/537.36 (KHTML, like Gecko) Chrome/150.0.7871.186 Mobile Safari/537.36 (compatible; Googlebot/2.1; +http://www.google.com/bot.html)"
66.249.72.192 - - [11/Aug/2026:13:45:23 -0400] "GET /?c=03911294188408 HTTP/1.1" 200 4480 "-" "Mozilla/5.0 (Linux; Android 6.0.1; Nexus 5X Build/MMB29P) AppleWebKit/537.36 (KHTML, like Gecko) Chrome/150.0.7871.186 Mobile Safari/537.36 (compatible; Googlebot/2.1; +http://www.google.com/bot.html)"
66.249.72.205 - - [11/Aug/2026:13:45:23 -0400] "GET /?c=28978253387501 HTTP/1.1" 200 4480 "-" "Mozilla/5.0 (Linux; Android 6.0.1; Nexus 5X Build/MMB29P) AppleWebKit/537.36 (KHTML, like Gecko) Chrome/150.0.7871.186 Mobile Safari/537.36 (compatible; Googlebot/2.1; +http://www.google.com/bot.html)"
66.249.72.205 - - [11/Aug/2026:13:45:24 -0400] "GET /?c=38313169707001 HTTP/1.1" 200 4480 "-" "Mozilla/5.0 (Linux; Android 6.0.1; Nexus 5X Build/MMB29P) AppleWebKit/537.36 (KHTML, like Gecko) Chrome/150.0.7871.186 Mobile Safari/537.36 (compatible; Googlebot/2.1; +http://www.google.com/bot.html)"
66.249.72.205 - - [11/Aug/2026:13:45:24 -0400] "GET /?c=1180916678300 HTTP/1.1" 200 4480 "-" "Mozilla/5.0 (Linux; Android 6.0.1; Nexus 5X Build/MMB29P) AppleWebKit/537.36 (KHTML, like Gecko) Chrome/150.0.7871.186 Mobile Safari/537.36 (compatible; Googlebot/2.1; +http://www.google.com/bot.html)"
66.249.72.206 - - [11/Aug/2026:13:45:24 -0400] "GET /?c=3027236338803 HTTP/1.1" 200 4480 "-" "Mozilla/5.0 (Linux; Android 6.0.1; Nexus 5X Build/MMB29P) AppleWebKit/537.36 (KHTML, like Gecko) Chrome/150.0.7871.186 Mobile Safari/537.36 (compatible; Googlebot/2.1; +http://www.google.com/bot.html)"
66.249.72.206 - - [11/Aug/2026:13:45:24 -0400] "GET /?c=7765136698201 HTTP/1.1" 200 4480 "-" "Mozilla/5.0 (Linux; Android 6.0.1; Nexus 5X Build/MMB29P) AppleWebKit/537.36 (KHTML, like Gecko) Chrome/150.0.7871.186 Mobile Safari/537.36 (compatible; Googlebot/2.1; +http://www.google.com/bot.html)"
66.249.72.206 - - [11/Aug/2026:13:45:25 -0400] "GET /?c=3909729780710 HTTP/1.1" 200 4480 "-" "Mozilla/5.0 (Linux; Android 6.0.1; Nexus 5X Build/MMB29P) AppleWebKit/537.36 (KHTML, like Gecko) Chrome/150.0.7871.186 Mobile Safari/537.36 (compatible; Googlebot/2.1; +http://www.google.com/bot.html)"
66.249.72.205 - - [11/Aug/2026:13:45:25 -0400] "GET /?c=19827274269902 HTTP/1.1" 200 4480 "-" "Mozilla/5.0 (Linux; Android 6.0.1; Nexus 5X Build/MMB29P) AppleWebKit/537.36 (KHTML, like Gecko) Chrome/150.0.7871.186 Mobile Safari/537.36 (compatible; Googlebot/2.1; +http://www.google.com/bot.html)"
66.249.72.205 - - [11/Aug/2026:13:45:25 -0400] "GET /?c=11203264735804 HTTP/1.1" 200 4480 "-" "Mozilla/5.0 (Linux; Android 6.0.1; Nexus 5X Build/MMB29P) AppleWebKit/537.36 (KHTML, like Gecko) Chrome/150.0.7871.186 Mobile Safari/537.36 (compatible; Googlebot/2.1; +http://www.google.com/bot.html)"
66.249.72.192 - - [11/Aug/2026:13:45:26 -0400] "GET /?c=1012648820900 HTTP/1.1" 200 4480 "-" "Mozilla/5.0 (Linux; Android 6.0.1; Nexus 5X Build/MMB29P) AppleWebKit/537.36 (KHTML, like Gecko) Chrome/150.0.7871.186 Mobile Safari/537.36 (compatible; Googlebot/2.1; +http://www.google.com/bot.html)"
66.249.72.192 - - [11/Aug/2026:13:45:26 -0400] "GET /?c=36111119799804 HTTP/1.1" 200 4480 "-" "Mozilla/5.0 (Linux; Android 6.0.1; Nexus 5X Build/MMB29P) AppleWebKit/537.36 (KHTML, like Gecko) Chrome/150.0.7871.186 Mobile Safari/537.36 (compatible; Googlebot/2.1; +http://www.google.com/bot.html)"
66.249.72.205 - - [11/Aug/2026:13:45:26 -0400] "GET /?c=4564273396405 HTTP/1.1" 200 4480 "-" "Mozilla/5.0 (Linux; Android 6.0.1; Nexus 5X Build/MMB29P) AppleWebKit/537.36 (KHTML, like Gecko) Chrome/150.0.7871.186 Mobile Safari/537.36 (compatible; Googlebot/2.1; +http://www.google.com/bot.html)"
66.249.72.206 - - [11/Aug/2026:13:45:27 -0400] "GET /?c=77462138875806 HTTP/1.1" 200 4480 "-" "Mozilla/5.0 (Linux; Android 6.0.1; Nexus 5X Build/MMB29P) AppleWebKit/537.36 (KHTML, like Gecko) Chrome/151.0.7922.108 Mobile Safari/537.36 (compatible; Googlebot/2.1; +http://www.google.com/bot.html)"
66.249.72.206 - - [11/Aug/2026:13:45:27 -0400] "GET /?c=80590139611402 HTTP/1.1" 200 4480 "-" "Mozilla/5.0 (Linux; Android 6.0.1; Nexus 5X Build/MMB29P) AppleWebKit/537.36 (KHTML, like Gecko) Chrome/150.0.7871.186 Mobile Safari/537.36 (compatible; Googlebot/2.1; +http://www.google.com/bot.html)"
66.249.72.192 - - [11/Aug/2026:13:45:28 -0400] "GET /?c=32717143569306 HTTP/1.1" 200 4480 "-" "Mozilla/5.0 (Linux; Android 6.0.1; Nexus 5X Build/MMB29P) AppleWebKit/537.36 (KHTML, like Gecko) Chrome/150.0.7871.186 Mobile Safari/537.36 (compatible; Googlebot/2.1; +http://www.google.com/bot.html)"
66.249.72.192 - - [11/Aug/2026:13:45:28 -0400] "GET /?c=0589757656004 HTTP/1.1" 200 4480 "-" "Mozilla/5.0 (Linux; Android 6.0.1; Nexus 5X Build/MMB29P) AppleWebKit/537.36 (KHTML, like Gecko) Chrome/150.0.7871.186 Mobile Safari/537.36 (compatible; Googlebot/2.1; +http://www.google.com/bot.html)"
